000
CXUS53 KILX 011731
CLMILX
CLIMATE REPORT
NATIONAL WEATHER SERVICE LINCOLN IL
1131 AM CST FRI DEC 01 2023
...................................
...THE LINCOLN IL CLIMATE SUMMARY FOR THE MONTH OF NOVEMBER 2023...
CLIMATE NORMAL PERIOD 1991 TO 2020
CLIMATE RECORD PERIOD 1905 TO 2023
WEATHER OBSERVED NORMAL DEPART LAST YEAR`S
VALUE DATE(S) VALUE FROM VALUE
NORMAL
..............................................................
TEMPERATURE (F)
RECORD
HIGH 83 11/01/1950
LOW -3 11/30/1964
11/28/1930
HIGHEST 77 11/08 MM MM 78
LOWEST 12 11/28 MM MM 14
AVG. MAXIMUM 54.2 51.4 2.8 53.3
AVG. MINIMUM 30.4 32.0 -1.6 30.8
MEAN 42.3 41.7 0.6 42.0
DAYS MAX >= 90 0 0.0 0.0 0
DAYS MAX <= 32 1 1.4 -0.4 3
DAYS MIN <= 32 19 16.7 2.3 17
DAYS MIN <= 0 0 0.0 0.0 0
PRECIPITATION (INCHES)
RECORD
MAXIMUM 7.55 1992
MINIMUM 0.02 1933
TOTALS 1.15 2.88 -1.73 2.14
DAILY AVG. 0.04 0.10 -0.06 0.07
DAYS >= .01 4 9.5 -5.5 7
DAYS >= .10 4 5.6 -1.6 2
DAYS >= .50 0 2.0 -2.0 2
DAYS >= 1.00 0 0.6 -0.6 1
GREATEST
24 HR. TOTAL 0.42 11/20 TO 11/20 1.39
SNOWFALL (INCHES)
RECORDS
TOTAL 10.0 1926
TOTALS 1.8 0.6 1.2 0.8
SINCE 7/1 1.8 0.7 1.1 MM
DAYS >= 1.0 1 0.3 0.7 0
GREATEST
SNOW DEPTH 1 11/26 MM
24 HR TOTAL 1.8 11/26 TO 11/26 0.6
DEGREE DAYS
HEATING TOTAL 671 700 -29 683
SINCE 7/1 1020 1145 -125 MM
COOLING TOTAL 0 1 -1 3
SINCE 1/1 897 1014 -117 MM
..............................................................
WIND (MPH)
AVERAGE WIND SPEED MM
HIGHEST WIND SPEED/DIRECTION MM DATE MM
HIGHEST GUST SPEED/DIRECTION MM DATE MM
AVERAGE RH (PERCENT) MM
WEATHER CONDITIONS. NUMBER OF DAYS WITH
THUNDERSTORM 0 MIXED PRECIP 0
HEAVY RAIN 0 RAIN 3
LIGHT RAIN 5 FREEZING RAIN 0
LT FREEZING RAIN 0 HAIL 0
HEAVY SNOW 0 SNOW 0
LIGHT SNOW 1 SLEET 0
FOG 4 FOG W/VIS <= 1/4 MILE 0
HAZE 0
- INDICATES NEGATIVE NUMBERS.
R INDICATES RECORD WAS SET OR TIED.
MM INDICATES DATA IS MISSING.
T INDICATES TRACE AMOUNT.
$$