000
CXUS55 KLBF 011410
CF6IML
PRELIMINARY LOCAL CLIMATOLOGICAL DATA (WS FORM: F-6)
STATION: IMPERIAL
MONTH: OCTOBER
YEAR: 2022
LATITUDE: 40 31 N
LONGITUDE: 101 37 W
TEMPERATURE IN F: :PCPN: SNOW: WIND :SUNSHINE: SKY :PK WND
================================================================================
1 2 3 4 5 6A 6B 7 8 9 10 11 12 13 14 15 16 17 18
12Z AVG MX 2MIN
DY MAX MIN AVG DEP HDD CDD WTR SNW DPTH SPD SPD DIR MIN PSBL S-S WX SPD DR
================================================================================
1 85 49 67 9 0 2 T M M 7.8 24 270 M M 1 40 260
2 88 53 71 13 0 6 T M M 15.0 33 190 M M 3 45 200
3 72 51 62 4 3 0 0.04 M M 8.3 21 170 M M 3 27 170
4 74 48 61 4 4 0 T M M 7.6 20 350 M M 3 23 360
5 75 45 60 4 5 0 0.00 M M 7.3 15 350 M M 1 23 340
6 75 39 57 1 8 0 0.00 M M 10.4 21 50 M M 0 31 50
7 50 36 43 -13 22 0 0.01 M M 6.7 16 30 M M 9 3 20 40
8 69 34 52 -3 13 0 0.00 M M 3.9 10 20 M M 1 17 330
9 78 33 56 2 9 0 0.00 M M 4.7 13 250 M M 0 19 260
10 81 37 59 5 6 0 0.00 M M 8.7 22 180 M M 0 29 160
11 86 43 65 11 0 0 0.00 M M 14.0 31 330 M M 0 46 270
12 68 39 54 1 11 0 0.00 M M 14.8 30 340 M M 1 45 350
13 65 44 55 2 10 0 0.00 M M 17.5 35 320 M M 0 52 320
14 78 41 60 8 5 0 0.00 M M 13.6 35 330 M M 0 50 330
15 73 39 56 4 9 0 0.00 M M 10.0 22 360 M M 1 34 360
16 63 33 48 -3 17 0 0.00 M M 11.9 25 340 M M 1 36 340
17 63 26 45 -6 20 0 0.00 M M 5.1 16 360 M M 1 21 350
18 61 30 46 -4 19 0 0.00 M M 6.0 12 120 M M 3 15 150
19 78 30 54 4 11 0 0.00 M M 9.9 21 350 M M 0 32 360
20 81 39 60 11 5 0 0.00 M M 9.3 16 290 M M 0 23 250
21 80 46 63 14 2 0 0.00 M M 10.1 18 330 M M 0 24 340
22 85 35 60 12 5 0 0.00 M M 6.4 20 140 M M 0 34 130
23 83 35 59 11 6 0 T M M 15.9 33 210 M M 2 8 62 250
24 53 29 41 -7 24 0 0.00 M M 14.4 33 330 M M 0 48 320
25 63 29 46 -1 19 0 0.00 M M 10.5 22 330 M M 3 34 340
26 64 36 50 3 15 0 0.01 M M 12.4 31 160 M M 7 45 140
27 55 32 44 -2 21 0 0.00 M M 8.4 17 40 M M 2 22 20
28 63 26 45 -1 20 0 0.00 M M 5.7 15 190 M M 0 22 180
29 68 26 47 1 18 0 0.00 M M 7.1 16 290 M M 0 21 290
30 65 31 48 3 17 0 0.00 M M 6.5 14 350 M M 0 20 10
31 72 25 49 4 16 0 0.00 M M 7.3 18 310 M M 0 22 320
================================================================================
SM 2214 1139 340 8 0.06 M 297.2 M 42
================================================================================
AV 71.4 36.7 9.6 FASTST M M 1 MAX(MPH)
MISC ----> # 35 320 62 250
================================================================================
NOTES:
# LAST OF SEVERAL OCCURRENCES
COLUMN 17 PEAK WIND IN M.P.H.
PRELIMINARY LOCAL CLIMATOLOGICAL DATA (WS FORM: F-6) , PAGE 2
STATION: IMPERIAL
MONTH: OCTOBER
YEAR: 2022
LATITUDE: 40 31 N
LONGITUDE: 101 37 W
[TEMPERATURE DATA] [PRECIPITATION DATA] SYMBOLS USED IN COLUMN 16
AVERAGE MONTHLY: 54.1 TOTAL FOR MONTH: 0.06 1 = FOG OR MIST
DPTR FM NORMAL: 2.8 DPTR FM NORMAL: -1.31 2 = FOG REDUCING VISIBILITY
HIGHEST: 88 ON 2 GRTST 24HR 0.04 ON 2- 3 TO 1/4 MILE OR LESS
LOWEST: 25 ON 31 3 = THUNDER
SNOW, ICE PELLETS, HAIL 4 = ICE PELLETS
TOTAL MONTH: M 5 = HAIL
GRTST 24HR M ON M 6 = FREEZING RAIN OR DRIZZLE
GRTST DEPTH: M ON M 7 = DUSTSTORM OR SANDSTORM:
VSBY 1/2 MILE OR LESS
8 = SMOKE OR HAZE
[NO. OF DAYS WITH] [WEATHER - DAYS WITH] 9 = BLOWING SNOW
X = TORNADO
MAX 32 OR BELOW: 0 0.01 INCH OR MORE: 3
MAX 90 OR ABOVE: 0 0.10 INCH OR MORE: 0
MIN 32 OR BELOW: 10 0.50 INCH OR MORE: 0
MIN 0 OR BELOW: 0 1.00 INCH OR MORE: 0
[HDD (BASE 65) ]
TOTAL THIS MO. 340 CLEAR (SCALE 0-3) 27
DPTR FM NORMAL -92 PTCLDY (SCALE 4-7) 3
TOTAL FM JUL 1 391 CLOUDY (SCALE 8-10) 1
DPTR FM NORMAL -148
[CDD (BASE 65) ]
TOTAL THIS MO. 8
DPTR FM NORMAL 1 [PRESSURE DATA]
TOTAL FM JAN 1 1375 HIGHEST SLP 30.62 ON 7
DPTR FM NORMAL 360 LOWEST SLP 29.10 ON 23
[REMARKS]
#FINAL-10-22#