000
CXUS53 KDLH 010956
CLMINL
CLIMATE REPORT
NATIONAL WEATHER SERVICE DULUTH MN
456 AM CDT SAT APR 01 2023
...................................
...THE INTERNATIONAL FALLS CLIMATE SUMMARY FOR THE MONTH OF MARCH 2023...
CLIMATE NORMAL PERIOD: 1991 TO 2020
CLIMATE RECORD PERIOD: 1895 TO 2023
WEATHER OBSERVED NORMAL DEPART LAST YEAR`S
VALUE DATE(S) VALUE FROM VALUE DATE(S)
NORMAL
................................................................
TEMPERATURE (F)
RECORD
HIGH 79 03/18/2012
LOW -38 03/01/1962
HIGHEST 44 03/03 MM MM 57 03/16
LOWEST -15 03/02 MM MM -22 03/12
AVG. MAXIMUM 31.5 35.4 -3.9 32.2
AVG. MINIMUM 6.8 11.8 -5.0 8.6
MEAN 19.2 23.6 -4.4 20.4
DAYS MAX >= 90 0 0.0 0.0 0
DAYS MAX <= 32 17 12.0 5.0 15
DAYS MIN <= 32 31 29.0 2.0 29
DAYS MIN <= 0 7 7.0 0.0 13
PRECIPITATION (INCHES)
RECORD
MAXIMUM 3.80 2009
MINIMUM T 1918
TOTALS 1.32 1.02 0.30 1.22
DAILY AVG. 0.04 0.03 0.01 0.04
DAYS >= .01 8 8.3 -0.3 7
DAYS >= .10 6 2.7 3.3 2
DAYS >= .50 0 0.4 -0.4 1
DAYS >= 1.00 0 0.1 -0.1 1
GREATEST
24 HR. TOTAL 2.88 03/16 TO 03/17
SNOWFALL (INCHES)
RECORDS
TOTAL 31.5 1951
TOTALS 17.3 7.9 9.4 15.2
SINCE 7/1 69.2 65.8 3.4 MM
SNOWDEPTH AVG. 21 21
DAYS >= 1.0 7 2.8 4.2 2
GREATEST
SNOW DEPTH 26 03/22 25 03/01
03/23
24 HR TOTAL MM
DEGREE DAYS
HEATING TOTAL 1415 1284 131 1375
SINCE 7/1 7277 8775 -1498 MM
COOLING TOTAL 0 0 0 0
SINCE 1/1 0 0 0 MM
................................................................
WIND (MPH)
AVERAGE WIND SPEED 7.7
HIGHEST WIND SPEED/DIRECTION 22/360 DATE 03/17
HIGHEST GUST SPEED/DIRECTION 33/350 DATE 03/17
SKY COVER
POSSIBLE SUNSHINE (PERCENT) MM
AVERAGE SKY COVER 0.39
NUMBER OF DAYS FAIR 20
NUMBER OF DAYS PC 3
NUMBER OF DAYS CLOUDY 8
AVERAGE RH (PERCENT) 62
WEATHER CONDITIONS. NUMBER OF DAYS WITH
THUNDERSTORM 0 MIXED PRECIP 0
HEAVY RAIN 0 RAIN 0
LIGHT RAIN 0 FREEZING RAIN 0
LT FREEZING RAIN 0 HAIL 0
HEAVY SNOW 1 SNOW 5
LIGHT SNOW 10 SLEET 0
FOG 9 FOG W/VIS <= 1/4 MILE 4
HAZE 6
- INDICATES NEGATIVE NUMBERS.
R INDICATES RECORD WAS SET OR TIED.
MM INDICATES DATA IS MISSING.
T INDICATES TRACE AMOUNT.
$$