000
CXUS56 KFGZ 010910
CF6INW
PRELIMINARY LOCAL CLIMATOLOGICAL DATA (WS FORM: F-6)
STATION: WINSLOW AZ AIRPORT
MONTH: FEBRUARY
YEAR: 2023
LATITUDE: 35 1 N
LONGITUDE: 110 44 W
TEMPERATURE IN F: :PCPN: SNOW: WIND :SUNSHINE: SKY :PK WND
================================================================================
1 2 3 4 5 6A 6B 7 8 9 10 11 12 13 14 15 16 17 18
12Z AVG MX 2MIN
DY MAX MIN AVG DEP HDD CDD WTR SNW DPTH SPD SPD DIR MIN PSBL S-S WX SPD DR
================================================================================
1 43 13 28 -10 37 0 0.00 M M 8.0 15 330 M M 0 20 360
2 49 16 33 -5 32 0 0.00 M M 4.1 9 230 M M 0 13 320
3 54 15 35 -4 30 0 0.00 M M 3.2 14 320 M M 0 17 330
4 62 22 42 3 23 0 0.00 M M 3.2 10 250 M M 0 12 260
5 68 24 46 7 19 0 0.00 M M 14.0 31 240 M M 0 39 250
6 50 23 37 -2 28 0 0.00 M M 10.4 23 330 M M 1 30 330
7 50 23 37 -2 28 0 0.00 M M 7.4 15 330 M M 0 18 350
8 55 18 37 -3 28 0 0.00 M M 4.7 16 270 M M 0 17 270
9 45 19 32 -8 33 0 0.00 M M 8.3 21 20 M M 0 33 350
10 49 10 30 -10 35 0 0.00 M M 3.9 9 70 M M 0 13 70
11 55 18 37 -3 28 0 0.00 M M 4.6 13 10 M M 1 15 10
12 58 16 37 -3 28 0 0.00 M M 5.2 13 270 M M 0 16 10
13 51 23 37 -4 28 0 0.01 M M 8.4 35 220 M M 4 1 41 220
14 50 26 38 -3 27 0 0.17 M M 21.7 52 220 M M 5 128 63 220
15 34 17 26 -15 39 0 T M M 13.0 26 240 M M 6 34 230
16 33 9 21 -20 44 0 0.00 M M 4.0 10 270 M M 0 12 50
17 35 9 22 -20 43 0 0.00 M M 4.3 12 320 M M 0 16 320
18 54 24 39 -3 26 0 0.00 M M 2.6 9 170 M M 1 11 170
19 61 29 45 3 20 0 0.00 M M 6.7 16 230 M M 3 19 230
20 64 29 47 5 18 0 0.00 M M 5.9 16 240 M M 1 20 250
21 60 27 44 2 21 0 0.00 M M 13.0 33 220 M M 3 42 210
22 47 26 37 -6 28 0 0.00 M M 15.0 44 250 M M 4 1 54 220
23 44 25 35 -8 30 0 0.00 M M 15.7 37 220 M M 2 46 210
24 57 28 43 0 22 0 0.00 M M 7.4 22 210 M M 0 27 210
25 67 28 48 4 17 0 0.00 M M 12.2 33 180 M M 0 39 180
26 45 29 37 -7 28 0 0.08 M M 17.3 35 240 M M 3 1 44 240
27 55 21 38 -6 27 0 0.00 M M 7.8 25 250 M M 0 30 240
28 54 30 42 -2 23 0 0.00 M M 14.8 36 220 M M 2 43 220
================================================================================
SM 1449 597 790 0 0.26 M 246.8 M 36
================================================================================
AV 51.8 21.3 8.8 FASTST M M 1 MAX(MPH)
MISC ----> 52 220 63 220
================================================================================
NOTES:
# LAST OF SEVERAL OCCURRENCES
COLUMN 17 PEAK WIND IN M.P.H.
PRELIMINARY LOCAL CLIMATOLOGICAL DATA (WS FORM: F-6) , PAGE 2
STATION: WINSLOW AZ AIRPORT
MONTH: FEBRUARY
YEAR: 2023
LATITUDE: 35 1 N
LONGITUDE: 110 44 W
[TEMPERATURE DATA] [PRECIPITATION DATA] SYMBOLS USED IN COLUMN 16
AVERAGE MONTHLY: 36.5 TOTAL FOR MONTH: 0.26 1 = FOG OR MIST
DPTR FM NORMAL: -4.5 DPTR FM NORMAL: -0.16 2 = FOG REDUCING VISIBILITY
HIGHEST: 68 ON 5 GRTST 24HR 0.17 ON 14-14 TO 1/4 MILE OR LESS
LOWEST: 9 ON 17,16 3 = THUNDER
SNOW, ICE PELLETS, HAIL 4 = ICE PELLETS
TOTAL MONTH: M 5 = HAIL
GRTST 24HR M ON M 6 = FREEZING RAIN OR DRIZZLE
GRTST DEPTH: M ON M 7 = DUSTSTORM OR SANDSTORM:
VSBY 1/2 MILE OR LESS
8 = SMOKE OR HAZE
[NO. OF DAYS WITH] [WEATHER - DAYS WITH] 9 = BLOWING SNOW
X = TORNADO
MAX 32 OR BELOW: 0 0.01 INCH OR MORE: 3
MAX 90 OR ABOVE: 0 0.10 INCH OR MORE: 1
MIN 32 OR BELOW: 28 0.50 INCH OR MORE: 0
MIN 0 OR BELOW: 0 1.00 INCH OR MORE: 0
[HDD (BASE 65) ]
TOTAL THIS MO. 790 CLEAR (SCALE 0-3) 23
DPTR FM NORMAL 119 PTCLDY (SCALE 4-7) 5
TOTAL FM JUL 1 3467 CLOUDY (SCALE 8-10) 0
DPTR FM NORMAL 79
[CDD (BASE 65) ]
TOTAL THIS MO. 0
DPTR FM NORMAL 0 [PRESSURE DATA]
TOTAL FM JAN 1 0 HIGHEST SLP M ON M
DPTR FM NORMAL 0 LOWEST SLP 29.16 ON 22
[REMARKS]
#FINAL-02-23#