000
CXUS56 KFGZ 010900
CF6INW
PRELIMINARY LOCAL CLIMATOLOGICAL DATA (WS FORM: F-6)
STATION: WINSLOW AZ AIRPORT
MONTH: JUNE
YEAR: 2020
LATITUDE: 35 1 N
LONGITUDE: 110 44 W
TEMPERATURE IN F: :PCPN: SNOW: WIND :SUNSHINE: SKY :PK WND
================================================================================
1 2 3 4 5 6A 6B 7 8 9 10 11 12 13 14 15 16 17 18
12Z AVG MX 2MIN
DY MAX MIN AVG DEP HDD CDD WTR SNW DPTH SPD SPD DIR MIN PSBL S-S WX SPD DR
================================================================================
1 92 63 78 10 0 13 T M M 6.1 28 90 M M 3 3 33 90
2 95 55 75 7 0 10 0.00 M M 6.4 18 170 M M 0 22 170
3 98 61 80 11 0 15 0.00 M M 7.2 22 260 M M 0 3 31 270
4 101 54 78 9 0 13 0.00 M M 6.7 24 190 M M 0 34 210
5 97 63 80 11 0 15 T M M 14.4 38 180 M M 0 48 180
6 86 56 71 1 0 6 T M M 17.9 37 150 M M 1 45 140
7 85 49 67 -3 0 2 0.00 M M 15.5 32 220 M M 0 39 220
8 78 40 59 -11 6 0 0.00 M M 15.5 38 300 M M 0 53 250
9 78 36 57 -14 8 0 0.00 M M 7.5 17 360 M M 0 24 350
10 89 37 63 -8 2 0 0.00 M M 4.1 13 300 M M 0 19 70
11 98 43 71 0 0 6 0.00 M M M M M M M 0 8 M M
12 97 53 75 3 0 10 0.00 M M 12.6 31 230 M M 0 45 210
13 95 57 76 4 0 11 0.00 M M 19.4 39 210 M M 0 50 210
14 93 50 72 0 0 7 0.00 M M 11.5 26 210 M M 1 8 35 200
15 94 49 72 -1 0 7 0.00 M M 12.2 29 210 M M 0 39 210
16 93 55 74 1 0 9 0.00 M M 15.2 35 220 M M 0 8 46 220
17 92 44 68 -5 0 3 0.00 M M 11.3 28 220 M M 0 38 200
18 92 53 73 -1 0 8 0.00 M M 10.5 26 240 M M 0 37 250
19 91 56 74 0 0 9 0.00 M M 6.2 15 230 M M 0 23 260
20 95 52 74 0 0 9 0.00 M M 8.7 18 240 M M 0 23 230
21 98 56 77 3 0 12 0.00 M M 6.3 18 240 M M 0 23 240
22 101 59 80 5 0 15 0.00 M M 8.9 22 260 M M 0 27 250
23 102 58 80 5 0 15 0.00 M M 8.2 29 260 M M 0 35 260
24 104 57 81 6 0 16 0.00 M M 8.6 25 240 M M 0 29 240
25 100 58 79 3 0 14 0.00 M M 10.4 25 240 M M 0 36 200
26 100 58 79 3 0 14 0.00 M M 8.9 28 250 M M 0 37 250
27 97 56 77 1 0 12 0.00 M M 10.3 24 220 M M 0 29 250
28 93 66 80 4 0 15 0.00 M M 19.8 33 200 M M 0 42 240
29 88 66 77 0 0 12 0.00 M M 17.4 35 220 M M 1 44 220
30 89 52 71 -6 0 6 0.00 M M 8.9 21 220 M M 2 27 210
================================================================================
SM 2811 1612 16 284 T M 316.6 M 8
================================================================================
AV 93.7 53.7 10.9 FASTST M M 0 MAX(MPH)
MISC ----> # 39 210 # 53 250
================================================================================
NOTES:
# LAST OF SEVERAL OCCURRENCES
COLUMN 17 PEAK WIND IN M.P.H.
PRELIMINARY LOCAL CLIMATOLOGICAL DATA (WS FORM: F-6) , PAGE 2
STATION: WINSLOW AZ AIRPORT
MONTH: JUNE
YEAR: 2020
LATITUDE: 35 1 N
LONGITUDE: 110 44 W
[TEMPERATURE DATA] [PRECIPITATION DATA] SYMBOLS USED IN COLUMN 16
AVERAGE MONTHLY: 73.7 TOTAL FOR MONTH: T 1 = FOG OR MIST
DPTR FM NORMAL: 1.0 DPTR FM NORMAL: -0.18 2 = FOG REDUCING VISIBILITY
HIGHEST: 104 ON 24 GRTST 24HR T ON 6- 6 TO 1/4 MILE OR LESS
LOWEST: 36 ON 9 3 = THUNDER
SNOW, ICE PELLETS, HAIL 4 = ICE PELLETS
TOTAL MONTH: M 5 = HAIL
GRTST 24HR M ON M 6 = FREEZING RAIN OR DRIZZLE
GRTST DEPTH: M ON M 7 = DUSTSTORM OR SANDSTORM:
VSBY 1/2 MILE OR LESS
8 = SMOKE OR HAZE
[NO. OF DAYS WITH] [WEATHER - DAYS WITH] 9 = BLOWING SNOW
X = TORNADO
MAX 32 OR BELOW: 0 0.01 INCH OR MORE: 0
MAX 90 OR ABOVE: 23 0.10 INCH OR MORE: 0
MIN 32 OR BELOW: 0 0.50 INCH OR MORE: 0
MIN 0 OR BELOW: 0 1.00 INCH OR MORE: 0
[HDD (BASE 65) ]
TOTAL THIS MO. 16 CLEAR (SCALE 0-3) 30
DPTR FM NORMAL 6 PTCLDY (SCALE 4-7) 0
TOTAL FM JUL 1 4197 CLOUDY (SCALE 8-10) 0
DPTR FM NORMAL -300
[CDD (BASE 65) ]
TOTAL THIS MO. 284
DPTR FM NORMAL 43 [PRESSURE DATA]
TOTAL FM JAN 1 417 HIGHEST SLP M ON M
DPTR FM NORMAL 109 LOWEST SLP 29.58 ON M
[REMARKS]
#FINAL-06-20#