000
CXUS53 KEAX 010836
CF6IRK
PRELIMINARY LOCAL CLIMATOLOGICAL DATA (WS FORM: F-6)
STATION: KIRKSVILLE MO
MONTH: JANUARY
YEAR: 2024
LATITUDE: 40 5 N
LONGITUDE: 92 33 W
TEMPERATURE IN F: :PCPN: SNOW: WIND :SUNSHINE: SKY :PK WND
================================================================================
1 2 3 4 5 6A 6B 7 8 9 10 11 12 13 14 15 16 17 18
12Z AVG MX 2MIN
DY MAX MIN AVG DEP HDD CDD WTR SNW DPTH SPD SPD DIR MIN PSBL S-S WX SPD DR
================================================================================
1 32 21 27 0 38 0 0.00 M M 6.6 13 350 M M 7 18 360
2 42 20 31 4 34 0 0.00 M M 6.6 15 240 M M 0 1 22 250
3 41 19 30 3 35 0 0.00 M M 4.3 12 350 M M 4 12 17 310
4 37 18 28 2 37 0 0.00 M M 3.0 10 20 M M 2 1 13 20
5 38 23 31 5 34 0 T M M 8.0 16 130 M M 4 18 21 110
6 33 29 31 5 34 0 0.05 M M 4.6 12 270 M M 10 1 16 250
7 31 27 29 3 36 0 T M M 7.9 14 270 M M 8 1 21 260
8 38 29 34 8 31 0 0.60 M M 13.2 22 120 M M 5 1 32 80
9 32 24 28 2 37 0 0.44 M M 15.2 23 310 M M 8 126 37 330
10 30 18 24 -2 41 0 0.00 M M 9.8 18 270 M M 6 1 28 260
11 30 23 27 1 38 0 0.12 M M 11.5 24 40 M M 8 18 30 40
12 29 10 20 -6 45 0 0.29 M M 17.2 25 300 M M 10 1268 36 280
13 10 -13 -1 -27 66 0 0.01 M M 15.7 28 290 M M 7 8 38 280
14 -6 -17 -11 -36 76 0 0.00 M M 10.6 23 280 M M 0 34 270
15 0 -17 -8 -33 73 0 T M M 8.4 18 290 M M 5 8 27 290
16 6 -9 -1 -26 66 0 0.00 M M 10.4 17 250 M M 0 27 270
17 25 2 14 -11 51 0 0.00 M M 7.1 16 230 M M 3 26 240
18 27 9 18 -7 47 0 0.07 M M 8.8 22 330 M M 6 18 33 330
19 9 -5 2 -23 63 0 T M M 11.3 21 320 M M 2 8 31 330
20 11 -13 -1 -26 66 0 0.00 M M 5.1 9 300 M M 0 13 310
21 30 -6 12 -13 53 0 0.01 M M 12.3 20 200 M M 4 29 190
22 33 28 31 6 34 0 0.04 M M 10.7 18 210 M M 10 16 28 200
23 36 32 34 9 31 0 0.46 M M 4.9 9 50 M M 10 12 13 50
24 36 33 35 9 30 0 0.02 M M 5.3 10 50 M M 10 12 13 50
25 36 32 34 8 31 0 0.70 M M 3.4 9 280 M M 10 12 13 300
26 38 33 36 10 29 0 0.00 M M 4.7 9 260 M M 10 12 12 320
27 37 32 35 9 30 0 0.00 M M 7.1 14 320 M M 10 12 20 320
28 40 24 32 6 33 0 0.00 M M 6.1 15 330 M M 7 12 21 340
29 53 24 39 13 26 0 0.00 M M 7.5 16 220 M M 0 1 24 230
30 43 35 39 13 26 0 0.00 M M 9.2 18 330 M M 8 27 330
31 53 24 39 13 26 0 0.00 M M 6.8 14 210 M M 1 1 20 210
================================================================================
SM 930 489 1297 0 2.81 M 263.3 M 175
================================================================================
AV 30.0 15.8 8.5 FASTST M M 6 MAX(MPH)
MISC ----> 28 290 38 280
================================================================================
NOTES:
# LAST OF SEVERAL OCCURRENCES
COLUMN 17 PEAK WIND IN M.P.H.
PRELIMINARY LOCAL CLIMATOLOGICAL DATA (WS FORM: F-6) , PAGE 2
STATION: KIRKSVILLE MO
MONTH: JANUARY
YEAR: 2024
LATITUDE: 40 5 N
LONGITUDE: 92 33 W
[TEMPERATURE DATA] [PRECIPITATION DATA] SYMBOLS USED IN COLUMN 16
AVERAGE MONTHLY: 22.9 TOTAL FOR MONTH: 2.81 1 = FOG OR MIST
DPTR FM NORMAL: -2.9 DPTR FM NORMAL: 1.21 2 = FOG REDUCING VISIBILITY
HIGHEST: 53 ON 31,29 GRTST 24HR 0.70 ON 25-25 TO 1/4 MILE OR LESS
LOWEST: -17 ON 14,15 3 = THUNDER
SNOW, ICE PELLETS, HAIL 4 = ICE PELLETS
TOTAL MONTH: M 5 = HAIL
GRTST 24HR M ON M 6 = FREEZING RAIN OR DRIZZLE
GRTST DEPTH: M ON M 7 = DUSTSTORM OR SANDSTORM:
VSBY 1/2 MILE OR LESS
8 = SMOKE OR HAZE
[NO. OF DAYS WITH] [WEATHER - DAYS WITH] 9 = BLOWING SNOW
X = TORNADO
MAX 32 OR BELOW: 15 0.01 INCH OR MORE: 12
MAX 90 OR ABOVE: 0 0.10 INCH OR MORE: 6
MIN 32 OR BELOW: 28 0.50 INCH OR MORE: 2
MIN 0 OR BELOW: 7 1.00 INCH OR MORE: 0
[HDD (BASE 65) ]
TOTAL THIS MO. 1297 CLEAR (SCALE 0-3) 9
DPTR FM NORMAL 82 PTCLDY (SCALE 4-7) 11
TOTAL FM JUL 1 3119 CLOUDY (SCALE 8-10) 11
DPTR FM NORMAL -347
[CDD (BASE 65) ]
TOTAL THIS MO. 0
DPTR FM NORMAL 0 [PRESSURE DATA]
TOTAL FM JAN 1 0 HIGHEST SLP 30.76 ON 20
DPTR FM NORMAL 0 LOWEST SLP 29.21 ON 9
[REMARKS]
#FINAL-01-24#