000
CXHW53 PHFO 011250
CF6ITO
PRELIMINARY LOCAL CLIMATOLOGICAL DATA (WS FORM: F-6)
STATION: HILO HI
MONTH: JULY
YEAR: 2022
LATITUDE: 19 43 N
LONGITUDE: 155 4 W
TEMPERATURE IN F: :PCPN: SNOW: WIND :SUNSHINE: SKY :PK WND
================================================================================
1 2 3 4 5 6A 6B 7 8 9 10 11 12 13 14 15 16 17 18
12Z AVG MX 2MIN
DY MAX MIN AVG DEP HDD CDD WTR SNW DPTH SPD SPD DIR MIN PSBL S-S WX SPD DR
================================================================================
1 84 72 78 2 0 13 0.32 M M 4.9 16 60 M M 9 1 20 50
2 83 72 78 2 0 13 0.16 M M 5.7 18 80 M M 9 1 23 80
3 81 71 76 0 0 11 0.05 M M 5.5 16 90 M M 9 18 20 80
4 83 69 76 0 0 11 0.13 M M 5.8 15 70 M M 7 18 19 90
5 83 68 76 0 0 11 0.02 M M 7.7 15 50 M M 5 20 20
6 85 69 77 1 0 12 0.01 M M 6.2 13 70 M M 5 1 17 50
7 83 69 76 0 0 11 0.05 M M 5.9 16 60 M M 8 18 19 60
8 85 69 77 1 0 12 0.03 M M 6.7 16 80 M M 7 18 24 70
9 84 70 77 1 0 12 0.39 M M 6.0 17 60 M M 9 18 20 80
10 82 70 76 0 0 11 0.35 M M 6.3 14 50 M M 9 18 16 50
11 83 68 76 0 0 11 0.03 M M 6.3 14 50 M M 5 17 70
12 84 68 76 0 0 11 0.32 M M 6.7 20 90 M M 7 1 22 90
13 82 73 78 2 0 13 0.37 M M 6.2 23 100 M M 10 18 26 100
14 84 71 78 2 0 13 0.29 M M 5.8 15 60 M M 8 18 18 60
15 83 72 78 2 0 13 0.16 M M 6.3 17 60 M M 10 18 19 50
16 82 72 77 1 0 12 0.66 M M 6.9 18 100 M M 10 18 27 80
17 85 73 79 3 0 14 0.02 M M 7.3 20 90 M M 9 1 23 80
18 83 70 77 1 0 12 0.15 M M 6.7 21 70 M M 9 1 24 70
19 83 68 76 0 0 11 0.11 M M 6.2 17 60 M M 7 18 20 50
20 81 66 74 -2 0 9 0.06 M M 6.8 15 70 M M 6 1 15 70
21 M M M M M M 0.12 M M 5.9 12 320 M M 6 18 13 260
22 82 68 75 -2 0 10 0.62 M M 5.9 12 250 M M 8 18 14 60
23 79 69 74 -3 0 9 0.38 M M 5.6 14 360 M M 10 1 18 10
24 83 69 76 -1 0 11 0.02 M M 6.3 13 50 M M 7 1 17 80
25 82 70 76 -1 0 11 0.06 M M 6.9 18 70 M M 8 18 22 60
26 79 70 75 -2 0 10 0.45 M M 4.7 13 50 M M 9 18 18 30
27 83 71 77 0 0 12 0.00 M M 6.5 14 50 M M 7 19 40
28 84 67 76 -1 0 11 0.00 M M 6.0 13 50 M M 4 20 60
29 84 67 76 -1 0 11 0.02 M M 5.8 13 90 M M 6 1 16 90
30 84 71 78 1 0 13 0.03 M M 6.1 17 60 M M 7 1 21 60
31 85 72 79 2 0 14 0.01 M M 9.7 22 40 M M 7 1 26 30
================================================================================
SM 2488 2094 0 348 5.39 M 195.3 M 237
================================================================================
AV 82.9 69.8 6.3 FASTST M M 8 MAX(MPH)
MISC ----> 23 100 27 80
================================================================================
NOTES:
# LAST OF SEVERAL OCCURRENCES
COLUMN 17 PEAK WIND IN M.P.H.
PRELIMINARY LOCAL CLIMATOLOGICAL DATA (WS FORM: F-6) , PAGE 2
STATION: HILO HI
MONTH: JULY
YEAR: 2022
LATITUDE: 19 43 N
LONGITUDE: 155 4 W
[TEMPERATURE DATA] [PRECIPITATION DATA] SYMBOLS USED IN COLUMN 16
AVERAGE MONTHLY: 76.4 TOTAL FOR MONTH: 5.39 1 = FOG OR MIST
DPTR FM NORMAL: 0.1 DPTR FM NORMAL: -3.85 2 = FOG REDUCING VISIBILITY
HIGHEST: 85 ON 31,17 GRTST 24HR 1.00 ON 22-23 TO 1/4 MILE OR LESS
LOWEST: 66 ON 20 3 = THUNDER
SNOW, ICE PELLETS, HAIL 4 = ICE PELLETS
TOTAL MONTH: M 5 = HAIL
GRTST 24HR M ON M 6 = FREEZING RAIN OR DRIZZLE
GRTST DEPTH: M ON M 7 = DUSTSTORM OR SANDSTORM:
VSBY 1/2 MILE OR LESS
8 = SMOKE OR HAZE
[NO. OF DAYS WITH] [WEATHER - DAYS WITH] 9 = BLOWING SNOW
X = TORNADO
MAX 32 OR BELOW: 0 0.01 INCH OR MORE: 29
MAX 90 OR ABOVE: 0 0.10 INCH OR MORE: 16
MIN 32 OR BELOW: 0 0.50 INCH OR MORE: 2
MIN 0 OR BELOW: 0 1.00 INCH OR MORE: 0
[HDD (BASE 65) ]
TOTAL THIS MO. 0 CLEAR (SCALE 0-3) 0
DPTR FM NORMAL 0 PTCLDY (SCALE 4-7) 17
TOTAL FM JUL 1 0 CLOUDY (SCALE 8-10) 14
DPTR FM NORMAL 0
[CDD (BASE 65) ]
TOTAL THIS MO. 348
DPTR FM NORMAL -4 [PRESSURE DATA]
TOTAL FM JAN 1 2083 HIGHEST SLP 30.17 ON 9
DPTR FM NORMAL 333 LOWEST SLP 29.99 ON 27
[REMARKS]
#FINAL-07-22#