000
CXUS53 KEAX 010736
CF6IXD
PRELIMINARY LOCAL CLIMATOLOGICAL DATA (WS FORM: F-6)
STATION: NEW CENTURY AIR CENTER KS
MONTH: JULY
YEAR: 2021
LATITUDE: 38 49 N
LONGITUDE: 94 54 W
TEMPERATURE IN F: :PCPN: SNOW: WIND :SUNSHINE: SKY :PK WND
================================================================================
1 2 3 4 5 6A 6B 7 8 9 10 11 12 13 14 15 16 17 18
12Z AVG MX 2MIN
DY MAX MIN AVG DEP HDD CDD WTR SNW DPTH SPD SPD DIR MIN PSBL S-S WX SPD DR
================================================================================
1 84 71 78 0 0 13 0.01 M M 6.4 15 40 M M 6 1 19 20
2 87 67 77 -1 0 12 0.00 M M 4.1 10 100 M M 2 8 15 90
3 88 69 79 1 0 14 0.00 M M 4.7 12 350 M M 2 8 15 350
4 89 68 79 1 0 14 0.00 M M 4.5 10 160 M M 1 18 16 220
5 89 68 79 1 0 14 0.00 M M 5.2 12 200 M M 1 1 13 190
6 89 67 78 0 0 13 0.00 M M 6.5 14 190 M M 1 19 160
7 86 66 76 -2 0 11 0.03 M M 6.4 15 10 M M 3 38 21 20
8 87 63 75 -3 0 10 0.00 M M 6.0 12 320 M M 1 16 340
9 95 69 82 4 0 17 0.00 M M 10.4 24 200 M M 1 34 200
10 83 65 74 -4 0 9 0.47 M M 9.1 30 340 M M 5 13 41 340
11 76 63 70 -9 0 5 T M M 11.1 22 10 M M 8 29 10
12 81 65 73 -6 0 8 0.00 M M 8.0 15 360 M M 8 19 340
13 88 61 75 -4 0 10 0.00 M M 8.1 16 160 M M 0 1 22 160
14 91 72 82 3 0 17 0.00 M M 13.2 24 190 M M 0 8 31 190
15 79 69 74 -5 0 9 0.50 M M 6.8 21 200 M M 7 138 32 200
16 85 69 77 -2 0 12 0.00 M M 3.3 9 190 M M 7 1 14 160
17 84 68 76 -3 0 11 0.01 M M 6.9 20 160 M M 2 13 24 160
18 85 68 77 -2 0 12 0.00 M M 6.0 13 40 M M 2 18 340
19 86 63 75 -4 0 10 0.00 M M 5.2 13 80 M M 1 19 20
20 87 66 77 -2 0 12 0.00 M M 4.4 12 70 M M 2 16 70
21 89 65 77 -2 0 12 0.00 M M 2.7 8 160 M M 1 11 170
22 90 67 79 0 0 14 0.00 M M 8.3 15 210 M M 1 18 23 210
23 93 70 82 3 0 17 0.00 M M 8.3 16 190 M M 1 18 22 160
24 97 73 85 6 0 20 0.00 M M 8.0 15 200 M M 1 21 200
25 92 70 81 2 0 16 0.00 M M 5.6 14 350 M M 2 19 350
26 91 70 81 2 0 16 0.00 M M 7.2 15 110 M M 0 22 100
27 96 67 82 3 0 17 0.00 M M 4.5 10 140 M M 0 17 180
28 98 71 85 6 0 20 0.00 M M 6.0 14 200 M M 1 18 200
29 99 74 87 8 0 22 0.00 M M 7.4 16 250 M M 1 25 250
30 99 73 86 7 0 21 0.00 M M 5.3 15 200 M M 1 22 210
31 91 70 81 2 0 16 T M M 8.4 22 350 M M 3 27 350
================================================================================
SM 2754 2107 0 424 1.02 M 208.0 M 72
================================================================================
AV 88.8 68.0 6.7 FASTST M M 2 MAX(MPH)
MISC ----> 30 340 41 340
================================================================================
NOTES:
# LAST OF SEVERAL OCCURRENCES
COLUMN 17 PEAK WIND IN M.P.H.
PRELIMINARY LOCAL CLIMATOLOGICAL DATA (WS FORM: F-6) , PAGE 2
STATION: NEW CENTURY AIR CENTER KS
MONTH: JULY
YEAR: 2021
LATITUDE: 38 49 N
LONGITUDE: 94 54 W
[TEMPERATURE DATA] [PRECIPITATION DATA] SYMBOLS USED IN COLUMN 16
AVERAGE MONTHLY: 78.4 TOTAL FOR MONTH: 1.02 1 = FOG OR MIST
DPTR FM NORMAL: -0.4 DPTR FM NORMAL: -3.19 2 = FOG REDUCING VISIBILITY
HIGHEST: 99 ON 30,29 GRTST 24HR 0.50 ON 15-15 TO 1/4 MILE OR LESS
LOWEST: 61 ON 13 3 = THUNDER
SNOW, ICE PELLETS, HAIL 4 = ICE PELLETS
TOTAL MONTH: M 5 = HAIL
GRTST 24HR M ON M 6 = FREEZING RAIN OR DRIZZLE
GRTST DEPTH: M ON M 7 = DUSTSTORM OR SANDSTORM:
VSBY 1/2 MILE OR LESS
8 = SMOKE OR HAZE
[NO. OF DAYS WITH] [WEATHER - DAYS WITH] 9 = BLOWING SNOW
X = TORNADO
MAX 32 OR BELOW: 0 0.01 INCH OR MORE: 5
MAX 90 OR ABOVE: 12 0.10 INCH OR MORE: 2
MIN 32 OR BELOW: 0 0.50 INCH OR MORE: 1
MIN 0 OR BELOW: 0 1.00 INCH OR MORE: 0
[HDD (BASE 65) ]
TOTAL THIS MO. 0 CLEAR (SCALE 0-3) 24
DPTR FM NORMAL 0 PTCLDY (SCALE 4-7) 7
TOTAL FM JUL 1 0 CLOUDY (SCALE 8-10) 0
DPTR FM NORMAL 0
[CDD (BASE 65) ]
TOTAL THIS MO. 424
DPTR FM NORMAL -4 [PRESSURE DATA]
TOTAL FM JAN 1 870 HIGHEST SLP M ON M
DPTR FM NORMAL 28 LOWEST SLP 29.80 ON 10
[REMARKS]
#FINAL-07-21#