000
CXUS53 KEAX 010736
CF6IXD
PRELIMINARY LOCAL CLIMATOLOGICAL DATA (WS FORM: F-6)
STATION: NEW CENTURY AIR CENTER KS
MONTH: OCTOBER
YEAR: 2023
LATITUDE: 38 49 N
LONGITUDE: 94 54 W
TEMPERATURE IN F: :PCPN: SNOW: WIND :SUNSHINE: SKY :PK WND
================================================================================
1 2 3 4 5 6A 6B 7 8 9 10 11 12 13 14 15 16 17 18
12Z AVG MX 2MIN
DY MAX MIN AVG DEP HDD CDD WTR SNW DPTH SPD SPD DIR MIN PSBL S-S WX SPD DR
================================================================================
1 91 64 78 15 0 13 0.00 M M 7.0 13 140 M M 0 18 230
2 89 65 77 15 0 12 0.00 M M 7.2 14 160 M M 1 20 160
3 84 64 74 12 0 9 T M M 12.3 22 160 M M 1 3 33 170
4 79 63 71 10 0 6 0.01 M M 7.4 16 290 M M 4 21 300
5 81 51 66 5 0 1 0.00 M M 7.7 21 350 M M 1 30 290
6 61 40 51 -10 14 0 T M M 9.4 29 340 M M 3 38 350
7 63 37 50 -10 15 0 0.00 M M 6.0 14 280 M M 0 19 270
8 80 38 59 -1 6 0 0.00 M M 8.1 20 300 M M 0 26 300
9 69 45 57 -2 8 0 0.00 M M 6.0 15 350 M M 0 20 20
10 75 38 57 -2 8 0 T M M 4.5 16 140 M M 1 3 21 140
11 84 58 71 12 0 6 T M M 12.9 22 170 M M 2 34 160
12 78 61 70 12 0 5 0.00 M M 17.6 28 160 M M 8 41 150
13 66 52 59 1 6 0 T M M 16.5 28 280 M M 9 38 250
14 56 49 53 -4 12 0 T M M 14.3 22 290 M M 10 18 33 300
15 56 43 50 -7 15 0 0.01 M M 12.4 22 350 M M 9 32 300
16 66 38 52 -4 13 0 0.00 M M 7.4 18 320 M M 1 24 330
17 72 35 54 -2 11 0 0.00 M M 6.0 17 190 M M 0 22 160
18 70 48 59 3 6 0 T M M 9.2 18 300 M M 1 28 310
19 73 48 61 6 4 0 0.00 M M 8.6 20 280 M M 0 24 260
20 81 46 64 9 1 0 0.00 M M 6.2 12 330 M M 0 21 280
21 81 46 64 10 1 0 0.00 M M 7.4 18 360 M M 0 29 20
22 74 47 61 7 4 0 0.00 M M 10.8 18 110 M M 0 25 130
23 86 56 71 17 0 6 0.00 M M 15.7 28 180 M M 0 41 190
24 71 61 66 13 0 1 2.11 M M 10.6 24 140 M M 8 1 34 140
25 68 62 65 12 0 0 2.72 M M 8.9 20 220 M M 9 13 27 220
26 77 65 71 19 0 6 0.60 M M 11.6 20 190 M M 6 13 28 200
27 67 36 52 0 13 0 0.04 M M 13.2 23 340 M M 7 1 30 330
28 38 31 35 -17 30 0 1.06 M M 9.8 16 20 M M 6 1 23 10
29 38 31 35 -16 30 0 0.06 M M 13.8 23 340 M M 9 1 31 330
30 41 25 33 -18 32 0 0.00 M M 9.0 21 330 M M 0 27 330
31 40 23 32 -18 33 0 0.00 M M 10.7 23 330 M M 0 29 330
================================================================================
SM 2155 1466 262 65 6.61 M 308.2 M 96
================================================================================
AV 69.5 47.3 9.9 FASTST M M 3 MAX(MPH)
MISC ----> 29 340 # 41 150
================================================================================
NOTES:
# LAST OF SEVERAL OCCURRENCES
COLUMN 17 PEAK WIND IN M.P.H.
PRELIMINARY LOCAL CLIMATOLOGICAL DATA (WS FORM: F-6) , PAGE 2
STATION: NEW CENTURY AIR CENTER KS
MONTH: OCTOBER
YEAR: 2023
LATITUDE: 38 49 N
LONGITUDE: 94 54 W
[TEMPERATURE DATA] [PRECIPITATION DATA] SYMBOLS USED IN COLUMN 16
AVERAGE MONTHLY: 58.4 TOTAL FOR MONTH: 6.61 1 = FOG OR MIST
DPTR FM NORMAL: 1.9 DPTR FM NORMAL: 3.34 2 = FOG REDUCING VISIBILITY
HIGHEST: 91 ON 1 GRTST 24HR 4.43 ON 24-25 TO 1/4 MILE OR LESS
LOWEST: 23 ON 31 3 = THUNDER
SNOW, ICE PELLETS, HAIL 4 = ICE PELLETS
TOTAL MONTH: M 5 = HAIL
GRTST 24HR M ON M 6 = FREEZING RAIN OR DRIZZLE
GRTST DEPTH: M ON M 7 = DUSTSTORM OR SANDSTORM:
VSBY 1/2 MILE OR LESS
8 = SMOKE OR HAZE
[NO. OF DAYS WITH] [WEATHER - DAYS WITH] 9 = BLOWING SNOW
X = TORNADO
MAX 32 OR BELOW: 0 0.01 INCH OR MORE: 8
MAX 90 OR ABOVE: 1 0.10 INCH OR MORE: 4
MIN 32 OR BELOW: 4 0.50 INCH OR MORE: 4
MIN 0 OR BELOW: 0 1.00 INCH OR MORE: 3
[HDD (BASE 65) ]
TOTAL THIS MO. 262 CLEAR (SCALE 0-3) 20
DPTR FM NORMAL -30 PTCLDY (SCALE 4-7) 5
TOTAL FM JUL 1 262 CLOUDY (SCALE 8-10) 6
DPTR FM NORMAL -85
[CDD (BASE 65) ]
TOTAL THIS MO. 65
DPTR FM NORMAL 36 [PRESSURE DATA]
TOTAL FM JAN 1 1685 HIGHEST SLP M ON M
DPTR FM NORMAL 270 LOWEST SLP 29.49 ON 12
[REMARKS]
#FINAL-10-23#