000
CXUS55 KRIW 011010
CF6JAC
PRELIMINARY LOCAL CLIMATOLOGICAL DATA (WS FORM: F-6)
STATION: JACKSON WY
MONTH: AUGUST
YEAR: 2022
LATITUDE: 43 35 N
LONGITUDE: 110 44 W
TEMPERATURE IN F: :PCPN: SNOW: WIND :SUNSHINE: SKY :PK WND
================================================================================
1 2 3 4 5 6A 6B 7 8 9 10 11 12 13 14 15 16 17 18
12Z AVG MX 2MIN
DY MAX MIN AVG DEP HDD CDD WTR SNW DPTH SPD SPD DIR MIN PSBL S-S WX SPD DR
================================================================================
1 90 47 69 6 0 4 0.00 M M 4.9 15 200 M M 1 8 23 200
2 76 53 65 2 0 0 M M M 5.3 15 200 M M 8 3 25 290
3 79 50 65 2 0 0 0.00 M M 3.7 8 80 M M 6 1 M M
4 85 46 66 4 0 1 M M M 5.0 18 230 M M 1 3 30 220
5 65 48 57 -5 8 0 0.09 M M 5.5 10 20 M M 6 1 M M
6 65 49 57 -5 8 0 0.37 M M 4.1 12 80 M M 9 1 18 110
7 75 47 61 -1 4 0 0.00 M M 3.2 8 230 M M 5 1 M M
8 81 43 62 0 3 0 0.00 M M 3.5 9 220 M M 0 M M
9 85 44 65 3 0 0 0.00 M M 3.4 9 240 M M 0 M M
10 87 43 65 3 0 0 T M M 5.1 13 220 M M 0 16 220
11 82 57 70 8 0 5 T M M 5.2 20 200 M M 3 3 30 180
12 85 51 68 7 0 3 T M M 4.9 20 20 M M 2 M M
13 81 48 65 4 0 0 0.03 M M 7.9 31 20 M M 2 13 40 30
14 80 46 63 2 2 0 0.00 M M 3.8 14 70 M M 1 M M
15 82 43 63 2 2 0 T M M 4.1 8 200 M M 0 M M
16 86 44 65 4 0 0 0.00 M M 4.1 8 110 M M 0 M M
17 87 46 67 7 0 2 0.00 M M 4.3 16 20 M M 0 M M
18 87 47 67 7 0 2 0.00 M M 5.1 12 240 M M 1 17 240
19 84 50 67 7 0 2 0.01 M M 4.7 25 120 M M 1 38 35 70
20 80 46 63 3 2 0 T M M 5.0 16 230 M M 2 24 230
21 80 45 63 3 2 0 0.01 M M 6.3 18 30 M M 2 3 30 30
22 80 45 63 4 2 0 T M M 5.1 17 80 M M 2 30 30
23 81 46 64 5 1 0 0.03 M M 5.0 22 300 M M 2 3 28 300
24 83 41 62 3 3 0 0.08 M M 6.2 24 190 M M 3 1 33 220
25 76 47 62 4 3 0 0.08 M M 5.6 14 220 M M 3 1 22 210
26 79 43 61 3 4 0 0.00 M M 7.9 22 240 M M 2 31 200
27 80 40 60 2 5 0 0.00 M M 10.9 28 250 M M 1 41 250
28 74 43 59 1 6 0 0.00 M M 10.3 16 250 M M 0 25 240
29 81 39 60 3 5 0 0.00 M M 4.6 12 270 M M 0 M M
30 86 40 63 6 2 0 0.00 M M 4.0 8 190 M M 0 M M
31 87 44 66 9 0 1 T M M 5.1 14 310 M M 2 22 310
================================================================================
SM 2509 1421 62 20 0.70 M 163.8 M 65
================================================================================
AV 80.9 45.8 5.3 FASTST M M 2 MAX(MPH)
MISC ----> 31 20 41 250
================================================================================
NOTES:
# LAST OF SEVERAL OCCURRENCES
COLUMN 17 PEAK WIND IN M.P.H.
PRELIMINARY LOCAL CLIMATOLOGICAL DATA (WS FORM: F-6) , PAGE 2
STATION: JACKSON WY
MONTH: AUGUST
YEAR: 2022
LATITUDE: 43 35 N
LONGITUDE: 110 44 W
[TEMPERATURE DATA] [PRECIPITATION DATA] SYMBOLS USED IN COLUMN 16
AVERAGE MONTHLY: 63.4 TOTAL FOR MONTH: 0.70 1 = FOG OR MIST
DPTR FM NORMAL: 3.1 DPTR FM NORMAL: -0.59 2 = FOG REDUCING VISIBILITY
HIGHEST: 90 ON 1 GRTST 24HR 0.37 ON 5- 6 TO 1/4 MILE OR LESS
LOWEST: 39 ON 29 3 = THUNDER
SNOW, ICE PELLETS, HAIL 4 = ICE PELLETS
TOTAL MONTH: M 5 = HAIL
GRTST 24HR M ON M 6 = FREEZING RAIN OR DRIZZLE
GRTST DEPTH: M ON M 7 = DUSTSTORM OR SANDSTORM:
VSBY 1/2 MILE OR LESS
8 = SMOKE OR HAZE
[NO. OF DAYS WITH] [WEATHER - DAYS WITH] 9 = BLOWING SNOW
X = TORNADO
MAX 32 OR BELOW: 0 0.01 INCH OR MORE: 8
MAX 90 OR ABOVE: 1 0.10 INCH OR MORE: 1
MIN 32 OR BELOW: 0 0.50 INCH OR MORE: 0
MIN 0 OR BELOW: 0 1.00 INCH OR MORE: 0
[HDD (BASE 65) ]
TOTAL THIS MO. 62 CLEAR (SCALE 0-3) 25
DPTR FM NORMAL -97 PTCLDY (SCALE 4-7) 5
TOTAL FM JUL 1 97 CLOUDY (SCALE 8-10) 1
DPTR FM NORMAL -186
[CDD (BASE 65) ]
TOTAL THIS MO. 20
DPTR FM NORMAL 6 [PRESSURE DATA]
TOTAL FM JAN 1 52 HIGHEST SLP 30.35 ON 30
DPTR FM NORMAL 9 LOWEST SLP 30.16 ON 30
[REMARKS]
#FINAL-08-22#