000
CXUS52 KJAX 022245
CF6JAX
PRELIMINARY LOCAL CLIMATOLOGICAL DATA (WS FORM: F-6)
STATION: JACKSONVILLE
MONTH: AUGUST
YEAR: 2020
LATITUDE: 30 30 N
LONGITUDE: 81 42 W
TEMPERATURE IN F: :PCPN: SNOW: WIND :SUNSHINE: SKY :PK WND
================================================================================
1 2 3 4 5 6A 6B 7 8 9 10 11 12 13 14 15 16 17 18
12Z AVG MX 2MIN
DY MAX MIN AVG DEP HDD CDD WTR SNW DPTH SPD SPD DIR MIN PSBL S-S WX SPD DR
================================================================================
1 94 74 84 2 0 19 0.17 0.0 0 4.6 15 110 M M 6 3 23 120
2 90 72 81 -1 0 16 0.04 0.0 0 7.6 20 60 M M 5 24 70
3 91 77 84 2 0 19 0.09 0.0 0 8.1 21 320 M M 7 1 31 330
4 95 71 83 1 0 18 1.32 0.0 0 6.1 23 10 M M 5 13 40 360
5 94 72 83 1 0 18 0.00 0.0 0 3.1 16 130 M M 5 3 20 130
6 90 73 82 0 0 17 0.08 0.0 0 4.6 16 230 M M 7 13 22 230
7 92 73 83 1 0 18 0.24 0.0 0 2.7 29 240 M M 8 13 38 240
8 93 70 82 0 0 17 0.00 0.0 0 2.7 26 340 M M 6 13 32 340
9 93 71 82 0 0 17 0.34 0.0 0 5.1 36 360 M M 6 13 44 350
10 95 70 83 1 0 18 3.50 0.0 0 5.7 44 20 M M 7 13 55 30
11 91 72 82 0 0 17 0.32 0.0 0 3.3 29 70 M M 8 13 35 60
12 92 71 82 0 0 17 T 0.0 0 4.4 20 140 M M 8 3 23 130
13 93 75 84 2 0 19 T 0.0 0 3.6 17 280 M M 7 3 22 290
14 93 73 83 1 0 18 0.03 0.0 0 3.3 28 270 M M 7 13 36 250
15 90 73 82 0 0 17 0.08 0.0 0 5.6 26 270 M M 7 13 30 280
16 93 75 84 2 0 19 0.00 0.0 0 5.6 20 300 M M 7 3 23 280
17 89 73 81 -1 0 16 0.06 0.0 0 4.4 16 60 M M 8 3 19 90
18 90 73 82 0 0 17 T 0.0 0 4.4 21 110 M M 8 3 26 120
19 90 70 80 -2 0 15 T 0.0 0 4.8 17 50 M M 7 13 23 120
20 88 70 79 -3 0 14 1.29 0.0 0 5.6 33 30 M M 8 13 43 30
21 88 71 80 -2 0 15 T 0.0 0 5.1 14 210 M M 8 17 210
22 88 72 80 -2 0 15 0.10 0.0 0 2.5 10 60 M M 9 1 13 70
23 86 75 81 0 0 16 0.16 0.0 0 8.1 21 70 M M 8 13 26 60
24 90 78 84 3 0 19 0.08 0.0 0 10.3 22 130 M M 8 13 29 130
25 93 80 87 6 0 22 0.00 0.0 0 9.0 16 100 M M 7 20 70
26 92 75 84 3 0 19 0.00 0.0 0 5.9 14 110 M M 6 19 70
27 92 75 84 3 0 19 0.00 0.0 0 5.6 17 120 M M 7 20 110
28 91 76 84 3 0 19 0.00 0.0 0 3.8 14 240 M M 7 3 17 240
29 90 75 83 2 0 18 0.12 0.0 0 9.0 23 250 M M 8 13 31 260
30 91 74 83 2 0 18 0.97 0.0 0 6.4 20 110 M M 8 13 28 20
31 88 72 80 -1 0 15 1.43 0.0 0 3.9 21 320 M M 7 13 26 310
================================================================================
SM 2825 2271 0 541 10.42 0.0 164.9 M 220
================================================================================
AV 91.1 73.3 5.3 FASTST M M 7 MAX(MPH)
MISC ----> 44 20 55 30
================================================================================
NOTES:
# LAST OF SEVERAL OCCURRENCES
COLUMN 17 PEAK WIND IN M.P.H.
PRELIMINARY LOCAL CLIMATOLOGICAL DATA (WS FORM: F-6) , PAGE 2
STATION: JACKSONVILLE
MONTH: AUGUST
YEAR: 2020
LATITUDE: 30 30 N
LONGITUDE: 81 42 W
[TEMPERATURE DATA] [PRECIPITATION DATA] SYMBOLS USED IN COLUMN 16
AVERAGE MONTHLY: 82.2 TOTAL FOR MONTH: 10.42 1 = FOG OR MIST
DPTR FM NORMAL: 0.4 DPTR FM NORMAL: 3.62 2 = FOG REDUCING VISIBILITY
HIGHEST: 95 ON 10, 4 GRTST 24HR 3.82 ON 10-11 TO 1/4 MILE OR LESS
LOWEST: 70 ON 20,19 3 = THUNDER
SNOW, ICE PELLETS, HAIL 4 = ICE PELLETS
TOTAL MONTH: 0.0 INCH 5 = HAIL
GRTST 24HR 0.0 6 = FREEZING RAIN OR DRIZZLE
GRTST DEPTH: 0 7 = DUSTSTORM OR SANDSTORM:
VSBY 1/2 MILE OR LESS
8 = SMOKE OR HAZE
[NO. OF DAYS WITH] [WEATHER - DAYS WITH] 9 = BLOWING SNOW
X = TORNADO
MAX 32 OR BELOW: 0 0.01 INCH OR MORE: 19
MAX 90 OR ABOVE: 25 0.10 INCH OR MORE: 12
MIN 32 OR BELOW: 0 0.50 INCH OR MORE: 5
MIN 0 OR BELOW: 0 1.00 INCH OR MORE: 4
[HDD (BASE 65) ]
TOTAL THIS MO. 0 CLEAR (SCALE 0-3) 0
DPTR FM NORMAL 0 PTCLDY (SCALE 4-7) 28
TOTAL FM JUL 1 0 CLOUDY (SCALE 8-10) 3
DPTR FM NORMAL 0
[CDD (BASE 65) ]
TOTAL THIS MO. 541
DPTR FM NORMAL 20 [PRESSURE DATA]
TOTAL FM JAN 1 2363 HIGHEST SLP 30.21 ON 9
DPTR FM NORMAL 373 LOWEST SLP 29.81 ON 30
[REMARKS]
#FINAL-08-20#