000
CXUS54 KMEG 250900
CF6JBR
PRELIMINARY LOCAL CLIMATOLOGICAL DATA (WS FORM: F-6)
STATION: JONESBORO
MONTH: APRIL
YEAR: 2024
LATITUDE: 35 49 N
LONGITUDE: 90 39 W
TEMPERATURE IN F: :PCPN: SNOW: WIND :SUNSHINE: SKY :PK WND
================================================================================
1 2 3 4 5 6A 6B 7 8 9 10 11 12 13 14 15 16 17 18
12Z AVG MX 2MIN
DY MAX MIN AVG DEP HDD CDD WTR SNW DPTH SPD SPD DIR MIN PSBL S-S WX SPD DR
================================================================================
1 73 68 71 15 0 6 0.00 M M 11.4 20 200 M M 8 8 27 200
2 81 49 65 9 0 0 0.01 M M 18.7 31 250 M M 5 1 44 240
3 57 47 52 -5 13 0 0.00 M M 14.2 28 290 M M 4 39 290
4 65 43 54 -3 11 0 0.00 M M 10.7 22 320 M M 0 35 330
5 64 37 51 -6 14 0 0.00 M M 4.1 14 350 M M 0 19 360
6 68 43 56 -2 9 0 0.00 M M 9.5 17 110 M M 0 27 120
7 80 51 66 8 0 1 T M M 13.8 29 210 M M 4 41 220
8 81 48 65 7 0 0 0.00 M M 7.7 23 160 M M 2 30 170
9 70 60 65 6 0 0 0.07 M M 8.6 21 210 M M 8 29 210
10 70 60 65 6 0 0 0.14 M M 7.2 17 80 M M 8 1 24 70
11 72 53 63 4 2 0 0.24 M M 13.8 29 290 M M 4 1 43 300
12 73 49 61 1 4 0 0.00 M M 10.1 25 290 M M 0 36 290
13 83 45 64 4 1 0 0.00 M M 9.9 25 210 M M 0 36 220
14 81 61 71 11 0 6 0.00 M M 14.4 29 190 M M 0 40 200
15 83 59 71 10 0 6 0.01 M M 9.1 22 210 M M 1 29 220
16 81 66 74 13 0 9 0.78 M M 14.8 29 200 M M 6 13 38 190
17 81 65 73 12 0 8 0.00 M M 8.7 18 220 M M 1 25 230
18 82 65 74 12 0 9 0.63 M M 12.6 24 210 M M 8 13 32 210
19 67 55 61 -1 4 0 T M M 12.1 18 20 M M 10 1 29 350
20 61 48 55 -7 10 0 0.11 M M 10.6 24 60 M M 7 3 30 40
21 63 44 54 -8 11 0 0.00 M M 8.7 20 30 M M 4 26 340
22 66 39 53 -10 12 0 0.00 M M 5.9 18 240 M M 0 26 220
23 75 49 62 -1 3 0 0.00 M M 15.1 28 200 M M 2 8 39 200
24 78 55 67 4 0 2 T M M 6.3 16 60 M M 2 26 30
================================================================================
SM 1755 1259 94 47 1.99 M 258.0 M 84
================================================================================
AV 73.1 52.5 10.8 FASTST M M 4 MAX(MPH)
MISC ----> 31 250 44 240
================================================================================
NOTES:
# LAST OF SEVERAL OCCURRENCES
COLUMN 17 PEAK WIND IN M.P.H.
PRELIMINARY LOCAL CLIMATOLOGICAL DATA (WS FORM: F-6) , PAGE 2
STATION: JONESBORO
MONTH: APRIL
YEAR: 2024
LATITUDE: 35 49 N
LONGITUDE: 90 39 W
[TEMPERATURE DATA] [PRECIPITATION DATA] SYMBOLS USED IN COLUMN 16
AVERAGE MONTHLY: 62.8 TOTAL FOR MONTH: 1.99 1 = FOG OR MIST
DPTR FM NORMAL: 3.0 DPTR FM NORMAL: -1.96 2 = FOG REDUCING VISIBILITY
HIGHEST: 83 ON 15,13 GRTST 24HR 0.78 ON 16-16 TO 1/4 MILE OR LESS
LOWEST: 37 ON 5 3 = THUNDER
SNOW, ICE PELLETS, HAIL 4 = ICE PELLETS
TOTAL MONTH: M 5 = HAIL
GRTST 24HR M ON M 6 = FREEZING RAIN OR DRIZZLE
GRTST DEPTH: M ON M 7 = DUSTSTORM OR SANDSTORM:
VSBY 1/2 MILE OR LESS
8 = SMOKE OR HAZE
[NO. OF DAYS WITH] [WEATHER - DAYS WITH] 9 = BLOWING SNOW
X = TORNADO
MAX 32 OR BELOW: 0 0.01 INCH OR MORE: 8
MAX 90 OR ABOVE: 0 0.10 INCH OR MORE: 5
MIN 32 OR BELOW: 0 0.50 INCH OR MORE: 2
MIN 0 OR BELOW: 0 1.00 INCH OR MORE: 0
[HDD (BASE 65) ]
TOTAL THIS MO. 94 CLEAR (SCALE 0-3) 12
DPTR FM NORMAL -66 PTCLDY (SCALE 4-7) 9
TOTAL FM JUL 1 2883 CLOUDY (SCALE 8-10) 3
DPTR FM NORMAL -516
[CDD (BASE 65) ]
TOTAL THIS MO. 47
DPTR FM NORMAL 9 [PRESSURE DATA]
TOTAL FM JAN 1 64 HIGHEST SLP M ON M
DPTR FM NORMAL 16 LOWEST SLP 29.50 ON 11
[REMARKS]