000
CXUS54 KSJT 011000
CF6JCT
PRELIMINARY LOCAL CLIMATOLOGICAL DATA (WS FORM: F-6)
STATION: JUNCTION
MONTH: SEPTEMBER
YEAR: 2022
LATITUDE: 30 18 N
LONGITUDE: 99 28 W
TEMPERATURE IN F: :PCPN: SNOW: WIND :SUNSHINE: SKY :PK WND
================================================================================
1 2 3 4 5 6A 6B 7 8 9 10 11 12 13 14 15 16 17 18
12Z AVG MX 2MIN
DY MAX MIN AVG DEP HDD CDD WTR SNW DPTH SPD SPD DIR MIN PSBL S-S WX SPD DR
================================================================================
1 87 72 80 0 0 15 T 0.0 0 2.4 10 170 M M 5 14 210
2 92 72 82 2 0 17 0.46 0.0 0 2.5 24 30 M M 4 13 34 20
3 87 71 79 -1 0 14 0.54 0.0 0 1.9 18 70 M M 4 13 24 70
4 91 67 79 -1 0 14 0.00 0.0 0 4.2 24 70 M M 1 1 34 60
5 93 67 80 1 0 15 0.00 0.0 0 3.1 18 170 M M 2 27 170
6 94 72 83 4 0 18 0.00 0.0 0 4.0 17 10 M M 3 38 24 10
7 97 70 84 5 0 19 0.00 0.0 0 3.5 15 150 M M 2 1 20 160
8 94 68 81 2 0 16 0.00 0.0 0 2.6 14 330 M M 2 8 19 10
9 96 64 80 2 0 15 0.00 M M 3.0 14 130 M M 0 8 18 130
10 90 71 81 3 0 16 0.00 0.0 0 4.5 25 30 M M 2 3 36 30
11 88 67 78 0 0 13 0.06 0.0 0 5.0 13 20 M M 2 1 20 50
12 91 63 77 -1 0 12 0.00 0.0 0 2.6 8 80 M M 0 12 90
13 92 64 78 1 0 13 0.04 0.0 0 4.5 18 40 M M 3 3 23 50
14 90 67 79 2 0 14 0.00 0.0 0 5.6 16 140 M M 1 1 29 160
15 91 61 76 -1 0 11 0.00 0.0 0 5.7 14 140 M M 0 19 120
16 92 65 79 3 0 14 0.00 0.0 0 6.4 17 180 M M 2 1 27 180
17 93 73 83 7 0 18 0.00 0.0 0 8.6 18 160 M M 5 25 150
18 94 71 83 7 0 18 0.00 0.0 0 7.5 17 160 M M 0 25 160
19 95 67 81 5 0 16 0.00 0.0 0 3.5 10 80 M M 1 17 99
20 94 72 83 7 0 18 0.00 M 0 4.9 14 130 M M 1 21 140
21 94 67 81 6 0 16 0.00 0.0 0 4.5 14 150 M M 0 22 160
22 96 61 79 4 0 14 0.00 M 0 2.8 13 50 M M 0 8 18 80
23 94 60 77 2 0 12 0.00 M 0 4.9 18 180 M M 0 24 170
24 93 65 79 5 0 14 0.00 M M 2.7 10 180 M M 1 8 18 240
25 95 65 80 6 0 15 0.00 0.0 0 4.3 17 50 M M 1 18 26 20
26 84 68 76 2 0 11 0.01 0.0 0 8.4 20 50 M M 2 36 60
27 89 49 69 -5 0 4 0.00 0.0 0 4.8 17 80 M M 0 8 27 70
28 90 50 70 -3 0 5 0.00 0.0 0 4.2 13 150 M M 0 8 19 140
29 92 53 73 0 0 8 0.00 0.0 0 1.9 6 99 M M 0 M M
30 91 52 72 -1 0 7 0.00 0.0 0 3.7 15 70 M M 0 17 50
================================================================================
SM 2759 1954 0 412 1.11 0.0 128.2 M 44
================================================================================
AV 92.0 65.1 4.3 FASTST M M 1 MAX(MPH)
MISC ----> 25 30 36 30
================================================================================
NOTES:
# LAST OF SEVERAL OCCURRENCES
COLUMN 17 PEAK WIND IN M.P.H.
PRELIMINARY LOCAL CLIMATOLOGICAL DATA (WS FORM: F-6) , PAGE 2
STATION: JUNCTION
MONTH: SEPTEMBER
YEAR: 2022
LATITUDE: 30 18 N
LONGITUDE: 99 28 W
[TEMPERATURE DATA] [PRECIPITATION DATA] SYMBOLS USED IN COLUMN 16
AVERAGE MONTHLY: 78.6 TOTAL FOR MONTH: 1.11 1 = FOG OR MIST
DPTR FM NORMAL: 2.0 DPTR FM NORMAL: -1.30 2 = FOG REDUCING VISIBILITY
HIGHEST: 97 ON 7 GRTST 24HR 0.98 ON 2- 3 TO 1/4 MILE OR LESS
LOWEST: 49 ON 27 3 = THUNDER
SNOW, ICE PELLETS, HAIL 4 = ICE PELLETS
TOTAL MONTH: 0.0 INCH 5 = HAIL
GRTST 24HR 0.0 6 = FREEZING RAIN OR DRIZZLE
GRTST DEPTH: 0 7 = DUSTSTORM OR SANDSTORM:
VSBY 1/2 MILE OR LESS
8 = SMOKE OR HAZE
[NO. OF DAYS WITH] [WEATHER - DAYS WITH] 9 = BLOWING SNOW
X = TORNADO
MAX 32 OR BELOW: 0 0.01 INCH OR MORE: 5
MAX 90 OR ABOVE: 25 0.10 INCH OR MORE: 2
MIN 32 OR BELOW: 0 0.50 INCH OR MORE: 1
MIN 0 OR BELOW: 0 1.00 INCH OR MORE: 0
[HDD (BASE 65) ]
TOTAL THIS MO. 0 CLEAR (SCALE 0-3) 25
DPTR FM NORMAL -3 PTCLDY (SCALE 4-7) 5
TOTAL FM JUL 1 0 CLOUDY (SCALE 8-10) 0
DPTR FM NORMAL 0
[CDD (BASE 65) ]
TOTAL THIS MO. 412
DPTR FM NORMAL 61 [PRESSURE DATA]
TOTAL FM JAN 1 3234 HIGHEST SLP 30.24 ON 28
DPTR FM NORMAL 774 LOWEST SLP 29.63 ON 9
[REMARKS]
#FINAL-09-22#