000
CXUS55 KGGW 010810
CF6JDN
PRELIMINARY LOCAL CLIMATOLOGICAL DATA (WS FORM: F-6)
STATION: JORDAN ASOS MT
MONTH: MARCH
YEAR: 2021
LATITUDE: 47 19 N
LONGITUDE: 106 50 W
TEMPERATURE IN F: :PCPN: SNOW: WIND :SUNSHINE: SKY :PK WND
================================================================================
1 2 3 4 5 6A 6B 7 8 9 10 11 12 13 14 15 16 17 18
12Z AVG MX 2MIN
DY MAX MIN AVG DEP HDD CDD WTR SNW DPTH SPD SPD DIR MIN PSBL S-S WX SPD DR
================================================================================
1 61 16 39 12 26 0 0.00 M M 9.5 24 240 M M 0 31 250
2 60 31 46 18 19 0 0.00 M M 10.2 25 250 M M 0 43 300
3 60 23 42 14 23 0 0.00 M M 6.4 18 270 M M 0 25 270
4 65 19 42 14 23 0 0.00 M M 2.8 13 110 M M 0 19 80
5 68 20 44 15 21 0 0.00 M M 4.5 15 210 M M 0 19 200
6 61 24 43 14 22 0 0.00 M M 5.8 17 290 M M 0 23 310
7 55 23 39 9 26 0 0.00 M M 5.7 17 290 M M 0 23 290
8 55 20 38 8 27 0 0.00 M M 11.0 22 350 M M 0 28 350
9 46 18 32 2 33 0 0.00 M M 10.8 24 350 M M 0 31 350
10 50 15 33 2 32 0 0.00 M M 6.0 25 360 M M 0 33 360
11 42 26 34 3 31 0 0.00 M M 6.3 23 360 M M 0 30 360
12 58 14 36 4 29 0 0.00 M M 5.4 21 210 M M 0 29 190
13 61 15 38 6 27 0 0.00 M M 3.5 13 110 M M 0 16 110
14 56 18 37 5 28 0 0.00 M M 12.0 32 160 M M 0 43 160
15 42 30 36 3 29 0 0.14 M M 7.3 22 140 M M 0 29 140
16 47 24 36 3 29 0 0.03 M M 10.7 20 340 M M 0 25 340
17 48 17 33 -1 32 0 0.00 M M 4.5 12 100 M M 0 16 110
18 62 20 41 7 24 0 0.00 M M 8.3 20 180 M M 0 28 190
19 74 24 49 15 16 0 0.00 M M 8.0 20 210 M M 0 30 210
20 53 36 45 10 20 0 0.01 M M 7.5 18 310 M M 0 26 310
21 51 26 39 4 26 0 0.00 M M 8.8 25 300 M M 0 36 290
22 53 25 39 3 26 0 0.00 M M 6.8 20 270 M M 0 26 270
23 43 21 32 -4 33 0 0.00 M M 13.7 30 340 M M 0 37 330
24 52 17 35 -1 30 0 0.00 M M 4.8 18 220 M M 0 26 230
25 56 26 41 4 24 0 0.00 M M 11.5 24 300 M M 0 30 310
26 48 19 34 -3 31 0 0.01 M M 7.9 26 310 M M 0 35 310
27 53 23 38 0 27 0 0.00 M M 7.5 18 310 M M 0 24 330
28 72 35 54 16 11 0 0.00 M M 11.2 31 270 M M 0 43 280
29 58 21 40 2 25 0 0.02 M M 31.5 51 310 M M 0 70 290
30 38 15 27 -12 38 0 0.00 M M 22.2 37 310 M M 0 52 290
31 54 11 33 -6 32 0 0.00 M M 7.0 17 270 M M 0 26 280
================================================================================
SM 1702 672 820 0 0.21 M 279.1 M 0
================================================================================
AV 54.9 21.7 9.0 FASTST M M 0 MAX(MPH)
MISC ----> 51 310 70 290
================================================================================
NOTES:
# LAST OF SEVERAL OCCURRENCES
COLUMN 17 PEAK WIND IN M.P.H.
PRELIMINARY LOCAL CLIMATOLOGICAL DATA (WS FORM: F-6) , PAGE 2
STATION: JORDAN ASOS MT
MONTH: MARCH
YEAR: 2021
LATITUDE: 47 19 N
LONGITUDE: 106 50 W
[TEMPERATURE DATA] [PRECIPITATION DATA] SYMBOLS USED IN COLUMN 16
AVERAGE MONTHLY: 38.3 TOTAL FOR MONTH: 0.21 1 = FOG OR MIST
DPTR FM NORMAL: 5.1 DPTR FM NORMAL: -0.31 2 = FOG REDUCING VISIBILITY
HIGHEST: 74 ON 19 GRTST 24HR 0.17 ON 15-16 TO 1/4 MILE OR LESS
LOWEST: 11 ON 31 3 = THUNDER
SNOW, ICE PELLETS, HAIL 4 = ICE PELLETS
TOTAL MONTH: M 5 = HAIL
GRTST 24HR M ON M 6 = FREEZING RAIN OR DRIZZLE
GRTST DEPTH: M ON M 7 = DUSTSTORM OR SANDSTORM:
VSBY 1/2 MILE OR LESS
8 = SMOKE OR HAZE
[NO. OF DAYS WITH] [WEATHER - DAYS WITH] 9 = BLOWING SNOW
X = TORNADO
MAX 32 OR BELOW: 0 0.01 INCH OR MORE: 5
MAX 90 OR ABOVE: 0 0.10 INCH OR MORE: 1
MIN 32 OR BELOW: 29 0.50 INCH OR MORE: 0
MIN 0 OR BELOW: 0 1.00 INCH OR MORE: 0
[HDD (BASE 65) ]
TOTAL THIS MO. 820 CLEAR (SCALE 0-3) 31
DPTR FM NORMAL -164 PTCLDY (SCALE 4-7) 0
TOTAL FM JUL 1 6319 CLOUDY (SCALE 8-10) 0
DPTR FM NORMAL -783
[CDD (BASE 65) ]
TOTAL THIS MO. 0
DPTR FM NORMAL 0 [PRESSURE DATA]
TOTAL FM JAN 1 0 HIGHEST SLP M ON M
DPTR FM NORMAL 0 LOWEST SLP 29.10 ON 29
[REMARKS]
#FINAL-03-21#