000
CXUS55 KGGW 010828
CF6JDN
PRELIMINARY LOCAL CLIMATOLOGICAL DATA (WS FORM: F-6)
STATION: JORDAN ASOS MT
MONTH: JUNE
YEAR: 2020
LATITUDE: 47 19 N
LONGITUDE: 106 50 W
TEMPERATURE IN F: :PCPN: SNOW: WIND :SUNSHINE: SKY :PK WND
================================================================================
1 2 3 4 5 6A 6B 7 8 9 10 11 12 13 14 15 16 17 18
12Z AVG MX 2MIN
DY MAX MIN AVG DEP HDD CDD WTR SNW DPTH SPD SPD DIR MIN PSBL S-S WX SPD DR
================================================================================
1 82 52 67 9 0 2 0.00 0.0 0 7.6 28 300 M M 0 35 300
2 78 54 66 8 0 1 0.01 0.0 0 8.4 20 300 M M 0 27 260
3 83 46 65 7 0 0 0.00 0.0 0 9.3 25 330 M M 0 33 320
4 77 40 59 0 6 0 0.00 0.0 0 7.1 17 10 M M 0 24 40
5 84 40 62 3 3 0 0.00 0.0 0 13.0 28 100 M M 0 36 100
6 82 61 72 12 0 7 0.50 0.0 0 10.4 24 280 M M 0 32 280
7 78 55 67 7 0 2 0.55 0.0 0 13.5 31 220 M M 0 39 220
8 67 48 58 -2 7 0 0.19 M 0 10.1 26 260 M M 0 35 260
9 69 42 56 -4 9 0 0.04 M 0 8.9 24 300 M M 0 27 310
10 75 42 59 -2 6 0 0.00 0.0 0 10.4 23 280 M M 0 29 280
11 83 45 64 3 1 0 0.00 0.0 0 6.5 20 260 M M 0 25 270
12 93 50 72 11 0 7 0.00 0.0 0 13.2 25 130 M M 0 31 130
13 99 64 82 20 0 17 0.00 0.0 0 17.3 32 130 M M 0 40 140
14 77 49 63 1 2 0 0.01 M 0 11.5 31 20 M M 0 37 20
15 81 44 63 1 2 0 0.00 0.0 0 9.5 25 220 M M 0 31 220
16 74 49 62 -1 3 0 0.00 0.0 0 13.0 28 300 M M 0 35 320
17 61 46 54 -9 11 0 0.38 M 0 9.1 17 300 M M 0 21 300
18 65 48 57 -6 8 0 0.10 M 0 9.3 25 290 M M 0 34 280
19 74 43 59 -5 6 0 0.17 M 0 6.7 28 330 M M 0 34 330
20 81 50 66 2 0 1 0.15 0.0 0 7.0 29 290 M M 0 35 280
21 78 58 68 4 0 3 0.03 0.0 0 6.8 16 290 M M 0 20 280
22 80 57 69 5 0 4 0.00 0.0 0 4.8 15 270 M M 0 21 270
23 90 55 73 8 0 8 0.00 0.0 0 4.5 15 250 M M 0 20 240
24 96 57 77 12 0 12 0.00 0.0 0 6.2 30 240 M M 0 37 250
25 82 58 70 5 0 5 0.18 0.0 0 11.2 24 340 M M 0 29 320
26 93 54 74 8 0 9 0.00 0.0 0 7.2 20 230 M M 0 26 230
27 93 58 76 10 0 11 0.33 0.0 0 10.3 33 290 M M 0 40 330
28 74 62 68 2 0 3 0.01 0.0 0 9.6 17 340 M M 0 22 340
29 70 61 66 0 0 1 0.53 0.0 0 10.4 20 10 M M 0 23 10
30 75 54 65 -2 0 0 0.02 0.0 0 6.9 16 110 M M 0 20 200
================================================================================
SM 2394 1542 64 93 3.20 0.0 279.7 M 0
================================================================================
AV 79.8 51.4 9.3 FASTST M M 0 MAX(MPH)
MISC ----> # 33 290 # 40 140
================================================================================
NOTES:
# LAST OF SEVERAL OCCURRENCES
COLUMN 17 PEAK WIND IN M.P.H.
PRELIMINARY LOCAL CLIMATOLOGICAL DATA (WS FORM: F-6) , PAGE 2
STATION: JORDAN ASOS MT
MONTH: JUNE
YEAR: 2020
LATITUDE: 47 19 N
LONGITUDE: 106 50 W
[TEMPERATURE DATA] [PRECIPITATION DATA] SYMBOLS USED IN COLUMN 16
AVERAGE MONTHLY: 65.6 TOTAL FOR MONTH: 3.20 1 = FOG OR MIST
DPTR FM NORMAL: 3.1 DPTR FM NORMAL: 0.71 2 = FOG REDUCING VISIBILITY
HIGHEST: 99 ON 13 GRTST 24HR 0.55 ON 7- 7 TO 1/4 MILE OR LESS
LOWEST: 40 ON 5, 4 3 = THUNDER
SNOW, ICE PELLETS, HAIL 4 = ICE PELLETS
TOTAL MONTH: 0.0 INCH 5 = HAIL
GRTST 24HR 0.0 6 = FREEZING RAIN OR DRIZZLE
GRTST DEPTH: 0 7 = DUSTSTORM OR SANDSTORM:
VSBY 1/2 MILE OR LESS
8 = SMOKE OR HAZE
[NO. OF DAYS WITH] [WEATHER - DAYS WITH] 9 = BLOWING SNOW
X = TORNADO
MAX 32 OR BELOW: 0 0.01 INCH OR MORE: 16
MAX 90 OR ABOVE: 6 0.10 INCH OR MORE: 10
MIN 32 OR BELOW: 0 0.50 INCH OR MORE: 3
MIN 0 OR BELOW: 0 1.00 INCH OR MORE: 0
[HDD (BASE 65) ]
TOTAL THIS MO. 64 CLEAR (SCALE 0-3) 30
DPTR FM NORMAL -61 PTCLDY (SCALE 4-7) 0
TOTAL FM JUL 1 7534 CLOUDY (SCALE 8-10) 0
DPTR FM NORMAL -712
[CDD (BASE 65) ]
TOTAL THIS MO. 93
DPTR FM NORMAL 45 [PRESSURE DATA]
TOTAL FM JAN 1 113 HIGHEST SLP M ON M
DPTR FM NORMAL 59 LOWEST SLP 29.14 ON 7
[REMARKS]
#FINAL-06-20#