000
CXUS51 KOKX 012025
CLAJFK
CLIMATE REPORT
NATIONAL WEATHER SERVICE NEW YORK, NY
325 PM EST SAT JAN 01 2022
...................................
...THE KENNEDY NY CLIMATE SUMMARY FOR THE YEAR OF 2021...
CLIMATE NORMAL PERIOD 1991 TO 2020
CLIMATE RECORD PERIOD 1948 TO 2021
WEATHER OBSERVED NORMAL DEPART LAST YEAR`S
VALUE DATE(S) VALUE FROM VALUE DATE(S)
NORMAL
................................................................
TEMPERATURE (F)
RECORD
HIGH 104 07/03/1966
LOW -2 01/21/1985
02/08/1963
HIGHEST 94 05/22 MM MM 97 07/20
LOWEST 15 01/30 MM MM 14 02/15
AVG. MAXIMUM 63.4 61.6 1.8 63.6
AVG. MINIMUM 48.7 47.0 1.7 48.8
MEAN 56.0 54.3 1.7 56.2
DAYS MAX >= 90 10 10.8 -0.8 12
DAYS MAX <= 32 7 14.2 -7.2 4
DAYS MIN <= 32 69 74.0 -5.0 50
DAYS MIN <= 0 0 0.0 0.0 0
PRECIPITATION (INCHES)
RECORD
MAXIMUM 59.12 1983
MINIMUM MM MM
TOTALS 43.46 43.29 0.17 40.89
DAILY AVG. 0.12 0.12 0.00 0.11
DAYS >= .01 125 121.2 3.8 133
DAYS >= .10 71 73.8 -2.8 80
DAYS >= .50 31 29.7 1.3 29
DAYS >= 1.00 7 11.3 -4.3 12
GREATEST
24 HR. TOTAL 4.39 08/21 TO 08/22 2.33 07/10 TO 07/10
STORM TOTAL 3.24 MM
(MM/DD(HH)) MM
SNOWFALL (INCHES)
RECORDS
TOTAL 61.9 2003
24 HR TOTAL 30.3 MM
SNOW DEPTH 28 01/24/2016
02/18/2003
TOTALS 27.5 25.9 1.6 9.1
LIQUID EQUIV 2.80 2.50 0.30 0.90
SINCE 7/1 0.2 4.9 -4.7 MM
LIQUID 7/1 0.02 0.40 -0.38 MM
SNOWDEPTH AVG. 0 0
DAYS >= TRACE 29 14.0 15.0 12
DAYS >= 1.0 4 6.0 -2.0 3
GREATEST
SNOW DEPTH 13 02/02 7 12/18
12/19
24 HR TOTAL 11.9 02/01 TO 02/01 7.2 12/16 TO 12/17
STORM TOTAL 11.9 7.2
(MM/DD(HH)) MM
DEGREE DAYS
HEATING TOTAL 4322 4872 -550 4291
SINCE 7/1 1317 1664 -347 MM
COOLING TOTAL 1197 1016 181 726
SINCE 1/1 1197 1016 181 MM
................................................................
WIND (MPH)
AVERAGE WIND SPEED 11.2
RESULTANT WIND SPEED/DIRECTION 3/280
HIGHEST WIND SPEED/DIRECTION 46/310 DATE 03/14
HIGHEST GUST SPEED/DIRECTION 55/290 DATE 03/13
SKY COVER
POSSIBLE SUNSHINE (PERCENT) MM
AVERAGE SKY COVER 0.64
NUMBER OF DAYS FAIR 61
NUMBER OF DAYS PC 155
NUMBER OF DAYS CLOUDY 149
AVERAGE RH (PERCENT) 67
WEATHER CONDITIONS. NUMBER OF DAYS WITH
THUNDERSTORM 35 MIXED PRECIP 2
HEAVY RAIN 20 RAIN 51
LIGHT RAIN 146 FREEZING RAIN 0
LT FREEZING RAIN 5 HAIL 1
HEAVY SNOW 3 SNOW 3
LIGHT SNOW 24 SLEET 7
FOG 132 FOG W/VIS <= 1/4 MILE 18
HAZE 17
- INDICATES NEGATIVE NUMBERS.
R INDICATES RECORD WAS SET OR TIED.
MM INDICATES DATA IS MISSING.
T INDICATES TRACE AMOUNT.
$$