000
CXUS55 KJKL 011410
CF6JKL
PRELIMINARY LOCAL CLIMATOLOGICAL DATA (WS FORM: F-6)
STATION: JACKSON KY
MONTH: JANUARY
YEAR: 2022
LATITUDE: 37 35 N
LONGITUDE: 83 19 W
TEMPERATURE IN F: :PCPN: SNOW: WIND :SUNSHINE: SKY :PK WND
================================================================================
1 2 3 4 5 6A 6B 7 8 9 10 11 12 13 14 15 16 17 18
12Z AVG MX 2MIN
DY MAX MIN AVG DEP HDD CDD WTR SNW DPTH SPD SPD DIR MIN PSBL S-S WX SPD DR
================================================================================
1 72 55 64 28 1 0 3.38 0.0 0 4.4 17 210 M M 9 1238 35 220
2 56 32 44 8 21 0 0.21 T 0 6.0 15 300 M M 10 1 23 290
3 34 25 30 -6 35 0 0.03 0.3 T 5.4 14 40 M M 7 1 27 40
4 48 22 35 -1 30 0 0.00 0.0 0 4.2 12 200 M M 0 23 200
5 54 37 46 10 19 0 0.00 0.0 0 8.7 16 250 M M 0 31 250
6 37 18 28 -8 37 0 0.61 6.9 0 4.5 14 290 M M 6 24 290
7 18 11 15 -21 50 0 0.01 0.9 8 3.9 13 280 M M 7 20 290
8 49 10 30 -6 35 0 0.00 0.0 5 4.8 10 210 M M 1 17 210
9 48 30 39 3 26 0 1.73 0.0 1 6.7 17 330 M M 8 12 28 300
10 36 21 29 -7 36 0 0.00 0.0 0 5.7 14 270 M M 0 23 290
11 37 17 27 -9 38 0 0.00 0.0 0 3.6 10 200 M M 0 15 200
12 53 30 42 6 23 0 0.00 0.0 0 6.0 14 230 M M 0 23 210
13 55 39 47 12 18 0 0.01 0.0 0 5.8 13 280 M M 5 22 220
14 42 34 38 3 27 0 0.00 0.0 0 4.1 9 300 M M 8 1 14 50
15 40 28 34 -1 31 0 0.00 0.0 0 5.5 10 40 M M 6 19 50
16 33 27 30 -5 35 0 0.75 3.2 0 5.9 13 300 M M 8 1246 22 320
17 29 24 27 -8 38 0 0.05 0.4 3 7.7 15 270 M M 10 1 28 270
18 39 25 32 -3 33 0 T T 2 3.9 10 200 M M 6 1 18 250
19 44 36 40 5 25 0 0.52 0.0 1 5.5 12 10 M M 7 12 23 10
20 40 20 30 -6 35 0 0.29 1.1 1 4.8 12 20 M M 10 1 23 360
21 22 15 19 -17 46 0 T T 1 4.3 9 50 M M 10 1 16 40
22 33 13 23 -13 42 0 0.00 0.0 1 3.0 9 230 M M 4 15 220
23 39 22 31 -5 34 0 0.00 0.0 1 7.2 17 250 M M 5 31 260
24 46 22 34 -2 31 0 T 0.0 T 4.6 13 200 M M 6 23 190
25 44 23 34 -2 31 0 0.00 0.0 0 4.5 12 300 M M 9 1 18 10
26 31 16 24 -12 41 0 0.00 0.0 0 2.6 7 320 M M 2 11 10
27 42 14 28 -8 37 0 T T 0 2.0 12 270 M M 6 22 270
28 39 23 31 -5 34 0 0.11 2.3 0 3.5 10 30 M M 10 1 18 20
29 24 6 15 -21 50 0 0.01 0.1 2 4.8 13 330 M M 4 1 22 320
30 45 18 32 -4 33 0 0.00 0.0 1 5.0 14 230 M M 2 25 260
31 45 26 36 -1 29 0 0.00 0.0 T 2.8 8 200 M M 0 13 200
================================================================================
SM 1274 739 1001 0 7.71 15.2 151.4 M 166
================================================================================
AV 41.1 23.8 4.9 FASTST M M 5 MAX(MPH)
MISC ----> # 17 210 35 220
================================================================================
NOTES:
# LAST OF SEVERAL OCCURRENCES
COLUMN 17 PEAK WIND IN M.P.H.
PRELIMINARY LOCAL CLIMATOLOGICAL DATA (WS FORM: F-6) , PAGE 2
STATION: JACKSON KY
MONTH: JANUARY
YEAR: 2022
LATITUDE: 37 35 N
LONGITUDE: 83 19 W
[TEMPERATURE DATA] [PRECIPITATION DATA] SYMBOLS USED IN COLUMN 16
AVERAGE MONTHLY: 32.5 TOTAL FOR MONTH: 7.71 1 = FOG OR MIST
DPTR FM NORMAL: -3.3 DPTR FM NORMAL: 3.75 2 = FOG REDUCING VISIBILITY
HIGHEST: 72 ON 1 GRTST 24HR 3.38 ON 1- 1 TO 1/4 MILE OR LESS
LOWEST: 6 ON 29 3 = THUNDER
SNOW, ICE PELLETS, HAIL 4 = ICE PELLETS
TOTAL MONTH: 15.2 INCHES 5 = HAIL
GRTST 24HR 6.9 ON 6- 6 6 = FREEZING RAIN OR DRIZZLE
GRTST DEPTH: 8 ON 7 7 = DUSTSTORM OR SANDSTORM:
VSBY 1/2 MILE OR LESS
8 = SMOKE OR HAZE
[NO. OF DAYS WITH] [WEATHER - DAYS WITH] 9 = BLOWING SNOW
X = TORNADO
MAX 32 OR BELOW: 5 0.01 INCH OR MORE: 13
MAX 90 OR ABOVE: 0 0.10 INCH OR MORE: 8
MIN 32 OR BELOW: 26 0.50 INCH OR MORE: 5
MIN 0 OR BELOW: 0 1.00 INCH OR MORE: 2
[HDD (BASE 65) ]
TOTAL THIS MO. 1001 CLEAR (SCALE 0-3) 9
DPTR FM NORMAL 96 PTCLDY (SCALE 4-7) 14
TOTAL FM JUL 1 2187 CLOUDY (SCALE 8-10) 8
DPTR FM NORMAL -290
[CDD (BASE 65) ]
TOTAL THIS MO. 0
DPTR FM NORMAL 0 [PRESSURE DATA]
TOTAL FM JAN 1 0 HIGHEST SLP 30.59 ON 11
DPTR FM NORMAL 0 LOWEST SLP 29.48 ON 17
[REMARKS]
#FINAL-01-22#