000
CXUS54 KFWD 251721
CF6JWY
PRELIMINARY LOCAL CLIMATOLOGICAL DATA (WS FORM: F-6)
STATION: WAXAHACHIE
MONTH: MARCH
YEAR: 2021
LATITUDE: 32 27 N
LONGITUDE: 96 54 W
TEMPERATURE IN F: :PCPN: SNOW: WIND :SUNSHINE: SKY :PK WND
================================================================================
1 2 3 4 5 6A 6B 7 8 9 10 11 12 13 14 15 16 17 18
12Z AVG MX 2MIN
DY MAX MIN AVG DEP HDD CDD WTR SNW DPTH SPD SPD DIR MIN PSBL S-S WX SPD DR
================================================================================
1 55 43 49 -2 16 0 0.15 M M 7.7 18 10 M M 9 25 10
2 63 35 49 -2 16 0 0.00 M M 1.7 6 320 M M 1 M M
3 68 37 53 1 12 0 0.00 M M 3.9 10 200 M M 0 16 180
4 71 42 57 5 8 0 0.00 M M 6.6 15 150 M M 0 22 150
5 72 51 62 10 3 0 0.00 M M 9.3 14 30 M M 6 23 340
6 64 39 52 0 13 0 0.00 M M 5.3 10 60 M M 1 18 50
7 65 36 51 -2 14 0 0.00 M M 3.9 10 150 M M 1 17 140
8 70 40 55 2 10 0 0.00 M M 5.7 16 180 M M 1 21 180
9 71 55 63 10 2 0 0.00 M M 11.7 18 180 M M 7 29 180
10 74 60 67 13 0 2 0.00 M M 16.7 22 170 M M 8 30 190
11 76 66 71 17 0 6 0.00 M M 14.1 25 160 M M 9 32 160
12 77 65 71 17 0 6 0.00 M M 10.7 20 180 M M 9 1 25 160
13 76 64 70 16 0 5 0.00 M M 10.4 17 150 M M 7 25 140
14 74 49 62 7 3 0 0.04 M M 7.6 20 150 M M 6 26 170
15 81 46 64 9 1 0 0.00 M M 7.3 16 230 M M 1 25 230
16 77 58 68 13 0 3 M M M 7.4 14 190 M M 5 1 22 150
17 70 47 59 3 6 0 0.41 M M 16.4 28 280 M M 5 3 47 220
18 60 43 52 -4 13 0 0.00 M M 16.4 23 310 M M 1 32 310
19 64 40 52 -4 13 0 0.00 M M 6.4 15 350 M M 1 21 350
20 67 41 54 -2 11 0 0.00 M M 2.4 6 110 M M 0 M M
21 67 40 54 -3 11 0 0.00 M M 6.9 16 180 M M 0 22 160
22 63 53 58 1 7 0 0.50 M M 9.2 22 160 M M 7 3 29 160
23 73 44 59 2 6 0 M M M 6.9 13 210 M M 0 21 240
24 75 51 63 5 2 0 0.11 M M 6.8 14 160 M M 4 32 160
25 68 48 58 0 7 0 0.37 M M 7.1 18 280 M M 5 3 31 280
26 76 44 60 2 5 0 0.00 M M 5.3 14 150 M M 0 21 150
27 78 53 66 8 0 1 0.00 M M 5.9 20 350 M M 6 1 29 350
28 71 46 59 0 6 0 0.00 M M 9.4 20 350 M M 0 29 350
29 75 43 59 0 6 0 0.00 M M 7.6 15 170 M M 2 23 170
30 79 56 68 9 0 3 0.00 M M 8.9 20 190 M M 7 28 200
31 67 49 58 -2 7 0 0.00 M M 11.5 18 50 M M 5 30 10
================================================================================
SM 2187 1484 198 26 1.58 M 257.1 M 114
================================================================================
AV 70.5 47.9 8.3 FASTST M M 4 MAX(MPH)
MISC ----> 28 280 47 220
================================================================================
NOTES:
# LAST OF SEVERAL OCCURRENCES
COLUMN 17 PEAK WIND IN M.P.H.
PRELIMINARY LOCAL CLIMATOLOGICAL DATA (WS FORM: F-6) , PAGE 2
STATION: WAXAHACHIE
MONTH: MARCH
YEAR: 2021
LATITUDE: 32 27 N
LONGITUDE: 96 54 W
[TEMPERATURE DATA] [PRECIPITATION DATA] SYMBOLS USED IN COLUMN 16
AVERAGE MONTHLY: 59.2 TOTAL FOR MONTH: 1.58 1 = FOG OR MIST
DPTR FM NORMAL: 4.0 DPTR FM NORMAL: -2.26 2 = FOG REDUCING VISIBILITY
HIGHEST: 81 ON 15 GRTST 24HR 0.50 ON 22-22 TO 1/4 MILE OR LESS
LOWEST: 35 ON 2 3 = THUNDER
SNOW, ICE PELLETS, HAIL 4 = ICE PELLETS
TOTAL MONTH: M 5 = HAIL
GRTST 24HR M ON M 6 = FREEZING RAIN OR DRIZZLE
GRTST DEPTH: M ON M 7 = DUSTSTORM OR SANDSTORM:
VSBY 1/2 MILE OR LESS
8 = SMOKE OR HAZE
[NO. OF DAYS WITH] [WEATHER - DAYS WITH] 9 = BLOWING SNOW
X = TORNADO
MAX 32 OR BELOW: 0 0.01 INCH OR MORE: 6
MAX 90 OR ABOVE: 0 0.10 INCH OR MORE: 5
MIN 32 OR BELOW: 0 0.50 INCH OR MORE: 1
MIN 0 OR BELOW: 0 1.00 INCH OR MORE: 0
[HDD (BASE 65) ]
TOTAL THIS MO. 198 CLEAR (SCALE 0-3) 15
DPTR FM NORMAL -119 PTCLDY (SCALE 4-7) 13
TOTAL FM JUL 1 2037 CLOUDY (SCALE 8-10) 3
DPTR FM NORMAL -381
[CDD (BASE 65) ]
TOTAL THIS MO. 26
DPTR FM NORMAL 12 [PRESSURE DATA]
TOTAL FM JAN 1 26 HIGHEST SLP M ON M
DPTR FM NORMAL 9 LOWEST SLP M ON M
[REMARKS]
#FINAL-03-21#