000
CXUS53 KGRR 011010
CF6JXN
PRELIMINARY LOCAL CLIMATOLOGICAL DATA (WS FORM: F-6)
STATION: JACKSON
MONTH: FEBRUARY
YEAR: 2023
LATITUDE: 42 16 N
LONGITUDE: 84 28 W
TEMPERATURE IN F: :PCPN: SNOW: WIND :SUNSHINE: SKY :PK WND
================================================================================
1 2 3 4 5 6A 6B 7 8 9 10 11 12 13 14 15 16 17 18
12Z AVG MX 2MIN
DY MAX MIN AVG DEP HDD CDD WTR SNW DPTH SPD SPD DIR MIN PSBL S-S WX SPD DR
================================================================================
1 24 1 13 -11 52 0 0.00 M M 9.3 17 220 M M 2 1 22 210
2 33 16 25 1 40 0 T M M 13.4 24 230 M M 3 37 240
3 17 1 9 -15 56 0 T M M 6.8 16 320 M M 6 29 270
4 36 10 23 -1 42 0 0.00 M M 12.7 24 200 M M 4 33 200
5 41 31 36 12 29 0 T M M 14.7 23 210 M M 5 8 33 220
6 33 27 30 6 35 0 0.00 M M 7.7 16 120 M M 6 25 110
7 48 29 39 14 26 0 0.01 M M 14.2 25 250 M M 7 1 40 250
8 46 24 35 10 30 0 0.00 M M 4.0 10 100 M M 1 128 14 100
9 59 35 47 22 18 0 0.89 M M 12.7 30 210 M M 9 1 40 200
10 41 26 34 9 31 0 0.00 M M 11.9 23 250 M M 9 37 260
11 46 17 32 7 33 0 0.00 M M 6.4 15 220 M M 0 21 200
12 53 26 40 14 25 0 0.00 M M 6.8 15 220 M M 0 21 250
13 49 26 38 12 27 0 0.00 M M 9.6 22 250 M M 0 32 240
14 53 23 38 12 27 0 0.01 M M 8.5 23 160 M M 2 36 150
15 54 39 47 21 18 0 0.02 M M 19.1 36 220 M M 10 56 200
16 39 26 33 6 32 0 0.03 M M 10.4 20 40 M M 10 16 29 30
17 26 18 22 -5 43 0 T M M 9.7 18 320 M M 8 1 30 350
18 43 19 31 4 34 0 0.00 M M 12.2 23 230 M M 0 35 240
19 52 36 44 17 21 0 0.00 M M 13.4 26 210 M M 3 38 180
20 46 31 39 11 26 0 0.00 M M 4.9 10 130 M M 3 14 140
21 38 27 33 5 32 0 0.00 M M 11.3 28 240 M M 6 43 260
22 33 28 31 3 34 0 0.80 M M 12.9 24 70 M M 10 16 34 70
23 45 30 38 9 27 0 0.00 M M 11.1 26 250 M M 10 1 40 250
24 32 23 28 -1 37 0 T M M 8.0 20 290 M M 8 36 260
25 34 24 29 0 36 0 T M M 8.1 14 210 M M 9 1 20 210
26 48 25 37 7 28 0 0.00 M M 9.2 20 240 M M 2 1 31 250
27 37 22 30 0 35 0 1.17 M M 11.5 25 80 M M 8 16 42 60
28 48 34 41 11 24 0 T M M 9.6 23 270 M M 6 1 38 260
================================================================================
SM 1154 674 898 0 2.93 M 290.1 M 147
================================================================================
AV 41.2 24.1 10.4 FASTST M M 5 MAX(MPH)
MISC ----> 36 220 56 200
================================================================================
NOTES:
# LAST OF SEVERAL OCCURRENCES
COLUMN 17 PEAK WIND IN M.P.H.
PRELIMINARY LOCAL CLIMATOLOGICAL DATA (WS FORM: F-6) , PAGE 2
STATION: JACKSON
MONTH: FEBRUARY
YEAR: 2023
LATITUDE: 42 16 N
LONGITUDE: 84 28 W
[TEMPERATURE DATA] [PRECIPITATION DATA] SYMBOLS USED IN COLUMN 16
AVERAGE MONTHLY: 32.6 TOTAL FOR MONTH: 2.93 1 = FOG OR MIST
DPTR FM NORMAL: 6.0 DPTR FM NORMAL: 1.41 2 = FOG REDUCING VISIBILITY
HIGHEST: 59 ON 9 GRTST 24HR 1.17 ON 27-27 TO 1/4 MILE OR LESS
LOWEST: 1 ON 3, 1 3 = THUNDER
SNOW, ICE PELLETS, HAIL 4 = ICE PELLETS
TOTAL MONTH: M 5 = HAIL
GRTST 24HR M ON M 6 = FREEZING RAIN OR DRIZZLE
GRTST DEPTH: M ON M 7 = DUSTSTORM OR SANDSTORM:
VSBY 1/2 MILE OR LESS
8 = SMOKE OR HAZE
[NO. OF DAYS WITH] [WEATHER - DAYS WITH] 9 = BLOWING SNOW
X = TORNADO
MAX 32 OR BELOW: 4 0.01 INCH OR MORE: 7
MAX 90 OR ABOVE: 0 0.10 INCH OR MORE: 3
MIN 32 OR BELOW: 24 0.50 INCH OR MORE: 3
MIN 0 OR BELOW: 0 1.00 INCH OR MORE: 1
[HDD (BASE 65) ]
TOTAL THIS MO. 898 CLEAR (SCALE 0-3) 11
DPTR FM NORMAL -178 PTCLDY (SCALE 4-7) 10
TOTAL FM JUL 1 4222 CLOUDY (SCALE 8-10) 7
DPTR FM NORMAL -549
[CDD (BASE 65) ]
TOTAL THIS MO. 0
DPTR FM NORMAL 0 [PRESSURE DATA]
TOTAL FM JAN 1 0 HIGHEST SLP 30.63 ON 24
DPTR FM NORMAL 0 LOWEST SLP 29.20 ON 27
[REMARKS]
#FINAL-02-23#