000
CXUS53 KGRR 010910
CF6JXN
PRELIMINARY LOCAL CLIMATOLOGICAL DATA (WS FORM: F-6)
STATION: JACKSON
MONTH: AUGUST
YEAR: 2021
LATITUDE: 42 16 N
LONGITUDE: 84 28 W
TEMPERATURE IN F: :PCPN: SNOW: WIND :SUNSHINE: SKY :PK WND
================================================================================
1 2 3 4 5 6A 6B 7 8 9 10 11 12 13 14 15 16 17 18
12Z AVG MX 2MIN
DY MAX MIN AVG DEP HDD CDD WTR SNW DPTH SPD SPD DIR MIN PSBL S-S WX SPD DR
================================================================================
1 75 55 65 -6 0 0 0.12 M M 5.9 17 350 M M 5 138 28 340
2 77 48 63 -8 2 0 0.00 M M 3.5 10 260 M M 2 1 17 300
3 79 53 66 -5 0 1 0.00 M M 2.6 8 310 M M 3 1 16 270
4 84 54 69 -2 0 4 0.00 M M 2.2 9 340 M M 1 1 14 320
5 84 57 71 0 0 6 0.00 M M 3.5 10 220 M M 2 1 15 230
6 84 60 72 1 0 7 0.57 M M 6.4 21 230 M M 4 138 29 230
7 83 65 74 3 0 9 0.07 M M 4.6 10 280 M M 4 13 18 270
8 87 71 79 8 0 14 0.00 M M 8.3 17 160 M M 1 18 24 190
9 85 70 78 7 0 13 0.00 M M 10.1 21 170 M M 2 30 170
10 87 72 80 9 0 15 0.11 M M 9.9 25 270 M M 4 3 42 260
11 88 68 78 7 0 13 3.04 M M 7.5 29 240 M M 3 138 46 230
12 85 69 77 7 0 12 0.77 M M 9.7 30 190 M M 5 138 50 180
13 81 59 70 0 0 5 0.00 M M 5.8 13 260 M M 4 20 280
14 78 57 68 -2 0 3 0.00 M M 5.1 13 360 M M 0 20 360
15 79 52 66 -4 0 1 0.00 M M 3.3 10 80 M M 0 1 17 20
16 78 56 67 -3 0 2 0.00 M M 3.7 10 40 M M 3 12 15 40
17 82 58 70 0 0 5 0.00 M M 2.0 9 160 M M 5 12 13 150
18 86 63 75 5 0 10 0.00 M M 3.0 10 40 M M 2 18 15 40
19 88 64 76 6 0 11 0.00 M M 1.8 8 330 M M 2 128 15 10
20 88 62 75 5 0 10 0.00 M M 1.9 8 30 M M 1 1 12 30
21 88 63 76 6 0 11 0.00 M M 2.7 12 220 M M 1 128 17 220
22 88 64 76 7 0 11 0.20 M M 3.5 14 270 M M 2 128 23 270
23 84 63 74 5 0 9 0.00 M M 4.0 13 280 M M 1 12 18 280
24 91 67 79 10 0 14 0.27 M M 3.6 16 350 M M 5 13 26 350
25 88 70 79 10 0 14 0.22 M M 4.3 9 230 M M 2 13 13 240
26 89 72 81 12 0 16 0.00 M M 2.6 12 280 M M 1 18 300
27 87 73 80 11 0 15 0.02 M M 4.6 12 190 M M 4 1 18 200
28 91 70 81 13 0 16 0.00 M M 6.1 15 170 M M 1 18 20 220
29 90 69 80 12 0 15 0.20 M M 9.2 24 250 M M 2 13 36 240
30 82 64 73 5 0 8 0.00 M M 3.9 12 230 M M 2 1 21 230
31 81 56 69 1 0 4 0.00 M M 5.0 15 20 M M 1 1 21 10
================================================================================
SM 2617 1944 2 274 5.59 M 150.3 M 75
================================================================================
AV 84.4 62.7 4.8 FASTST M M 2 MAX(MPH)
MISC ----> 30 190 50 180
================================================================================
NOTES:
# LAST OF SEVERAL OCCURRENCES
COLUMN 17 PEAK WIND IN M.P.H.
PRELIMINARY LOCAL CLIMATOLOGICAL DATA (WS FORM: F-6) , PAGE 2
STATION: JACKSON
MONTH: AUGUST
YEAR: 2021
LATITUDE: 42 16 N
LONGITUDE: 84 28 W
[TEMPERATURE DATA] [PRECIPITATION DATA] SYMBOLS USED IN COLUMN 16
AVERAGE MONTHLY: 73.6 TOTAL FOR MONTH: 5.59 1 = FOG OR MIST
DPTR FM NORMAL: 3.7 DPTR FM NORMAL: 1.78 2 = FOG REDUCING VISIBILITY
HIGHEST: 91 ON 28,24 GRTST 24HR 3.80 ON 11-12 TO 1/4 MILE OR LESS
LOWEST: 48 ON 2 3 = THUNDER
SNOW, ICE PELLETS, HAIL 4 = ICE PELLETS
TOTAL MONTH: M 5 = HAIL
GRTST 24HR M ON M 6 = FREEZING RAIN OR DRIZZLE
GRTST DEPTH: M ON M 7 = DUSTSTORM OR SANDSTORM:
VSBY 1/2 MILE OR LESS
8 = SMOKE OR HAZE
[NO. OF DAYS WITH] [WEATHER - DAYS WITH] 9 = BLOWING SNOW
X = TORNADO
MAX 32 OR BELOW: 0 0.01 INCH OR MORE: 11
MAX 90 OR ABOVE: 3 0.10 INCH OR MORE: 9
MIN 32 OR BELOW: 0 0.50 INCH OR MORE: 3
MIN 0 OR BELOW: 0 1.00 INCH OR MORE: 1
[HDD (BASE 65) ]
TOTAL THIS MO. 2 CLEAR (SCALE 0-3) 22
DPTR FM NORMAL -16 PTCLDY (SCALE 4-7) 9
TOTAL FM JUL 1 2 CLOUDY (SCALE 8-10) 0
DPTR FM NORMAL -21
[CDD (BASE 65) ]
TOTAL THIS MO. 274
DPTR FM NORMAL 104 [PRESSURE DATA]
TOTAL FM JAN 1 756 HIGHEST SLP 30.29 ON 15
DPTR FM NORMAL 192 LOWEST SLP 29.77 ON 11
[REMARKS]
#FINAL-08-21#