000
CXUS53 KGRR 010910
CF6JXN
PRELIMINARY LOCAL CLIMATOLOGICAL DATA (WS FORM: F-6)
STATION: JACKSON
MONTH: OCTOBER
YEAR: 2023
LATITUDE: 42 16 N
LONGITUDE: 84 28 W
TEMPERATURE IN F: :PCPN: SNOW: WIND :SUNSHINE: SKY :PK WND
================================================================================
1 2 3 4 5 6A 6B 7 8 9 10 11 12 13 14 15 16 17 18
12Z AVG MX 2MIN
DY MAX MIN AVG DEP HDD CDD WTR SNW DPTH SPD SPD DIR MIN PSBL S-S WX SPD DR
================================================================================
1 79 50 65 8 0 0 0.00 M M 1.9 9 150 M M 0 12 13 150
2 83 52 68 12 0 3 0.00 M M 0.9 7 160 M M 0 1 10 220
3 85 54 70 14 0 5 0.00 M M 3.7 13 190 M M 0 1 19 190
4 81 58 70 14 0 5 0.00 M M 6.2 16 190 M M 0 24 190
5 71 59 65 10 0 0 0.79 M M 7.5 16 170 M M 7 1 22 170
6 64 45 55 0 10 0 0.10 M M 9.4 20 220 M M 5 1 30 260
7 56 39 48 -6 17 0 0.09 M M 8.6 17 280 M M 7 1 32 260
8 55 36 46 -8 19 0 T M M 7.2 17 250 M M 3 27 250
9 53 39 46 -8 19 0 0.00 M M 8.0 20 250 M M 7 32 240
10 51 38 45 -8 20 0 0.01 M M 4.1 13 230 M M 9 1 21 240
11 63 44 54 1 11 0 0.00 M M 3.4 13 220 M M 7 18 210
12 59 44 52 -1 13 0 0.00 M M 4.5 13 40 M M 9 1 19 20
13 54 47 51 -1 14 0 0.23 M M 9.6 16 70 M M 10 1 26 60
14 52 46 49 -3 16 0 0.38 M M 10.6 18 40 M M 10 1 27 30
15 54 39 47 -5 18 0 0.00 M M 7.3 15 310 M M 8 1 24 340
16 53 44 49 -2 16 0 0.00 M M 5.2 13 330 M M 10 1 19 320
17 55 40 48 -3 17 0 0.00 M M 3.2 10 230 M M 8 16 230
18 64 41 53 3 12 0 0.00 M M 7.9 18 190 M M 3 1 27 160
19 54 49 52 2 13 0 0.34 M M 7.8 14 200 M M 9 1 22 160
20 55 45 50 0 15 0 0.11 M M 7.4 16 270 M M 10 1 24 290
21 48 35 42 -7 23 0 0.15 M M 4.7 12 330 M M 6 1 20 340
22 51 31 41 -8 24 0 0.00 M M 4.6 12 300 M M 4 1 19 310
23 59 28 44 -5 21 0 0.00 M M 4.8 13 130 M M 0 1 18 160
24 79 49 64 16 1 0 0.00 M M 10.4 17 190 M M 2 27 180
25 67 59 63 15 2 0 0.07 M M 8.3 16 210 M M 8 18 28 220
26 72 62 67 19 0 2 T M M 10.2 23 190 M M 7 31 200
27 74 57 66 19 0 1 0.17 M M 10.8 22 200 M M 8 1 31 220
28 57 43 50 3 15 0 0.12 M M 7.7 16 280 M M 7 1 25 270
29 46 40 43 -4 22 0 0.26 M M 6.6 13 350 M M 10 1 19 320
30 42 26 34 -12 31 0 0.02 M M 5.8 16 290 M M 8 1 26 280
31 41 26 34 -12 31 0 T M M 7.3 17 180 M M 8 1 26 180
================================================================================
SM 1877 1365 400 16 2.84 M 205.6 M 190
================================================================================
AV 60.5 44.0 6.6 FASTST M M 6 MAX(MPH)
MISC ----> 23 190 # 32 260
================================================================================
NOTES:
# LAST OF SEVERAL OCCURRENCES
COLUMN 17 PEAK WIND IN M.P.H.
PRELIMINARY LOCAL CLIMATOLOGICAL DATA (WS FORM: F-6) , PAGE 2
STATION: JACKSON
MONTH: OCTOBER
YEAR: 2023
LATITUDE: 42 16 N
LONGITUDE: 84 28 W
[TEMPERATURE DATA] [PRECIPITATION DATA] SYMBOLS USED IN COLUMN 16
AVERAGE MONTHLY: 52.3 TOTAL FOR MONTH: 2.84 1 = FOG OR MIST
DPTR FM NORMAL: 1.1 DPTR FM NORMAL: -0.08 2 = FOG REDUCING VISIBILITY
HIGHEST: 85 ON 3 GRTST 24HR 0.79 ON 5- 5 TO 1/4 MILE OR LESS
LOWEST: 26 ON 31,30 3 = THUNDER
SNOW, ICE PELLETS, HAIL 4 = ICE PELLETS
TOTAL MONTH: M 5 = HAIL
GRTST 24HR M ON M 6 = FREEZING RAIN OR DRIZZLE
GRTST DEPTH: M ON M 7 = DUSTSTORM OR SANDSTORM:
VSBY 1/2 MILE OR LESS
8 = SMOKE OR HAZE
[NO. OF DAYS WITH] [WEATHER - DAYS WITH] 9 = BLOWING SNOW
X = TORNADO
MAX 32 OR BELOW: 0 0.01 INCH OR MORE: 14
MAX 90 OR ABOVE: 0 0.10 INCH OR MORE: 10
MIN 32 OR BELOW: 4 0.50 INCH OR MORE: 1
MIN 0 OR BELOW: 0 1.00 INCH OR MORE: 0
[HDD (BASE 65) ]
TOTAL THIS MO. 400 CLEAR (SCALE 0-3) 7
DPTR FM NORMAL -34 PTCLDY (SCALE 4-7) 12
TOTAL FM JUL 1 522 CLOUDY (SCALE 8-10) 12
DPTR FM NORMAL -73
[CDD (BASE 65) ]
TOTAL THIS MO. 16
DPTR FM NORMAL 9 [PRESSURE DATA]
TOTAL FM JAN 1 472 HIGHEST SLP 30.37 ON 1
DPTR FM NORMAL -162 LOWEST SLP 29.51 ON 20
[REMARKS]
#FINAL-10-23#