000
CXUS53 KGRR 010910
CF6JXN
PRELIMINARY LOCAL CLIMATOLOGICAL DATA (WS FORM: F-6)
STATION: JACKSON
MONTH: SEPTEMBER
YEAR: 2023
LATITUDE: 42 16 N
LONGITUDE: 84 28 W
TEMPERATURE IN F: :PCPN: SNOW: WIND :SUNSHINE: SKY :PK WND
================================================================================
1 2 3 4 5 6A 6B 7 8 9 10 11 12 13 14 15 16 17 18
12Z AVG MX 2MIN
DY MAX MIN AVG DEP HDD CDD WTR SNW DPTH SPD SPD DIR MIN PSBL S-S WX SPD DR
================================================================================
1 78 46 62 -5 3 0 0.00 M M 3.8 12 150 M M 0 15 150
2 81 51 66 -1 0 1 0.00 M M 6.7 18 200 M M 0 25 200
3 86 63 75 8 0 10 0.00 M M 8.4 18 210 M M 0 26 240
4 87 70 79 12 0 14 0.00 M M 6.9 16 220 M M 1 22 230
5 89 69 79 13 0 14 0.00 M M 6.7 17 230 M M 2 3 28 240
6 81 63 72 6 0 7 0.50 M M 7.0 18 160 M M 5 138 27 170
7 71 63 67 1 0 2 0.29 M M 5.8 10 290 M M 9 1 16 260
8 64 58 61 -5 4 0 0.01 M M 4.7 8 330 M M 10 1 12 330
9 70 52 61 -4 4 0 0.00 M M 3.3 9 340 M M 8 12 14 340
10 75 48 62 -3 3 0 0.00 M M 2.0 9 300 M M 3 12 13 320
11 71 50 61 -3 4 0 0.45 M M 3.5 15 210 M M 6 1 21 210
12 70 55 63 -1 2 0 0.19 M M 5.5 13 310 M M 8 1 20 310
13 66 43 55 -9 10 0 0.00 M M 2.7 10 10 M M 2 1 17 270
14 71 42 57 -6 8 0 0.00 M M 1.1 7 140 M M 3 1 11 100
15 72 44 58 -5 7 0 0.00 M M 3.1 12 150 M M 1 1 16 160
16 71 44 58 -5 7 0 0.00 M M 2.2 9 160 M M 1 1 12 170
17 70 50 60 -2 5 0 0.01 M M 2.4 10 360 M M 4 12 16 340
18 67 50 59 -3 6 0 0.00 M M 4.8 13 310 M M 5 1 19 310
19 67 42 55 -7 10 0 T M M 2.3 9 220 M M 6 12 13 240
20 79 59 69 8 0 4 T M M 5.0 14 160 M M 5 19 160
21 80 57 69 8 0 4 0.00 M M 3.0 10 150 M M 2 15 140
22 80 58 69 9 0 4 0.00 M M 5.0 13 70 M M 1 1 17 60
23 73 46 60 0 5 0 0.00 M M 6.2 16 80 M M 0 1 23 40
24 77 44 61 1 4 0 0.00 M M 4.6 12 40 M M 0 12 16 40
25 66 57 62 3 3 0 T M M 4.5 12 40 M M 9 1 15 60
26 72 61 67 8 0 2 0.10 M M 7.6 16 80 M M 10 18 21 90
27 63 59 61 3 4 0 0.80 M M 8.0 15 110 M M 10 1 23 70
28 63 58 61 3 4 0 0.11 M M 6.3 10 40 M M 10 1 15 40
29 70 54 62 4 3 0 0.00 M M 2.3 7 90 M M 9 12 9 40
30 76 50 63 6 2 0 0.00 M M 1.6 8 80 M M 5 12 11 120
================================================================================
SM 2206 1606 98 62 2.46 M 137.0 M 135
================================================================================
AV 73.5 53.5 4.6 FASTST M M 5 MAX(MPH)
MISC ----> # 18 200 28 240
================================================================================
NOTES:
# LAST OF SEVERAL OCCURRENCES
COLUMN 17 PEAK WIND IN M.P.H.
PRELIMINARY LOCAL CLIMATOLOGICAL DATA (WS FORM: F-6) , PAGE 2
STATION: JACKSON
MONTH: SEPTEMBER
YEAR: 2023
LATITUDE: 42 16 N
LONGITUDE: 84 28 W
[TEMPERATURE DATA] [PRECIPITATION DATA] SYMBOLS USED IN COLUMN 16
AVERAGE MONTHLY: 63.5 TOTAL FOR MONTH: 2.46 1 = FOG OR MIST
DPTR FM NORMAL: 0.9 DPTR FM NORMAL: -0.52 2 = FOG REDUCING VISIBILITY
HIGHEST: 89 ON 5 GRTST 24HR 0.85 ON 27-28 TO 1/4 MILE OR LESS
LOWEST: 42 ON 19,14 3 = THUNDER
SNOW, ICE PELLETS, HAIL 4 = ICE PELLETS
TOTAL MONTH: M 5 = HAIL
GRTST 24HR M ON M 6 = FREEZING RAIN OR DRIZZLE
GRTST DEPTH: M ON M 7 = DUSTSTORM OR SANDSTORM:
VSBY 1/2 MILE OR LESS
8 = SMOKE OR HAZE
[NO. OF DAYS WITH] [WEATHER - DAYS WITH] 9 = BLOWING SNOW
X = TORNADO
MAX 32 OR BELOW: 0 0.01 INCH OR MORE: 9
MAX 90 OR ABOVE: 0 0.10 INCH OR MORE: 7
MIN 32 OR BELOW: 0 0.50 INCH OR MORE: 2
MIN 0 OR BELOW: 0 1.00 INCH OR MORE: 0
[HDD (BASE 65) ]
TOTAL THIS MO. 98 CLEAR (SCALE 0-3) 13
DPTR FM NORMAL -36 PTCLDY (SCALE 4-7) 8
TOTAL FM JUL 1 122 CLOUDY (SCALE 8-10) 9
DPTR FM NORMAL -41
[CDD (BASE 65) ]
TOTAL THIS MO. 62
DPTR FM NORMAL -1 [PRESSURE DATA]
TOTAL FM JAN 1 456 HIGHEST SLP 30.31 ON 30
DPTR FM NORMAL -171 LOWEST SLP 29.74 ON 7
[REMARKS]
#FINAL-09-23#