000
CXUS53 KIND 010700
CF6LAF
PRELIMINARY LOCAL CLIMATOLOGICAL DATA (WS FORM: F-6)
STATION: LAFAYETTE IN
MONTH: DECEMBER
YEAR: 2021
LATITUDE: 40 25 N
LONGITUDE: 86 56 W
TEMPERATURE IN F: :PCPN: SNOW: WIND :SUNSHINE: SKY :PK WND
================================================================================
1 2 3 4 5 6A 6B 7 8 9 10 11 12 13 14 15 16 17 18
12Z AVG MX 2MIN
DY MAX MIN AVG DEP HDD CDD WTR SNW DPTH SPD SPD DIR MIN PSBL S-S WX SPD DR
================================================================================
1 50 29 40 5 25 0 0.10 M M 4.1 13 170 M M 7 1 19 160
2 60 37 49 14 16 0 0.00 M M 8.7 22 280 M M 2 1 31 290
3 58 34 46 11 19 0 0.00 M M 7.3 13 40 M M 1 18 50
4 48 27 38 4 27 0 0.00 M M 4.7 14 360 M M 0 18 19 10
5 56 29 43 9 22 0 0.31 M M 10.1 18 310 M M 6 1 29 230
6 51 20 36 2 29 0 0.00 M M 17.6 32 280 M M 5 45 270
7 24 14 19 -14 46 0 0.00 M M 4.2 16 280 M M 3 21 290
8 38 23 31 -2 34 0 0.00 M M 6.6 17 280 M M 3 24 290
9 51 22 37 4 28 0 0.00 M M 7.0 18 190 M M 4 32 150
10 62 34 48 16 17 0 0.41 M M 6.2 22 170 M M 9 123 37 180
11 63 31 47 15 18 0 0.33 M M 15.9 39 270 M M 6 13 56 260
12 49 28 39 7 26 0 0.00 M M 7.1 20 230 M M 0 30 250
13 51 33 42 10 23 0 0.00 M M 4.6 13 240 M M 0 23 240
14 56 28 42 11 23 0 T M M 6.7 13 150 M M 3 20 190
15 64 49 57 26 8 0 0.20 M M 11.1 25 190 M M 10 1 45 170
16 62 30 46 15 19 0 0.11 M M 12.6 24 190 M M 5 1 42 210
17 38 22 30 0 35 0 0.01 M M 5.4 15 100 M M 4 1 19 90
18 38 30 34 4 31 0 0.35 M M 9.1 18 330 M M 9 1 26 340
19 36 28 32 2 33 0 0.00 M M 3.5 12 330 M M 8 15 330
20 41 26 34 4 31 0 0.00 M M 5.9 15 240 M M 0 1 23 230
21 45 22 34 4 31 0 0.00 M M 6.7 21 280 M M 1 12 31 240
22 32 20 26 -3 39 0 0.00 M M 8.9 22 300 M M 0 34 290
23 47 27 37 8 28 0 0.00 M M 6.2 16 200 M M 2 25 180
24 60 45 53 24 12 0 0.00 M M 9.7 18 190 M M 8 30 180
25 60 32 46 17 19 0 0.29 M M 6.8 18 10 M M 7 1 24 210
26 48 30 39 11 26 0 0.00 M M 6.9 21 120 M M 5 1 31 100
27 61 37 49 21 16 0 0.18 M M 8.7 22 280 M M 8 13 32 280
28 41 33 37 9 28 0 0.55 M M 6.1 22 80 M M 8 13 29 100
29 41 35 38 10 27 0 0.02 M M 6.1 13 60 M M 10 1 16 50
30 44 33 39 11 26 0 0.04 M M 4.5 13 60 M M 10 1 16 60
31 52 40 46 19 19 0 0.00 M M 3.8 13 130 M M 7 1 18 150
================================================================================
SM 1527 928 781 0 2.90 M 232.8 M 151
================================================================================
AV 49.3 29.9 7.5 FASTST M M 5 MAX(MPH)
MISC ----> 39 270 56 260
================================================================================
NOTES:
# LAST OF SEVERAL OCCURRENCES
COLUMN 17 PEAK WIND IN M.P.H.
PRELIMINARY LOCAL CLIMATOLOGICAL DATA (WS FORM: F-6) , PAGE 2
STATION: LAFAYETTE IN
MONTH: DECEMBER
YEAR: 2021
LATITUDE: 40 25 N
LONGITUDE: 86 56 W
[TEMPERATURE DATA] [PRECIPITATION DATA] SYMBOLS USED IN COLUMN 16
AVERAGE MONTHLY: 39.6 TOTAL FOR MONTH: 2.90 1 = FOG OR MIST
DPTR FM NORMAL: 8.6 DPTR FM NORMAL: 0.61 2 = FOG REDUCING VISIBILITY
HIGHEST: 64 ON 15 GRTST 24HR 0.74 ON 10-11 TO 1/4 MILE OR LESS
LOWEST: 14 ON 7 3 = THUNDER
SNOW, ICE PELLETS, HAIL 4 = ICE PELLETS
TOTAL MONTH: M 5 = HAIL
GRTST 24HR M ON M 6 = FREEZING RAIN OR DRIZZLE
GRTST DEPTH: M ON M 7 = DUSTSTORM OR SANDSTORM:
VSBY 1/2 MILE OR LESS
8 = SMOKE OR HAZE
[NO. OF DAYS WITH] [WEATHER - DAYS WITH] 9 = BLOWING SNOW
X = TORNADO
MAX 32 OR BELOW: 2 0.01 INCH OR MORE: 13
MAX 90 OR ABOVE: 0 0.10 INCH OR MORE: 10
MIN 32 OR BELOW: 20 0.50 INCH OR MORE: 1
MIN 0 OR BELOW: 0 1.00 INCH OR MORE: 0
[HDD (BASE 65) ]
TOTAL THIS MO. 781 CLEAR (SCALE 0-3) 11
DPTR FM NORMAL -273 PTCLDY (SCALE 4-7) 14
TOTAL FM JUL 1 1792 CLOUDY (SCALE 8-10) 6
DPTR FM NORMAL -432
[CDD (BASE 65) ]
TOTAL THIS MO. 0
DPTR FM NORMAL 0 [PRESSURE DATA]
TOTAL FM JAN 1 1353 HIGHEST SLP M ON M
DPTR FM NORMAL 470 LOWEST SLP 29.31 ON 11
[REMARKS]
#FINAL-12-21#