000
CXUS53 KIND 010700
CF6LAF
PRELIMINARY LOCAL CLIMATOLOGICAL DATA (WS FORM: F-6)
STATION: LAFAYETTE IN
MONTH: DECEMBER
YEAR: 2023
LATITUDE: 40 25 N
LONGITUDE: 86 56 W
TEMPERATURE IN F: :PCPN: SNOW: WIND :SUNSHINE: SKY :PK WND
================================================================================
1 2 3 4 5 6A 6B 7 8 9 10 11 12 13 14 15 16 17 18
12Z AVG MX 2MIN
DY MAX MIN AVG DEP HDD CDD WTR SNW DPTH SPD SPD DIR MIN PSBL S-S WX SPD DR
================================================================================
1 48 41 45 10 20 0 0.60 M M 3.2 13 200 M M 10 1 20 200
2 49 42 46 11 19 0 T M M 4.6 15 250 M M 10 1 24 240
3 43 36 40 5 25 0 0.11 M M 7.4 18 270 M M 10 1 26 280
4 41 27 34 0 31 0 0.00 M M 3.6 13 280 M M 7 1 16 280
5 43 35 39 5 26 0 0.09 M M 5.1 16 350 M M 10 1 21 360
6 38 28 33 -1 32 0 0.00 M M 6.5 13 270 M M 7 1 18 310
7 55 34 45 12 20 0 0.00 M M 7.9 17 230 M M 1 24 230
8 57 46 52 19 13 0 0.00 M M 9.6 17 210 M M 7 30 190
9 60 39 50 17 15 0 0.06 M M 13.2 24 270 M M 8 1 35 260
10 39 30 35 3 30 0 T T M 10.8 21 290 M M 10 168 28 290
11 37 27 32 0 33 0 0.00 M M 4.7 12 290 M M 5 15 300
12 45 23 34 2 31 0 0.00 M M 6.6 17 290 M M 0 24 310
13 43 21 32 0 33 0 0.00 M M 1.2 6 230 M M 2 8 170
14 52 20 36 5 29 0 0.00 M M 1.6 10 250 M M 0 8 14 260
15 56 27 42 11 23 0 0.00 M M 2.9 12 180 M M 0 19 170
16 49 39 44 13 21 0 0.49 M M 5.6 13 140 M M 6 1 20 140
17 46 35 41 11 24 0 0.01 M M 7.6 17 270 M M 10 12 25 270
18 36 22 29 -1 36 0 0.02 M M 14.7 29 320 M M 9 128 40 310
19 34 14 24 -6 41 0 0.00 M M 5.1 12 290 M M 0 17 310
20 48 30 39 9 26 0 0.00 M M 4.6 13 220 M M 1 18 210
21 50 30 40 10 25 0 0.00 M M 2.0 9 190 M M 7 13 200
22 47 43 45 16 20 0 0.39 M M 4.5 10 190 M M 10 1 17 190
23 51 44 48 19 17 0 0.26 M M 4.4 8 220 M M 10 1 13 190
24 60 46 53 24 12 0 T M M 5.1 9 110 M M 7 12 15 140
25 59 49 54 25 11 0 0.26 M M 11.2 20 120 M M 6 1 30 110
26 52 32 42 14 23 0 0.03 M M 3.7 13 280 M M 8 1 16 250
27 45 27 36 8 29 0 0.00 M M 5.1 17 20 M M 7 12 24 30
28 40 33 37 9 28 0 0.07 M M 5.8 15 290 M M 10 1 19 290
29 38 32 35 7 30 0 0.08 M M 3.1 13 290 M M 10 1 17 290
30 38 31 35 7 30 0 T M M 6.9 14 240 M M 9 1 22 250
31 35 30 33 6 32 0 0.01 M M 7.7 16 270 M M 9 16 24 280
================================================================================
SM 1434 1013 785 0 2.48 T 186.0 M 206
================================================================================
AV 46.3 32.7 6.0 FASTST M M 7 MAX(MPH)
MISC ----> 29 320 40 310
================================================================================
NOTES:
# LAST OF SEVERAL OCCURRENCES
COLUMN 17 PEAK WIND IN M.P.H.
PRELIMINARY LOCAL CLIMATOLOGICAL DATA (WS FORM: F-6) , PAGE 2
STATION: LAFAYETTE IN
MONTH: DECEMBER
YEAR: 2023
LATITUDE: 40 25 N
LONGITUDE: 86 56 W
[TEMPERATURE DATA] [PRECIPITATION DATA] SYMBOLS USED IN COLUMN 16
AVERAGE MONTHLY: 39.5 TOTAL FOR MONTH: 2.48 1 = FOG OR MIST
DPTR FM NORMAL: 8.5 DPTR FM NORMAL: 0.19 2 = FOG REDUCING VISIBILITY
HIGHEST: 60 ON 24, 9 GRTST 24HR 0.65 ON 22-23 TO 1/4 MILE OR LESS
LOWEST: 14 ON 19 3 = THUNDER
SNOW, ICE PELLETS, HAIL 4 = ICE PELLETS
TOTAL MONTH: T 5 = HAIL
GRTST 24HR T ON 10-10 6 = FREEZING RAIN OR DRIZZLE
GRTST DEPTH: M ON M 7 = DUSTSTORM OR SANDSTORM:
VSBY 1/2 MILE OR LESS
8 = SMOKE OR HAZE
[NO. OF DAYS WITH] [WEATHER - DAYS WITH] 9 = BLOWING SNOW
X = TORNADO
MAX 32 OR BELOW: 0 0.01 INCH OR MORE: 14
MAX 90 OR ABOVE: 0 0.10 INCH OR MORE: 6
MIN 32 OR BELOW: 17 0.50 INCH OR MORE: 1
MIN 0 OR BELOW: 0 1.00 INCH OR MORE: 0
[HDD (BASE 65) ]
TOTAL THIS MO. 785 CLEAR (SCALE 0-3) 7
DPTR FM NORMAL -269 PTCLDY (SCALE 4-7) 10
TOTAL FM JUL 1 1789 CLOUDY (SCALE 8-10) 14
DPTR FM NORMAL -435
[CDD (BASE 65) ]
TOTAL THIS MO. 0
DPTR FM NORMAL 0 [PRESSURE DATA]
TOTAL FM JAN 1 898 HIGHEST SLP M ON M
DPTR FM NORMAL 15 LOWEST SLP 29.69 ON 9
[REMARKS]
#FINAL-12-23#