000
CXUS54 KOUN 010700
CF6LAW
PRELIMINARY LOCAL CLIMATOLOGICAL DATA (WS FORM: F-6)
STATION: LAWTON
MONTH: JULY
YEAR: 2020
LATITUDE: 34 34 N
LONGITUDE: 98 25 W
TEMPERATURE IN F: :PCPN: SNOW: WIND :SUNSHINE: SKY :PK WND
================================================================================
1 2 3 4 5 6A 6B 7 8 9 10 11 12 13 14 15 16 17 18
12Z AVG MX 2MIN
DY MAX MIN AVG DEP HDD CDD WTR SNW DPTH SPD SPD DIR MIN PSBL S-S WX SPD DR
================================================================================
1 98 75 87 5 0 22 0.00 0.0 0 11.0 17 170 M M 0 24 180
2 98 74 86 4 0 21 0.00 0.0 0 6.9 26 130 M M 0 18 34 130
3 99 72 86 3 0 21 0.00 0.0 0 4.1 9 140 M M 0 12 130
4 94 74 84 1 0 19 0.00 0.0 0 4.6 16 80 M M 0 19 110
5 96 73 85 2 0 20 0.04 0.0 0 6.0 29 30 M M 5 3 34 30
6 93 71 82 -1 0 17 0.21 0.0 0 6.5 16 160 M M 3 13 21 180
7 89 70 80 -3 0 15 0.00 0.0 0 4.7 13 110 M M 5 12 16 100
8 96 73 85 2 0 20 0.00 0.0 0 8.3 17 160 M M 1 21 160
9 97 76 87 3 0 22 0.00 0.0 0 11.9 21 160 M M 0 29 160
10 91 76 84 0 0 19 0.02 0.0 0 10.0 30 130 M M 0 3 36 30
11 103 75 89 5 0 24 0.00 0.0 0 8.8 26 30 M M 0 3 36 20
12 97 73 85 1 0 20 0.10 0.0 0 9.5 38 30 M M 0 3 44 20
13 100 79 90 6 0 25 0.00 0.0 0 11.2 17 130 M M 0 24 130
14 104 80 92 8 0 27 T 0.0 0 12.8 23 150 M M 0 31 160
15 99 78 89 5 0 24 0.00 0.0 0 9.8 23 180 M M 0 3 29 180
16 101 78 90 6 0 25 0.00 0.0 0 8.0 18 130 M M 0 22 130
17 101 72 87 3 0 22 0.00 0.0 0 9.0 20 140 M M 0 27 130
18 97 74 86 1 0 21 0.00 0.0 0 11.3 21 130 M M 0 26 140
19 98 73 86 1 0 21 0.00 0.0 0 8.6 18 140 M M 0 25 180
20 98 74 86 1 0 21 0.00 0.0 0 8.7 21 140 M M 1 8 25 140
21 94 73 84 -1 0 19 0.00 0.0 0 5.7 12 360 M M 2 3 20 130
22 97 74 86 1 0 21 0.00 0.0 0 7.7 18 130 M M 2 23 100
23 91 75 83 -2 0 18 0.51 0.0 0 6.4 13 180 M M 2 3 26 170
24 97 75 86 1 0 21 0.00 0.0 0 8.3 17 120 M M 1 24 90
25 94 75 85 0 0 20 0.00 0.0 0 9.2 21 120 M M 2 26 130
26 96 73 85 0 0 20 0.00 0.0 0 7.5 15 160 M M 1 21 110
27 97 74 86 0 0 21 0.02 0.0 0 5.5 23 40 M M 2 3 29 50
28 89 71 80 -6 0 15 1.41 0.0 0 6.2 16 320 M M 6 13 25 100
29 94 76 85 -1 0 20 0.46 0.0 0 10.8 21 180 M M 3 1 35 130
30 99 71 85 -1 0 20 0.33 0.0 0 11.9 47 20 M M 2 13 55 20
31 90 67 79 -7 0 14 T 0.0 0 16.2 39 20 M M 1 13 48 20
================================================================================
SM 2987 2294 0 635 3.10 0.0 267.1 M 39
================================================================================
AV 96.4 74.0 8.6 FASTST M M 1 MAX(MPH)
MISC ----> # 47 20 # 55 20
================================================================================
NOTES:
# LAST OF SEVERAL OCCURRENCES
COLUMN 17 PEAK WIND IN M.P.H.
PRELIMINARY LOCAL CLIMATOLOGICAL DATA (WS FORM: F-6) , PAGE 2
STATION: LAWTON
MONTH: JULY
YEAR: 2020
LATITUDE: 34 34 N
LONGITUDE: 98 25 W
[TEMPERATURE DATA] [PRECIPITATION DATA] SYMBOLS USED IN COLUMN 16
AVERAGE MONTHLY: 85.2 TOTAL FOR MONTH: 3.10 1 = FOG OR MIST
DPTR FM NORMAL: 1.0 DPTR FM NORMAL: 0.90 2 = FOG REDUCING VISIBILITY
HIGHEST: 104 ON 14 GRTST 24HR 1.41 ON 28-28 TO 1/4 MILE OR LESS
LOWEST: 67 ON 31 3 = THUNDER
SNOW, ICE PELLETS, HAIL 4 = ICE PELLETS
TOTAL MONTH: 0.0 INCH 5 = HAIL
GRTST 24HR 0.0 6 = FREEZING RAIN OR DRIZZLE
GRTST DEPTH: 0 7 = DUSTSTORM OR SANDSTORM:
VSBY 1/2 MILE OR LESS
8 = SMOKE OR HAZE
[NO. OF DAYS WITH] [WEATHER - DAYS WITH] 9 = BLOWING SNOW
X = TORNADO
MAX 32 OR BELOW: 0 0.01 INCH OR MORE: 9
MAX 90 OR ABOVE: 29 0.10 INCH OR MORE: 6
MIN 32 OR BELOW: 0 0.50 INCH OR MORE: 2
MIN 0 OR BELOW: 0 1.00 INCH OR MORE: 1
[HDD (BASE 65) ]
TOTAL THIS MO. 0 CLEAR (SCALE 0-3) 28
DPTR FM NORMAL 0 PTCLDY (SCALE 4-7) 3
TOTAL FM JUL 1 0 CLOUDY (SCALE 8-10) 0
DPTR FM NORMAL 0
[CDD (BASE 65) ]
TOTAL THIS MO. 635
DPTR FM NORMAL 38 [PRESSURE DATA]
TOTAL FM JAN 1 1355 HIGHEST SLP M ON M
DPTR FM NORMAL 28 LOWEST SLP 29.70 ON 1
[REMARKS]
#FINAL-07-20#