000
CXUS54 KLUB 010730
CF6LBB
PRELIMINARY LOCAL CLIMATOLOGICAL DATA (WS FORM: F-6)
STATION: LUBBOCK
MONTH: MAY
YEAR: 2022
LATITUDE: 33 39 N
LONGITUDE: 101 49 W
TEMPERATURE IN F: :PCPN: SNOW: WIND :SUNSHINE: SKY :PK WND
================================================================================
1 2 3 4 5 6A 6B 7 8 9 10 11 12 13 14 15 16 17 18
12Z AVG MX 2MIN
DY MAX MIN AVG DEP HDD CDD WTR SNW DPTH SPD SPD DIR MIN PSBL S-S WX SPD DR
================================================================================
1 82 50 66 1 0 1 0.20 0.0 0 17.3 39 170 M M 6 138 50 170
2 90 54 72 6 0 7 0.00 0.0 0 16.8 29 260 M M 1 8 37 270
3 74 41 58 -8 7 0 0.00 0.0 0 10.5 20 140 M M 4 25 120
4 86 56 71 5 0 6 0.00 0.0 0 14.1 23 180 M M 8 31 180
5 80 51 66 -1 0 1 0.00 0.0 0 14.2 29 350 M M 4 39 10
6 96 46 71 4 0 6 0.00 0.0 0 10.1 24 290 M M 5 31 310
7 102 53 78 11 0 13 0.00 0.0 0 12.3 26 220 M M 3 18 35 240
8 101 66 84 16 0 19 0.00 0.0 0 17.7 32 210 M M 2 44 210
9 98 71 85 17 0 20 0.00 0.0 0 19.8 33 230 M M 0 47 240
10 98 63 81 13 0 16 0.71 0.0 0 17.9 36 260 M M 4 1357 52 300
11 92 62 77 8 0 12 0.00 0.0 0 17.7 30 160 M M 3 43 170
12 99 71 85 16 0 20 0.00 0.0 0 13.5 28 180 M M 4 34 240
13 94 54 74 5 0 9 0.00 0.0 0 8.6 18 360 M M 1 27 360
14 97 60 79 9 0 14 0.00 0.0 0 9.6 21 250 M M 2 26 220
15 102 62 82 12 0 17 0.00 0.0 0 13.0 25 50 M M 3 36 50
16 93 63 78 8 0 13 0.17 0.0 0 13.4 41 280 M M 6 138 58 280
17 101 66 84 13 0 19 0.00 0.0 0 15.4 30 250 M M 5 41 240
18 99 69 84 13 0 19 0.00 0.0 0 13.8 30 210 M M 1 43 210
19 101 64 83 11 0 18 0.00 0.0 0 12.7 24 240 M M 1 31 230
20 90 67 79 7 0 14 0.00 0.0 0 14.7 23 230 M M 5 8 34 240
21 74 50 62 -10 3 0 0.00 0.0 0 19.1 30 30 M M 0 8 41 30
22 72 47 60 -13 5 0 0.00 0.0 0 13.1 25 50 M M 5 32 60
23 80 56 68 -5 0 3 0.02 0.0 0 18.2 31 120 M M 8 3 41 120
24 72 49 61 -12 4 0 2.48 0.0 0 13.9 32 310 M M 8 13 45 320
25 73 46 60 -14 5 0 0.00 0.0 0 14.1 30 320 M M 5 39 340
26 87 53 70 -4 0 5 0.00 0.0 0 8.5 17 240 M M 1 26 220
27 95 57 76 2 0 11 0.00 0.0 0 15.2 25 190 M M 1 35 200
28 103 72 88 13 0 23 0.00 0.0 0 18.6 37 190 M M 6 8 53 200
29 98 74 86 11 0 21 0.00 0.0 0 22.7 36 200 M M 3 8 52 230
30 95 73 84 9 0 19 0.00 0.0 0 15.5 28 200 M M 1 8 36 200
31 95 70 83 7 0 18 0.00 0.0 0 16.7 32 180 M M 3 8 44 180
================================================================================
SM 2819 1836 24 344 3.58 0.0 458.7 M 109
================================================================================
AV 90.9 59.2 14.8 FASTST M M 4 MAX(MPH)
MISC ----> 41 280 58 280
================================================================================
NOTES:
# LAST OF SEVERAL OCCURRENCES
COLUMN 17 PEAK WIND IN M.P.H.
PRELIMINARY LOCAL CLIMATOLOGICAL DATA (WS FORM: F-6) , PAGE 2
STATION: LUBBOCK
MONTH: MAY
YEAR: 2022
LATITUDE: 33 39 N
LONGITUDE: 101 49 W
[TEMPERATURE DATA] [PRECIPITATION DATA] SYMBOLS USED IN COLUMN 16
AVERAGE MONTHLY: 75.1 TOTAL FOR MONTH: 3.58 1 = FOG OR MIST
DPTR FM NORMAL: 4.7 DPTR FM NORMAL: 0.89 2 = FOG REDUCING VISIBILITY
HIGHEST: 103 ON 28 GRTST 24HR 2.50 ON 23-24 TO 1/4 MILE OR LESS
LOWEST: 41 ON 3 3 = THUNDER
SNOW, ICE PELLETS, HAIL 4 = ICE PELLETS
TOTAL MONTH: 0.0 INCH 5 = HAIL
GRTST 24HR 0.0 6 = FREEZING RAIN OR DRIZZLE
GRTST DEPTH: 0 7 = DUSTSTORM OR SANDSTORM:
VSBY 1/2 MILE OR LESS
8 = SMOKE OR HAZE
[NO. OF DAYS WITH] [WEATHER - DAYS WITH] 9 = BLOWING SNOW
X = TORNADO
MAX 32 OR BELOW: 0 0.01 INCH OR MORE: 5
MAX 90 OR ABOVE: 21 0.10 INCH OR MORE: 4
MIN 32 OR BELOW: 0 0.50 INCH OR MORE: 2
MIN 0 OR BELOW: 0 1.00 INCH OR MORE: 1
[HDD (BASE 65) ]
TOTAL THIS MO. 24 CLEAR (SCALE 0-3) 15
DPTR FM NORMAL -18 PTCLDY (SCALE 4-7) 14
TOTAL FM JUL 1 2911 CLOUDY (SCALE 8-10) 2
DPTR FM NORMAL -329
[CDD (BASE 65) ]
TOTAL THIS MO. 344
DPTR FM NORMAL 134 [PRESSURE DATA]
TOTAL FM JAN 1 470 HIGHEST SLP M ON M
DPTR FM NORMAL 197 LOWEST SLP 26.50 ON 31
[REMARKS]
#FINAL-05-22#