000
CXUS53 KLMK 010810
CF6LEX
PRELIMINARY LOCAL CLIMATOLOGICAL DATA (WS FORM: F-6)
STATION: LEXINGTON KY
MONTH: JANUARY
YEAR: 2022
LATITUDE: 38 1 N
LONGITUDE: 84 36 W
TEMPERATURE IN F: :PCPN: SNOW: WIND :SUNSHINE: SKY :PK WND
================================================================================
1 2 3 4 5 6A 6B 7 8 9 10 11 12 13 14 15 16 17 18
12Z AVG MX 2MIN
DY MAX MIN AVG DEP HDD CDD WTR SNW DPTH SPD SPD DIR MIN PSBL S-S WX SPD DR
================================================================================
1 62 54 58 23 7 0 2.27 0.0 0 6.5 22 340 M M 10 1 29 140
2 55 29 42 7 23 0 0.02 0.0 0 11.0 21 20 M M 10 1 29 10
3 33 22 28 -7 37 0 0.00 0.0 0 8.3 23 10 M M 6 30 360
4 45 21 33 -1 32 0 0.00 0.0 0 10.7 23 200 M M 0 32 200
5 49 29 39 5 26 0 0.00 0.0 0 17.0 28 240 M M 1 41 200
6 29 15 22 -12 43 0 0.55 9.9 0 6.6 16 280 M M 8 12 22 280
7 16 7 12 -22 53 0 T T 8 6.5 16 280 M M 7 18 23 270
8 44 10 27 -7 38 0 0.07 0.0 5 10.8 26 170 M M 3 37 170
9 46 24 35 1 30 0 1.56 0.0 T 11.1 24 180 M M 7 1 35 190
10 35 17 26 -8 39 0 0.00 0.0 0 7.7 20 270 M M 1 26 280
11 34 15 25 -9 40 0 0.00 0.0 0 7.3 16 190 M M 0 23 180
12 50 27 39 5 26 0 0.00 0.0 0 11.6 22 210 M M 0 32 230
13 49 33 41 7 24 0 0.00 0.0 0 8.2 17 210 M M 4 22 210
14 36 28 32 -2 33 0 0.00 0.0 0 7.0 16 60 M M 8 18 19 60
15 37 25 31 -3 34 0 0.00 0.0 0 12.0 17 50 M M 6 22 50
16 32 25 29 -4 36 0 0.27 2.0 0 11.7 17 60 M M 7 16 22 360
17 29 23 26 -7 39 0 0.01 0.3 2 12.7 21 260 M M 9 18 30 290
18 37 22 30 -3 35 0 0.00 0.0 2 9.8 17 180 M M 4 24 190
19 46 30 38 5 27 0 0.25 0.3 T 10.0 20 210 M M 8 1 27 350
20 30 18 24 -9 41 0 0.10 1.5 2 12.2 18 10 M M 6 1 26 360
21 25 12 19 -14 46 0 0.00 0.0 1 9.5 16 60 M M 5 21 50
22 27 4 16 -18 49 0 0.00 0.0 1 5.7 14 200 M M 0 18 190
23 37 20 29 -5 36 0 T T T 10.8 23 200 M M 5 5 31 250
24 44 15 30 -4 35 0 T 0.0 T 8.7 20 200 M M 6 32 200
25 38 19 29 -5 36 0 0.02 0.0 0 7.7 17 340 M M 7 22 340
26 25 8 17 -17 48 0 0.00 0.0 0 4.5 12 10 M M 0 14 10
27 38 8 23 -11 42 0 0.00 0.0 0 6.5 13 290 M M 6 18 280
28 31 16 24 -10 41 0 0.13 3.1 1 7.4 21 340 M M 10 1 28 360
29 20 3 12 -22 53 0 T T 3 6.4 15 340 M M 4 1 20 340
30 42 17 30 -4 35 0 0.00 0.0 2 8.6 17 250 M M 1 21 250
31 41 20 31 -3 34 0 0.00 0.0 1 2.5 8 120 M M 1 18 10 120
================================================================================
SM 1162 616 1118 0 5.25 17.1 277.0 M 150
================================================================================
AV 37.5 19.9 8.9 FASTST M M 5 MAX(MPH)
MISC ----> 28 240 41 200
================================================================================
NOTES:
# LAST OF SEVERAL OCCURRENCES
COLUMN 17 PEAK WIND IN M.P.H.
PRELIMINARY LOCAL CLIMATOLOGICAL DATA (WS FORM: F-6) , PAGE 2
STATION: LEXINGTON KY
MONTH: JANUARY
YEAR: 2022
LATITUDE: 38 1 N
LONGITUDE: 84 36 W
[TEMPERATURE DATA] [PRECIPITATION DATA] SYMBOLS USED IN COLUMN 16
AVERAGE MONTHLY: 28.7 TOTAL FOR MONTH: 5.25 1 = FOG OR MIST
DPTR FM NORMAL: -5.2 DPTR FM NORMAL: 1.83 2 = FOG REDUCING VISIBILITY
HIGHEST: 62 ON 1 GRTST 24HR 2.41 ON 31- 1 TO 1/4 MILE OR LESS
LOWEST: 3 ON 29 3 = THUNDER
SNOW, ICE PELLETS, HAIL 4 = ICE PELLETS
TOTAL MONTH: 17.1 INCHES 5 = HAIL
GRTST 24HR 9.9 ON 6- 6 6 = FREEZING RAIN OR DRIZZLE
GRTST DEPTH: 8 ON 7 7 = DUSTSTORM OR SANDSTORM:
VSBY 1/2 MILE OR LESS
8 = SMOKE OR HAZE
[NO. OF DAYS WITH] [WEATHER - DAYS WITH] 9 = BLOWING SNOW
X = TORNADO
MAX 32 OR BELOW: 10 0.01 INCH OR MORE: 11
MAX 90 OR ABOVE: 0 0.10 INCH OR MORE: 7
MIN 32 OR BELOW: 29 0.50 INCH OR MORE: 3
MIN 0 OR BELOW: 0 1.00 INCH OR MORE: 2
[HDD (BASE 65) ]
TOTAL THIS MO. 1118 CLEAR (SCALE 0-3) 10
DPTR FM NORMAL 152 PTCLDY (SCALE 4-7) 17
TOTAL FM JUL 1 2555 CLOUDY (SCALE 8-10) 4
DPTR FM NORMAL -126
[CDD (BASE 65) ]
TOTAL THIS MO. 0
DPTR FM NORMAL 0 [PRESSURE DATA]
TOTAL FM JAN 1 0 HIGHEST SLP 30.60 ON 11
DPTR FM NORMAL 0 LOWEST SLP 29.55 ON 1
[REMARKS]
#FINAL-01-22#