000
CXUS51 KOKX 010910
CF6LGA
PRELIMINARY LOCAL CLIMATOLOGICAL DATA (WS FORM: F-6)
STATION: LAGUARDIA NY
MONTH: JULY
YEAR: 2021
LATITUDE: 40 46 N
LONGITUDE: 73 54 W
TEMPERATURE IN F: :PCPN: SNOW: WIND :SUNSHINE: SKY :PK WND
================================================================================
1 2 3 4 5 6A 6B 7 8 9 10 11 12 13 14 15 16 17 18
12Z AVG MX 2MIN
DY MAX MIN AVG DEP HDD CDD WTR SNW DPTH SPD SPD DIR MIN PSBL S-S WX SPD DR
================================================================================
1 86 73 80 2 0 15 0.72 0.0 0 6.0 26 300 M M 8 18 32 310
2 78 63 71 -7 0 6 0.86 0.0 0 9.0 28 50 M M 10 13 32 60
3 67 60 64 -14 1 0 0.19 0.0 0 11.1 24 50 M M 10 18 29 60
4 79 62 71 -7 0 6 0.00 0.0 0 6.1 14 170 M M 7 8 17 160
5 84 67 76 -2 0 11 0.00 0.0 0 10.1 21 170 M M 3 18 25 170
6 96 73 85 6 0 20 0.21 0.0 0 12.5 47 320 M M 7 3 58 320
7 96 74 85 6 0 20 0.00 0.0 M 7.7 17 240 M M 4 25 240
8 85 72 79 0 0 14 0.95 0.0 0 10.0 21 50 M M 8 13 28 30
9 89 72 81 2 0 16 1.81 0.0 0 11.0 25 330 M M 8 138 33 20
10 81 72 77 -2 0 12 0.06 0.0 0 7.0 14 360 M M 7 20 10
11 82 72 77 -2 0 12 T 0.0 0 8.2 16 160 M M 9 18 21 180
12 82 73 78 -1 0 13 0.60 0.0 0 9.1 18 50 M M 8 138 22 60
13 73 69 71 -8 0 6 0.01 0.0 0 9.4 16 50 M M 10 18 17 40
14 91 70 81 2 0 16 T 0.0 0 7.0 17 200 M M 8 128 22 190
15 91 76 84 4 0 19 0.00 0.0 0 8.0 18 190 M M 6 21 190
16 95 81 88 8 0 23 0.00 0.0 0 6.6 20 170 M M 5 24 170
17 91 74 83 3 0 18 0.53 0.0 0 7.2 21 170 M M 7 3 25 170
18 86 74 80 0 0 15 0.08 0.0 0 10.2 17 270 M M 8 13 23 210
19 82 71 77 -3 0 12 0.01 0.0 M 7.1 15 360 M M 7 20 10
20 89 75 82 2 0 17 0.00 0.0 0 6.4 13 250 M M 4 8 15 260
21 83 72 78 -2 0 13 0.16 0.0 0 7.4 20 340 M M 6 38 23 330
22 83 68 76 -4 0 11 0.00 0.0 0 10.0 16 320 M M 5 19 320
23 83 70 77 -3 0 12 0.00 0.0 0 7.5 15 50 M M 4 19 320
24 83 70 77 -3 0 12 0.00 0.0 0 9.1 16 210 M M 4 21 210
25 84 68 76 -4 0 11 0.44 0.0 0 10.3 17 170 M M 8 38 24 180
26 90 72 81 1 0 16 1.38 0.0 0 6.0 28 170 M M 6 138 37 160
27 91 74 83 3 0 18 0.00 0.0 0 7.4 31 330 M M 4 45 330
28 82 71 77 -2 0 12 0.20 0.0 0 8.7 17 290 M M 5 3 20 300
29 80 73 77 -2 0 12 0.26 0.0 0 13.7 31 170 M M 7 13 39 170
30 85 68 77 -2 0 12 0.00 0.0 0 15.2 26 320 M M 4 31 320
31 79 64 72 -7 0 7 0.00 0.0 0 8.2 18 330 M M 3 22 320
================================================================================
SM 2626 2193 1 407 8.47 0.0 273.2 M 200
================================================================================
AV 84.7 70.7 8.8 FASTST M M 6 MAX(MPH)
MISC ----> 47 320 58 320
================================================================================
NOTES:
# LAST OF SEVERAL OCCURRENCES
COLUMN 17 PEAK WIND IN M.P.H.
PRELIMINARY LOCAL CLIMATOLOGICAL DATA (WS FORM: F-6) , PAGE 2
STATION: LAGUARDIA NY
MONTH: JULY
YEAR: 2021
LATITUDE: 40 46 N
LONGITUDE: 73 54 W
[TEMPERATURE DATA] [PRECIPITATION DATA] SYMBOLS USED IN COLUMN 16
AVERAGE MONTHLY: 77.7 TOTAL FOR MONTH: 8.47 1 = FOG OR MIST
DPTR FM NORMAL: -1.5 DPTR FM NORMAL: 4.17 2 = FOG REDUCING VISIBILITY
HIGHEST: 96 ON 7, 6 GRTST 24HR 2.36 ON 8- 9 TO 1/4 MILE OR LESS
LOWEST: 60 ON 3 3 = THUNDER
SNOW, ICE PELLETS, HAIL 4 = ICE PELLETS
TOTAL MONTH: 0.0 INCH 5 = HAIL
GRTST 24HR 0.0 6 = FREEZING RAIN OR DRIZZLE
GRTST DEPTH: 0 7 = DUSTSTORM OR SANDSTORM:
VSBY 1/2 MILE OR LESS
8 = SMOKE OR HAZE
[NO. OF DAYS WITH] [WEATHER - DAYS WITH] 9 = BLOWING SNOW
X = TORNADO
MAX 32 OR BELOW: 0 0.01 INCH OR MORE: 17
MAX 90 OR ABOVE: 8 0.10 INCH OR MORE: 13
MIN 32 OR BELOW: 0 0.50 INCH OR MORE: 7
MIN 0 OR BELOW: 0 1.00 INCH OR MORE: 2
[HDD (BASE 65) ]
TOTAL THIS MO. 1 CLEAR (SCALE 0-3) 1
DPTR FM NORMAL 1 PTCLDY (SCALE 4-7) 21
TOTAL FM JUL 1 1 CLOUDY (SCALE 8-10) 9
DPTR FM NORMAL 1
[CDD (BASE 65) ]
TOTAL THIS MO. 407
DPTR FM NORMAL -32 [PRESSURE DATA]
TOTAL FM JAN 1 828 HIGHEST SLP M ON M
DPTR FM NORMAL 44 LOWEST SLP 29.67 ON 9
[REMARKS]
#FINAL-07-21#