967
CXUS56 KLOX 011255
CF6LGB
PRELIMINARY LOCAL CLIMATOLOGICAL DATA (WS FORM: F-6)
STATION: LONG BEACH AIRPORT CA
MONTH: JANUARY
YEAR: 2021
LATITUDE: 33 49 N
LONGITUDE: 118 9 W
TEMPERATURE IN F: :PCPN: SNOW: WIND :SUNSHINE: SKY :PK WND
================================================================================
1 2 3 4 5 6A 6B 7 8 9 10 11 12 13 14 15 16 17 18
12Z AVG MX 2MIN
DY MAX MIN AVG DEP HDD CDD WTR SNW DPTH SPD SPD DIR MIN PSBL S-S WX SPD DR
================================================================================
1 70 43 57 1 8 0 0.00 M M 3.7 14 290 M M 0 8 16 290
2 62 46 54 -2 11 0 0.00 M M 1.8 8 170 M M 0 1 13 290
3 60 47 54 -2 11 0 0.00 M M 2.1 9 200 M M 5 128 11 200
4 63 47 55 -1 10 0 0.00 M M 2.7 17 300 M M 2 18 20 300
5 63 49 56 0 9 0 0.00 M M 2.3 8 170 M M 4 18 11 210
6 68 46 57 1 8 0 0.00 M M 2.2 10 150 M M 1 128 12 160
7 70 46 58 2 7 0 0.00 M M 1.4 12 180 M M 3 128 15 180
8 64 48 56 -1 9 0 0.00 M M 2.4 10 190 M M 5 128 12 190
9 73 43 58 1 7 0 0.00 M M 1.9 10 320 M M 4 128 12 310
10 72 48 60 3 5 0 0.00 M M 3.2 13 290 M M 0 15 290
11 75 44 60 3 5 0 0.00 M M 3.2 14 290 M M 0 17 300
12 72 44 58 1 7 0 0.00 M M 2.3 12 310 M M 0 14 310
13 77 43 60 3 5 0 0.00 M M 3.2 14 290 M M 0 17 290
14 83 49 66 9 0 1 0.00 M M 2.8 10 160 M M 0 13 150
15 91 49 70 13 0 5 0.00 M M 3.4 9 310 M M 0 11 280
16 82 49 66 9 0 1 0.00 M M 2.6 12 200 M M 0 14 200
17 87 53 70 13 0 5 0.00 M M 3.0 12 290 M M 0 15 70
18 74 48 61 4 4 0 0.00 M M 3.8 10 130 M M 2 1 16 140
19 69 52 61 4 4 0 0.00 M M 10.8 32 80 M M 5 8 43 70
20 77 56 67 10 0 2 0.00 M M 9.7 23 80 M M 2 29 80
21 68 53 61 4 4 0 0.00 M M 3.6 13 200 M M 0 15 190
22 61 52 57 0 8 0 0.00 M M 6.2 15 220 M M 7 19 240
23 54 46 50 -7 15 0 0.37 M M 3.0 12 290 M M 8 13 16 270
24 58 41 50 -7 15 0 T M M 4.5 16 260 M M 4 123 21 270
25 55 41 48 -9 17 0 0.17 M M 13.3 31 290 M M 3 1 43 280
26 56 39 48 -9 17 0 0.00 M M 5.2 13 210 M M 1 17 200
27 59 46 53 -4 12 0 0.00 M M 6.0 14 120 M M 5 18 140
28 61 43 52 -5 13 0 0.49 M M 6.5 17 290 M M 1 1 23 140
29 57 46 52 -5 13 0 0.34 M M 4.5 15 340 M M 8 13 18 310
30 63 42 53 -4 12 0 0.00 M M 2.7 12 290 M M 0 1 13 280
31 71 47 59 2 6 0 0.00 M M 4.5 10 300 M M 0 13 280
================================================================================
SM 2115 1446 242 14 1.37 M 128.5 M 70
================================================================================
AV 68.2 46.6 4.1 FASTST M M 2 MAX(MPH)
MISC ----> 32 80 # 43 70
================================================================================
NOTES:
# LAST OF SEVERAL OCCURRENCES
COLUMN 17 PEAK WIND IN M.P.H.
PRELIMINARY LOCAL CLIMATOLOGICAL DATA (WS FORM: F-6) , PAGE 2
STATION: LONG BEACH AIRPORT CA
MONTH: JANUARY
YEAR: 2021
LATITUDE: 33 49 N
LONGITUDE: 118 9 W
[TEMPERATURE DATA] [PRECIPITATION DATA] SYMBOLS USED IN COLUMN 16
AVERAGE MONTHLY: 57.4 TOTAL FOR MONTH: 1.37 1 = FOG OR MIST
DPTR FM NORMAL: 0.7 DPTR FM NORMAL: -1.23 2 = FOG REDUCING VISIBILITY
HIGHEST: 91 ON 15 GRTST 24HR 2.32 ON 28-29 TO 1/4 MILE OR LESS
LOWEST: 39 ON 26 3 = THUNDER
SNOW, ICE PELLETS, HAIL 4 = ICE PELLETS
TOTAL MONTH: M 5 = HAIL
GRTST 24HR M ON M 6 = FREEZING RAIN OR DRIZZLE
GRTST DEPTH: M ON M 7 = DUSTSTORM OR SANDSTORM:
VSBY 1/2 MILE OR LESS
8 = SMOKE OR HAZE
[NO. OF DAYS WITH] [WEATHER - DAYS WITH] 9 = BLOWING SNOW
X = TORNADO
MAX 32 OR BELOW: 0 0.01 INCH OR MORE: 4
MAX 90 OR ABOVE: 1 0.10 INCH OR MORE: 4
MIN 32 OR BELOW: 0 0.50 INCH OR MORE: 0
MIN 0 OR BELOW: 0 1.00 INCH OR MORE: 0
[HDD (BASE 65) ]
TOTAL THIS MO. 242 CLEAR (SCALE 0-3) 19
DPTR FM NORMAL -17 PTCLDY (SCALE 4-7) 12
TOTAL FM JUL 1 579 CLOUDY (SCALE 8-10) 0
DPTR FM NORMAL -97
[CDD (BASE 65) ]
TOTAL THIS MO. 14
DPTR FM NORMAL 11 [PRESSURE DATA]
TOTAL FM JAN 1 14 HIGHEST SLP 30.29 ON 12
DPTR FM NORMAL 11 LOWEST SLP 29.69 ON 25
[REMARKS]
#FINAL-01-21#