000
CXHW51 PHFO 011250
CF6LIH
PRELIMINARY LOCAL CLIMATOLOGICAL DATA (WS FORM: F-6)
STATION: LIHUE HI
MONTH: FEBRUARY
YEAR: 2023
LATITUDE: 21 58 N
LONGITUDE: 159 21 W
TEMPERATURE IN F: :PCPN: SNOW: WIND :SUNSHINE: SKY :PK WND
================================================================================
1 2 3 4 5 6A 6B 7 8 9 10 11 12 13 14 15 16 17 18
12Z AVG MX 2MIN
DY MAX MIN AVG DEP HDD CDD WTR SNW DPTH SPD SPD DIR MIN PSBL S-S WX SPD DR
================================================================================
1 82 65 74 2 0 9 T M M 7.5 12 60 M M 2 17 350
2 81 72 77 5 0 12 T M M 7.5 13 40 M M 7 17 360
3 75 70 73 1 0 8 0.33 M M 15.9 28 40 M M 9 18 33 20
4 77 70 74 2 0 9 1.63 M M 15.4 33 90 M M 9 138 41 90
5 80 71 76 4 0 11 0.05 M M 14.5 26 70 M M 9 1 30 70
6 81 73 77 5 0 12 0.01 M M 13.9 18 50 M M 6 1 35 120
7 82 73 78 6 0 13 T M M 14.2 23 40 M M 6 33 200
8 80 73 77 5 0 12 T M M 20.7 28 50 M M 5 33 60
9 78 70 74 2 0 9 0.06 M M 21.6 32 70 M M 9 18 41 50
10 80 71 76 4 0 11 0.01 M M 20.8 29 80 M M 9 35 60
11 79 69 74 2 0 9 0.21 M M 17.5 33 100 M M 8 18 44 100
12 79 70 75 3 0 10 0.08 M M 20.6 32 50 M M 6 41 60
13 80 69 75 3 0 10 T M M 18.6 31 50 M M 4 8 36 50
14 79 69 74 2 0 9 0.27 M M 18.6 30 20 M M 4 1 35 20
15 78 66 72 0 0 7 0.36 M M 11.2 31 20 M M 6 18 38 10
16 81 67 74 2 0 9 0.05 M M 12.2 22 100 M M 6 1 26 140
17 77 68 73 1 0 8 0.09 M M 8.5 20 70 M M 7 23 70
18 79 71 75 3 0 10 1.48 M M 9.0 22 130 M M 7 18 28 140
19 80 69 75 3 0 10 0.46 M M 8.9 17 110 M M 7 1 20 110
20 79 70 75 3 0 10 2.40 M M 10.3 22 120 M M 9 18 26 110
21 80 70 75 3 0 10 0.84 M M 19.6 31 90 M M 10 1 36 90
22 81 74 78 6 0 13 T M M 20.7 26 80 M M 10 32 90
23 78 73 76 4 0 11 0.07 M M 18.2 30 90 M M 9 8 36 90
24 78 70 74 2 0 9 T M M 21.5 31 80 M M 10 1 39 80
25 79 70 75 3 0 10 0.01 M M 21.2 28 90 M M 7 34 90
26 78 71 75 3 0 10 0.02 M M 19.3 28 60 M M 4 18 36 50
27 79 68 74 2 0 9 0.13 M M 22.9 31 70 M M 7 18 43 70
28 79 69 74 2 0 9 0.11 M M 22.8 32 80 M M 7 18 42 80
================================================================================
SM 2219 1961 0 279 8.67 M 453.6 M 199
================================================================================
AV 79.3 70.0 16.2 FASTST M M 7 MAX(MPH)
MISC ----> # 33 90 44 100
================================================================================
NOTES:
# LAST OF SEVERAL OCCURRENCES
COLUMN 17 PEAK WIND IN M.P.H.
PRELIMINARY LOCAL CLIMATOLOGICAL DATA (WS FORM: F-6) , PAGE 2
STATION: LIHUE HI
MONTH: FEBRUARY
YEAR: 2023
LATITUDE: 21 58 N
LONGITUDE: 159 21 W
[TEMPERATURE DATA] [PRECIPITATION DATA] SYMBOLS USED IN COLUMN 16
AVERAGE MONTHLY: 74.6 TOTAL FOR MONTH: 8.67 1 = FOG OR MIST
DPTR FM NORMAL: 2.4 DPTR FM NORMAL: 5.04 2 = FOG REDUCING VISIBILITY
HIGHEST: 82 ON 7, 1 GRTST 24HR 2.95 ON 20-21 TO 1/4 MILE OR LESS
LOWEST: 65 ON 1 3 = THUNDER
SNOW, ICE PELLETS, HAIL 4 = ICE PELLETS
TOTAL MONTH: M 5 = HAIL
GRTST 24HR M ON M 6 = FREEZING RAIN OR DRIZZLE
GRTST DEPTH: M ON M 7 = DUSTSTORM OR SANDSTORM:
VSBY 1/2 MILE OR LESS
8 = SMOKE OR HAZE
[NO. OF DAYS WITH] [WEATHER - DAYS WITH] 9 = BLOWING SNOW
X = TORNADO
MAX 32 OR BELOW: 0 0.01 INCH OR MORE: 21
MAX 90 OR ABOVE: 0 0.10 INCH OR MORE: 11
MIN 32 OR BELOW: 0 0.50 INCH OR MORE: 4
MIN 0 OR BELOW: 0 1.00 INCH OR MORE: 3
[HDD (BASE 65) ]
TOTAL THIS MO. 0 CLEAR (SCALE 0-3) 1
DPTR FM NORMAL 0 PTCLDY (SCALE 4-7) 16
TOTAL FM JUL 1 0 CLOUDY (SCALE 8-10) 11
DPTR FM NORMAL 0
[CDD (BASE 65) ]
TOTAL THIS MO. 279
DPTR FM NORMAL 79 [PRESSURE DATA]
TOTAL FM JAN 1 554 HIGHEST SLP 30.25 ON 28
DPTR FM NORMAL 132 LOWEST SLP 29.80 ON 15
[REMARKS]
#FINAL-02-23#