000
CXHW51 PHFO 011250
CF6LIH
PRELIMINARY LOCAL CLIMATOLOGICAL DATA (WS FORM: F-6)
STATION: LIHUE HI
MONTH: MAY
YEAR: 2022
LATITUDE: 21 58 N
LONGITUDE: 159 21 W
TEMPERATURE IN F: :PCPN: SNOW: WIND :SUNSHINE: SKY :PK WND
================================================================================
1 2 3 4 5 6A 6B 7 8 9 10 11 12 13 14 15 16 17 18
12Z AVG MX 2MIN
DY MAX MIN AVG DEP HDD CDD WTR SNW DPTH SPD SPD DIR MIN PSBL S-S WX SPD DR
================================================================================
1 80 70 75 0 0 10 0.01 M M 19.5 25 50 M M 6 18 32 50
2 81 70 76 1 0 11 0.40 M M 17.3 25 90 M M 8 18 32 90
3 81 73 77 2 0 12 0.01 M M 16.7 23 70 M M 6 18 27 80
4 81 70 76 0 0 11 0.14 M M 16.9 25 60 M M 5 1 32 70
5 81 73 77 1 0 12 0.00 M M 16.4 22 70 M M 8 8 26 60
6 81 72 77 1 0 12 0.01 M M 16.8 23 70 M M 9 18 28 70
7 81 74 78 2 0 13 T M M 17.3 23 90 M M 8 8 28 90
8 82 74 78 2 0 13 0.00 M M 14.7 21 70 M M 8 25 80
9 82 72 77 1 0 12 0.01 M M 14.0 21 70 M M 6 1 25 90
10 81 72 77 1 0 12 0.03 M M 15.0 23 90 M M 8 1 28 90
11 82 73 78 2 0 13 T M M 16.7 23 70 M M 6 28 60
12 82 74 78 2 0 13 0.00 M M 17.0 24 70 M M 5 28 60
13 83 74 79 3 0 14 0.00 M M 14.3 20 70 M M 4 23 70
14 83 73 78 2 0 13 T M M 13.0 18 70 M M 6 1 22 80
15 81 70 76 0 0 11 T M M 11.5 18 110 M M 3 21 110
16 79 69 74 -2 0 9 0.18 M M 8.3 15 180 M M 6 1 23 250
17 82 66 74 -2 0 9 0.02 M M 10.8 21 180 M M 4 1 26 170
18 75 69 72 -4 0 7 0.41 M M 17.2 29 200 M M 8 1 40 180
19 77 71 74 -2 0 9 0.67 M M 11.7 21 200 M M 8 1 29 200
20 80 69 75 -1 0 10 0.76 M M 7.3 16 170 M M 7 1 20 170
21 79 69 74 -3 0 9 0.00 M M 8.5 14 90 M M 7 16 90
22 79 72 76 -1 0 11 0.00 M M 12.0 17 70 M M 7 20 70
23 78 71 75 -2 0 10 T M M 12.6 16 80 M M 4 20 70
24 79 70 75 -2 0 10 0.00 M M 11.6 17 90 M M 5 20 90
25 78 65 72 -5 0 7 0.00 M M 11.2 17 40 M M 3 20 40
26 79 68 74 -3 0 9 0.01 M M 12.8 21 100 M M 4 1 26 90
27 80 72 76 -1 0 11 0.00 M M 12.0 21 90 M M 6 26 80
28 80 73 77 0 0 12 0.00 M M 12.1 17 80 M M 7 20 90
29 80 71 76 -1 0 11 T M M 7.3 14 350 M M 7 1 17 360
30 79 68 74 -3 0 9 0.00 M M 9.3 14 50 M M 4 20 70
31 80 72 76 -1 0 11 0.00 M M 12.3 16 70 M M 4 19 50
================================================================================
SM 2486 2199 0 336 2.66 M 414.1 M 187
================================================================================
AV 80.2 70.9 13.4 FASTST M M 6 MAX(MPH)
MISC ----> 29 200 40 180
================================================================================
NOTES:
# LAST OF SEVERAL OCCURRENCES
COLUMN 17 PEAK WIND IN M.P.H.
PRELIMINARY LOCAL CLIMATOLOGICAL DATA (WS FORM: F-6) , PAGE 2
STATION: LIHUE HI
MONTH: MAY
YEAR: 2022
LATITUDE: 21 58 N
LONGITUDE: 159 21 W
[TEMPERATURE DATA] [PRECIPITATION DATA] SYMBOLS USED IN COLUMN 16
AVERAGE MONTHLY: 75.6 TOTAL FOR MONTH: 2.66 1 = FOG OR MIST
DPTR FM NORMAL: -0.7 DPTR FM NORMAL: 0.48 2 = FOG REDUCING VISIBILITY
HIGHEST: 83 ON 14,13 GRTST 24HR 1.32 ON 19-20 TO 1/4 MILE OR LESS
LOWEST: 65 ON 25 3 = THUNDER
SNOW, ICE PELLETS, HAIL 4 = ICE PELLETS
TOTAL MONTH: M 5 = HAIL
GRTST 24HR M ON M 6 = FREEZING RAIN OR DRIZZLE
GRTST DEPTH: M ON M 7 = DUSTSTORM OR SANDSTORM:
VSBY 1/2 MILE OR LESS
8 = SMOKE OR HAZE
[NO. OF DAYS WITH] [WEATHER - DAYS WITH] 9 = BLOWING SNOW
X = TORNADO
MAX 32 OR BELOW: 0 0.01 INCH OR MORE: 13
MAX 90 OR ABOVE: 0 0.10 INCH OR MORE: 6
MIN 32 OR BELOW: 0 0.50 INCH OR MORE: 2
MIN 0 OR BELOW: 0 1.00 INCH OR MORE: 0
[HDD (BASE 65) ]
TOTAL THIS MO. 0 CLEAR (SCALE 0-3) 1
DPTR FM NORMAL 0 PTCLDY (SCALE 4-7) 27
TOTAL FM JUL 1 0 CLOUDY (SCALE 8-10) 3
DPTR FM NORMAL 0
[CDD (BASE 65) ]
TOTAL THIS MO. 336
DPTR FM NORMAL -13 [PRESSURE DATA]
TOTAL FM JAN 1 1340 HIGHEST SLP 30.20 ON 7
DPTR FM NORMAL 30 LOWEST SLP 29.93 ON 18
[REMARKS]
#FINAL-05-22#