000
CXHW51 PHFO 011250
CF6LIH
PRELIMINARY LOCAL CLIMATOLOGICAL DATA (WS FORM: F-6)
STATION: LIHUE HI
MONTH: FEBRUARY
YEAR: 2022
LATITUDE: 21 58 N
LONGITUDE: 159 21 W
TEMPERATURE IN F: :PCPN: SNOW: WIND :SUNSHINE: SKY :PK WND
================================================================================
1 2 3 4 5 6A 6B 7 8 9 10 11 12 13 14 15 16 17 18
12Z AVG MX 2MIN
DY MAX MIN AVG DEP HDD CDD WTR SNW DPTH SPD SPD DIR MIN PSBL S-S WX SPD DR
================================================================================
1 80 63 72 0 0 7 T M M 9.2 15 70 M M 3 18 60
2 79 66 73 1 0 8 0.00 M M 6.7 14 80 M M 3 18 90
3 79 64 72 0 0 7 0.00 M M 8.0 14 90 M M 3 17 90
4 79 61 70 -2 0 5 T M M 6.4 12 120 M M 2 16 180
5 78 65 72 0 0 7 T M M 8.2 18 80 M M 3 24 80
6 80 69 75 3 0 10 0.01 M M 12.1 18 60 M M 7 1 24 70
7 80 71 76 4 0 11 T M M 14.7 22 80 M M 6 27 80
8 79 69 74 2 0 9 0.04 M M 10.9 20 70 M M 4 1 24 60
9 79 67 73 1 0 8 T M M 8.6 14 90 M M 4 17 80
10 79 64 72 0 0 7 0.00 M M 6.6 10 280 M M 3 14 290
11 78 63 71 -1 0 6 0.00 M M 6.9 13 20 M M 3 18 200
12 80 65 73 1 0 8 0.04 M M 9.6 16 40 M M 6 1 19 40
13 79 63 71 -1 0 6 T M M 13.3 23 20 M M 4 27 350
14 77 63 70 -2 0 5 0.04 M M 7.9 17 20 M M 4 1 21 30
15 79 63 71 -1 0 6 T M M 11.8 18 50 M M 2 22 50
16 79 66 73 1 0 8 0.12 M M 13.5 24 90 M M 3 18 33 80
17 79 66 73 1 0 8 T M M 9.8 17 30 M M 4 22 20
18 79 68 74 2 0 9 0.09 M M 10.3 20 50 M M 4 1 33 40
19 79 63 71 -1 0 6 T M M 11.6 20 10 M M 2 24 20
20 76 60 68 -4 0 3 0.00 M M 10.8 21 40 M M 2 25 30
21 78 62 70 -2 0 5 0.00 M M 10.6 20 30 M M 3 23 40
22 80 72 76 4 0 11 0.01 M M 13.0 18 40 M M 7 1 23 30
23 81 72 77 5 0 12 T M M 13.0 18 70 M M 5 1 21 60
24 80 73 77 5 0 12 T M M 12.5 17 80 M M 6 26 200
25 81 67 74 2 0 9 0.01 M M 11.5 18 60 M M 5 1 23 40
26 80 69 75 3 0 10 0.04 M M 10.2 20 60 M M 7 1 24 80
27 80 67 74 2 0 9 T M M 8.3 18 20 M M 8 18 22 10
28 79 67 73 1 0 8 0.11 M M 7.7 16 20 M M 6 1 18 10
================================================================================
SM 2216 1848 0 220 0.51 M 283.7 M 119
================================================================================
AV 79.1 66.0 10.1 FASTST M M 4 MAX(MPH)
MISC ----> 24 90 # 33 80
================================================================================
NOTES:
# LAST OF SEVERAL OCCURRENCES
COLUMN 17 PEAK WIND IN M.P.H.
PRELIMINARY LOCAL CLIMATOLOGICAL DATA (WS FORM: F-6) , PAGE 2
STATION: LIHUE HI
MONTH: FEBRUARY
YEAR: 2022
LATITUDE: 21 58 N
LONGITUDE: 159 21 W
[TEMPERATURE DATA] [PRECIPITATION DATA] SYMBOLS USED IN COLUMN 16
AVERAGE MONTHLY: 72.6 TOTAL FOR MONTH: 0.51 1 = FOG OR MIST
DPTR FM NORMAL: 0.4 DPTR FM NORMAL: -3.12 2 = FOG REDUCING VISIBILITY
HIGHEST: 81 ON 25,23 GRTST 24HR 0.12 ON 16-16 TO 1/4 MILE OR LESS
LOWEST: 60 ON 20 3 = THUNDER
SNOW, ICE PELLETS, HAIL 4 = ICE PELLETS
TOTAL MONTH: M 5 = HAIL
GRTST 24HR M ON M 6 = FREEZING RAIN OR DRIZZLE
GRTST DEPTH: M ON M 7 = DUSTSTORM OR SANDSTORM:
VSBY 1/2 MILE OR LESS
8 = SMOKE OR HAZE
[NO. OF DAYS WITH] [WEATHER - DAYS WITH] 9 = BLOWING SNOW
X = TORNADO
MAX 32 OR BELOW: 0 0.01 INCH OR MORE: 10
MAX 90 OR ABOVE: 0 0.10 INCH OR MORE: 2
MIN 32 OR BELOW: 0 0.50 INCH OR MORE: 0
MIN 0 OR BELOW: 0 1.00 INCH OR MORE: 0
[HDD (BASE 65) ]
TOTAL THIS MO. 0 CLEAR (SCALE 0-3) 11
DPTR FM NORMAL 0 PTCLDY (SCALE 4-7) 17
TOTAL FM JUL 1 0 CLOUDY (SCALE 8-10) 0
DPTR FM NORMAL 0
[CDD (BASE 65) ]
TOTAL THIS MO. 220
DPTR FM NORMAL 20 [PRESSURE DATA]
TOTAL FM JAN 1 447 HIGHEST SLP 30.18 ON 25
DPTR FM NORMAL 25 LOWEST SLP 29.90 ON 11
[REMARKS]
#FINAL-02-22#