000
CXHW51 PHFO 011250
CF6LIH
PRELIMINARY LOCAL CLIMATOLOGICAL DATA (WS FORM: F-6)
STATION: LIHUE HI
MONTH: NOVEMBER
YEAR: 2021
LATITUDE: 21 58 N
LONGITUDE: 159 21 W
TEMPERATURE IN F: :PCPN: SNOW: WIND :SUNSHINE: SKY :PK WND
================================================================================
1 2 3 4 5 6A 6B 7 8 9 10 11 12 13 14 15 16 17 18
12Z AVG MX 2MIN
DY MAX MIN AVG DEP HDD CDD WTR SNW DPTH SPD SPD DIR MIN PSBL S-S WX SPD DR
================================================================================
1 76 63 70 -7 0 5 0.00 M M 5.9 9 230 M M 5 13 160
2 83 62 73 -4 0 8 0.13 M M 10.5 24 20 M M 4 1 28 20
3 83 74 79 2 0 14 0.05 M M 12.6 22 40 M M 7 1 24 40
4 81 74 78 1 0 13 0.27 M M 16.3 25 40 M M 8 18 29 40
5 83 74 79 2 0 14 0.13 M M 14.6 26 60 M M 8 18 31 60
6 82 74 78 1 0 13 0.05 M M 14.6 25 40 M M 8 18 29 40
7 82 75 79 2 0 14 T M M 16.2 21 40 M M 4 25 90
8 81 74 78 1 0 13 0.03 M M 12.3 18 80 M M 6 18 24 70
9 82 70 76 -1 0 11 0.00 M M 4.9 12 100 M M 3 15 90
10 82 69 76 -1 0 11 T M M 7.9 12 50 M M 3 16 290
11 82 70 76 -1 0 11 0.04 M M 6.7 12 60 M M 4 1 14 60
12 83 71 77 1 0 12 T M M 8.4 16 180 M M 3 20 190
13 84 69 77 1 0 12 T M M 8.1 17 180 M M 3 24 180
14 84 68 76 0 0 11 T M M 6.1 15 190 M M 3 18 180
15 80 67 74 -2 0 9 0.00 M M 7.7 18 20 M M 6 23 20
16 83 68 76 0 0 11 0.00 M M 7.1 10 30 M M 3 13 50
17 83 70 77 1 0 12 T M M 8.5 15 60 M M 2 16 60
18 83 71 77 1 0 12 0.00 M M 8.1 14 40 M M 4 16 30
19 84 71 78 2 0 13 0.00 M M 7.3 12 60 M M 5 14 70
20 83 73 78 2 0 13 0.18 M M 6.4 13 80 M M 7 18 15 70
21 83 70 77 1 0 12 0.01 M M 7.8 14 70 M M 5 17 40
22 84 76 80 4 0 15 T M M 12.0 20 90 M M 7 8 25 90
23 82 73 78 2 0 13 T M M 8.9 20 100 M M 6 23 100
24 83 68 76 0 0 11 0.00 M M 9.0 15 70 M M 3 19 50
25 83 72 78 2 0 13 0.00 M M 11.8 16 80 M M 3 19 70
26 82 68 75 -1 0 10 0.00 M M 11.4 16 40 M M 2 19 80
27 83 65 74 -1 0 9 0.00 M M 9.7 20 40 M M 1 23 40
28 83 67 75 0 0 10 T M M 14.1 26 50 M M 3 31 50
29 83 73 78 3 0 13 0.06 M M 19.1 29 40 M M 5 18 33 40
30 82 73 78 3 0 13 0.13 M M 14.9 25 40 M M 5 18 30 40
================================================================================
SM 2472 2112 0 351 1.08 M 308.9 M 136
================================================================================
AV 82.4 70.4 10.3 FASTST M M 5 MAX(MPH)
MISC ----> 29 40 33 40
================================================================================
NOTES:
# LAST OF SEVERAL OCCURRENCES
COLUMN 17 PEAK WIND IN M.P.H.
PRELIMINARY LOCAL CLIMATOLOGICAL DATA (WS FORM: F-6) , PAGE 2
STATION: LIHUE HI
MONTH: NOVEMBER
YEAR: 2021
LATITUDE: 21 58 N
LONGITUDE: 159 21 W
[TEMPERATURE DATA] [PRECIPITATION DATA] SYMBOLS USED IN COLUMN 16
AVERAGE MONTHLY: 76.4 TOTAL FOR MONTH: 1.08 1 = FOG OR MIST
DPTR FM NORMAL: 0.2 DPTR FM NORMAL: -2.95 2 = FOG REDUCING VISIBILITY
HIGHEST: 84 ON 22,19 GRTST 24HR 0.32 ON 3- 4 TO 1/4 MILE OR LESS
LOWEST: 62 ON 2 3 = THUNDER
SNOW, ICE PELLETS, HAIL 4 = ICE PELLETS
TOTAL MONTH: M 5 = HAIL
GRTST 24HR M ON M 6 = FREEZING RAIN OR DRIZZLE
GRTST DEPTH: M ON M 7 = DUSTSTORM OR SANDSTORM:
VSBY 1/2 MILE OR LESS
8 = SMOKE OR HAZE
[NO. OF DAYS WITH] [WEATHER - DAYS WITH] 9 = BLOWING SNOW
X = TORNADO
MAX 32 OR BELOW: 0 0.01 INCH OR MORE: 11
MAX 90 OR ABOVE: 0 0.10 INCH OR MORE: 5
MIN 32 OR BELOW: 0 0.50 INCH OR MORE: 0
MIN 0 OR BELOW: 0 1.00 INCH OR MORE: 0
[HDD (BASE 65) ]
TOTAL THIS MO. 0 CLEAR (SCALE 0-3) 9
DPTR FM NORMAL 0 PTCLDY (SCALE 4-7) 20
TOTAL FM JUL 1 0 CLOUDY (SCALE 8-10) 1
DPTR FM NORMAL 0
[CDD (BASE 65) ]
TOTAL THIS MO. 351
DPTR FM NORMAL 13 [PRESSURE DATA]
TOTAL FM JAN 1 3983 HIGHEST SLP 30.17 ON 7
DPTR FM NORMAL 133 LOWEST SLP 29.87 ON 14
[REMARKS]
#FINAL-11-21#