000
CXHW51 PHFO 011250
CF6LIH
PRELIMINARY LOCAL CLIMATOLOGICAL DATA (WS FORM: F-6)
STATION: LIHUE HI
MONTH: FEBRUARY
YEAR: 2021
LATITUDE: 21 58 N
LONGITUDE: 159 21 W
TEMPERATURE IN F: :PCPN: SNOW: WIND :SUNSHINE: SKY :PK WND
================================================================================
1 2 3 4 5 6A 6B 7 8 9 10 11 12 13 14 15 16 17 18
12Z AVG MX 2MIN
DY MAX MIN AVG DEP HDD CDD WTR SNW DPTH SPD SPD DIR MIN PSBL S-S WX SPD DR
================================================================================
1 78 69 74 2 0 9 0.14 M M 13.4 22 100 M M 5 18 26 80
2 79 66 73 1 0 8 0.47 M M 12.1 24 180 M M 5 18 31 170
3 77 62 70 -2 0 5 1.35 M M 10.9 31 230 M M 6 1 39 230
4 74 60 67 -5 0 2 T M M 8.8 22 340 M M 8 27 350
5 74 59 67 -5 0 2 0.01 M M 6.2 12 280 M M 4 14 280
6 75 56 66 -6 0 1 T M M 6.6 13 270 M M 3 15 270
7 76 57 67 -5 0 2 T M M 6.4 13 270 M M 2 15 290
8 78 60 69 -3 0 4 0.05 M M 10.8 22 240 M M 5 18 27 220
9 75 62 69 -3 0 4 0.00 M M 14.1 23 30 M M 6 29 20
10 77 64 71 -1 0 6 0.00 M M 10.2 22 40 M M 5 26 40
11 77 63 70 -2 0 5 0.00 M M 7.6 13 70 M M 4 16 80
12 78 65 72 0 0 7 0.00 M M 8.8 16 80 M M 3 20 80
13 79 67 73 1 0 8 0.07 M M 9.6 17 90 M M 5 1 28 350
14 80 68 74 2 0 9 T M M 8.5 14 170 M M 4 1 23 350
15 81 66 74 2 0 9 0.34 M M 7.0 16 170 M M 3 1 20 150
16 81 69 75 3 0 10 0.51 M M 7.0 17 20 M M 8 1 21 20
17 79 67 73 1 0 8 0.49 M M 13.6 31 20 M M 7 138 36 20
18 79 70 75 3 0 10 0.09 M M 15.1 29 40 M M 7 138 34 40
19 76 70 73 1 0 8 0.24 M M 15.5 29 110 M M 8 18 35 110
20 79 72 76 4 0 11 0.01 M M 14.7 20 90 M M 7 18 25 80
21 80 72 76 4 0 11 T M M 15.0 22 90 M M 8 1 27 90
22 79 72 76 4 0 11 T M M 17.2 22 90 M M 7 8 28 90
23 79 72 76 4 0 11 0.00 M M 17.5 24 90 M M 8 8 31 80
24 79 73 76 4 0 11 0.00 M M 19.7 24 80 M M 9 31 70
25 77 72 75 3 0 10 T M M 21.1 28 90 M M 8 8 34 80
26 78 72 75 3 0 10 T M M 20.8 29 70 M M 8 8 35 70
27 78 69 74 2 0 9 0.28 M M 19.9 30 90 M M 9 18 35 90
28 78 68 73 1 0 8 0.05 M M 22.7 31 70 M M 6 18 36 70
================================================================================
SM 2180 1862 0 209 4.10 M 360.8 M 168
================================================================================
AV 77.9 66.5 12.9 FASTST M M 6 MAX(MPH)
MISC ----> # 31 230 39 230
================================================================================
NOTES:
# LAST OF SEVERAL OCCURRENCES
COLUMN 17 PEAK WIND IN M.P.H.
PRELIMINARY LOCAL CLIMATOLOGICAL DATA (WS FORM: F-6) , PAGE 2
STATION: LIHUE HI
MONTH: FEBRUARY
YEAR: 2021
LATITUDE: 21 58 N
LONGITUDE: 159 21 W
[TEMPERATURE DATA] [PRECIPITATION DATA] SYMBOLS USED IN COLUMN 16
AVERAGE MONTHLY: 72.2 TOTAL FOR MONTH: 4.10 1 = FOG OR MIST
DPTR FM NORMAL: 0.6 DPTR FM NORMAL: 0.94 2 = FOG REDUCING VISIBILITY
HIGHEST: 81 ON 16,15 GRTST 24HR 1.46 ON 2- 3 TO 1/4 MILE OR LESS
LOWEST: 56 ON 6 3 = THUNDER
SNOW, ICE PELLETS, HAIL 4 = ICE PELLETS
TOTAL MONTH: M 5 = HAIL
GRTST 24HR M ON M 6 = FREEZING RAIN OR DRIZZLE
GRTST DEPTH: M ON M 7 = DUSTSTORM OR SANDSTORM:
VSBY 1/2 MILE OR LESS
8 = SMOKE OR HAZE
[NO. OF DAYS WITH] [WEATHER - DAYS WITH] 9 = BLOWING SNOW
X = TORNADO
MAX 32 OR BELOW: 0 0.01 INCH OR MORE: 14
MAX 90 OR ABOVE: 0 0.10 INCH OR MORE: 8
MIN 32 OR BELOW: 0 0.50 INCH OR MORE: 2
MIN 0 OR BELOW: 0 1.00 INCH OR MORE: 1
[HDD (BASE 65) ]
TOTAL THIS MO. 0 CLEAR (SCALE 0-3) 1
DPTR FM NORMAL 0 PTCLDY (SCALE 4-7) 23
TOTAL FM JUL 1 60 CLOUDY (SCALE 8-10) 4
DPTR FM NORMAL 60
[CDD (BASE 65) ]
TOTAL THIS MO. 209
DPTR FM NORMAL 23 [PRESSURE DATA]
TOTAL FM JAN 1 498 HIGHEST SLP 30.23 ON 28
DPTR FM NORMAL 93 LOWEST SLP 29.75 ON 3
[REMARKS]
#FINAL-02-21#