000
CXHW51 PHFO 011250
CF6LIH
PRELIMINARY LOCAL CLIMATOLOGICAL DATA (WS FORM: F-6)
STATION: LIHUE HI
MONTH: OCTOBER
YEAR: 2023
LATITUDE: 21 58 N
LONGITUDE: 159 21 W
TEMPERATURE IN F: :PCPN: SNOW: WIND :SUNSHINE: SKY :PK WND
================================================================================
1 2 3 4 5 6A 6B 7 8 9 10 11 12 13 14 15 16 17 18
12Z AVG MX 2MIN
DY MAX MIN AVG DEP HDD CDD WTR SNW DPTH SPD SPD DIR MIN PSBL S-S WX SPD DR
================================================================================
1 84 77 81 1 0 16 0.00 M M 13.2 21 60 M M 6 24 70
2 82 70 76 -4 0 11 T M M 7.6 13 70 M M 3 16 70
3 84 69 77 -3 0 12 0.00 M M 7.4 16 180 M M 3 19 180
4 84 66 75 -5 0 10 T M M 6.3 15 180 M M 4 19 180
5 83 70 77 -3 0 12 T M M 6.9 14 70 M M 7 1 16 350
6 83 73 78 -2 0 13 T M M 6.4 14 70 M M 5 17 60
7 82 73 78 -2 0 13 0.16 M M 9.2 20 60 M M 5 1 22 50
8 83 74 79 0 0 14 0.01 M M 10.7 18 80 M M 4 23 60
9 84 73 79 0 0 14 0.05 M M 14.7 21 70 M M 5 1 26 80
10 84 76 80 1 0 15 T M M 12.3 17 70 M M 5 20 70
11 84 71 78 -1 0 13 0.00 M M 12.1 20 40 M M 3 23 30
12 85 73 79 0 0 14 0.00 M M 12.1 17 40 M M 5 20 10
13 85 70 78 -1 0 13 0.01 M M 7.2 13 20 M M 2 1 15 20
14 M 72 M M M M 0.13 M M 8.9 21 30 M M 6 1 24 40
15 86 72 79 0 0 14 0.08 M M 9.3 18 20 M M 7 18 23 30
16 85 74 80 1 0 15 T M M 9.4 15 90 M M 6 8 18 80
17 84 69 77 -2 0 12 T M M 6.1 12 100 M M 4 14 310
18 85 72 79 0 0 14 0.01 M M 9.0 15 40 M M 5 17 30
19 85 73 79 0 0 14 0.06 M M 9.8 24 30 M M 9 18 30 40
20 82 73 78 0 0 13 0.11 M M 13.5 22 30 M M 9 18 27 360
21 85 70 78 0 0 13 0.02 M M 6.2 16 170 M M 6 20 180
22 87 71 79 1 0 14 0.11 M M 9.6 22 210 M M 6 1 28 210
23 85 72 79 1 0 14 0.42 M M 12.0 25 240 M M 8 18 31 240
24 85 67 76 -2 0 11 T M M 6.9 16 50 M M 3 19 40
25 84 67 76 -2 0 11 0.00 M M 6.9 14 170 M M 3 18 160
26 83 66 75 -3 0 10 0.00 M M 5.8 13 10 M M 2 15 160
27 83 67 75 -3 0 10 0.00 M M 7.6 15 30 M M 2 18 290
28 83 66 75 -3 0 10 0.02 M M 10.4 18 40 M M 2 1 22 30
29 84 71 78 0 0 13 T M M 8.7 16 40 M M 5 19 50
30 84 71 78 0 0 13 0.02 M M 7.3 12 40 M M 5 1 16 310
31 82 71 77 -1 0 12 0.01 M M 7.3 10 290 M M 5 14 280
================================================================================
SM 2519 2199 0 383 1.22 M 280.8 M 150
================================================================================
AV 84.0 70.9 9.1 FASTST M M 5 MAX(MPH)
MISC ----> 25 240 31 240
================================================================================
NOTES:
# LAST OF SEVERAL OCCURRENCES
COLUMN 17 PEAK WIND IN M.P.H.
PRELIMINARY LOCAL CLIMATOLOGICAL DATA (WS FORM: F-6) , PAGE 2
STATION: LIHUE HI
MONTH: OCTOBER
YEAR: 2023
LATITUDE: 21 58 N
LONGITUDE: 159 21 W
[TEMPERATURE DATA] [PRECIPITATION DATA] SYMBOLS USED IN COLUMN 16
AVERAGE MONTHLY: 77.5 TOTAL FOR MONTH: 1.22 1 = FOG OR MIST
DPTR FM NORMAL: -1.2 DPTR FM NORMAL: -2.05 2 = FOG REDUCING VISIBILITY
HIGHEST: 87 ON 22 GRTST 24HR 0.51 ON 22-23 TO 1/4 MILE OR LESS
LOWEST: 66 ON 28,26 3 = THUNDER
SNOW, ICE PELLETS, HAIL 4 = ICE PELLETS
TOTAL MONTH: M 5 = HAIL
GRTST 24HR M ON M 6 = FREEZING RAIN OR DRIZZLE
GRTST DEPTH: M ON M 7 = DUSTSTORM OR SANDSTORM:
VSBY 1/2 MILE OR LESS
8 = SMOKE OR HAZE
[NO. OF DAYS WITH] [WEATHER - DAYS WITH] 9 = BLOWING SNOW
X = TORNADO
MAX 32 OR BELOW: 0 0.01 INCH OR MORE: 15
MAX 90 OR ABOVE: 0 0.10 INCH OR MORE: 5
MIN 32 OR BELOW: 0 0.50 INCH OR MORE: 0
MIN 0 OR BELOW: 0 1.00 INCH OR MORE: 0
[HDD (BASE 65) ]
TOTAL THIS MO. 0 CLEAR (SCALE 0-3) 7
DPTR FM NORMAL 0 PTCLDY (SCALE 4-7) 22
TOTAL FM JUL 1 0 CLOUDY (SCALE 8-10) 2
DPTR FM NORMAL 0
[CDD (BASE 65) ]
TOTAL THIS MO. 383
DPTR FM NORMAL -43 [PRESSURE DATA]
TOTAL FM JAN 1 3832 HIGHEST SLP 30.11 ON 10
DPTR FM NORMAL 320 LOWEST SLP 29.83 ON 23
[REMARKS]
#FINAL-10-23#