000
CXUS54 KLZK 011905
CF6LIT
PRELIMINARY LOCAL CLIMATOLOGICAL DATA (WS FORM: F-6)
STATION: Little Rock Adams Field
MONTH: JULY
YEAR: 2020
LATITUDE: 34 43 N
LONGITUDE: 92 14 W
TEMPERATURE IN F: :PCPN: SNOW: WIND :SUNSHINE: SKY :PK WND
================================================================================
1 2 3 4 5 6A 6B 7 8 9 10 11 12 13 14 15 16 17 18
12Z AVG MX 2MIN
DY MAX MIN AVG DEP HDD CDD WTR SNW DPTH SPD SPD DIR MIN PSBL S-S WX SPD DR
================================================================================
1 90 75 83 1 0 18 T 0.0 0 6.8 17 60 M M 8 1 21 60
2 94 71 83 1 0 18 0.36 0.0 0 6.0 28 280 M M 7 13 33 280
3 92 70 81 -1 0 16 0.00 0.0 0 4.6 17 330 M M 7 20 330
4 89 72 81 -1 0 16 T 0.0 0 5.4 24 310 M M 6 3 29 290
5 90 73 82 0 0 17 T 0.0 0 5.3 20 60 M M 6 13 23 80
6 89 71 80 -2 0 15 0.00 0.0 0 5.2 13 60 M M 5 19 70
7 90 73 82 0 0 17 0.00 0.0 0 4.5 17 210 M M 4 21 220
8 88 72 80 -2 0 15 0.00 0.0 0 4.5 8 180 M M 6 1 13 120
9 92 71 82 -1 0 17 1.16 0.0 0 6.8 30 280 M M 6 13 40 290
10 92 71 82 -1 0 17 0.00 0.0 0 5.4 13 340 M M 5 16 310
11 95 75 85 2 0 20 0.00 0.0 0 5.8 14 230 M M 4 16 240
12 93 76 85 2 0 20 0.00 0.0 0 9.5 29 340 M M 7 40 320
13 90 71 81 -2 0 16 0.00 0.0 0 4.3 12 100 M M 6 M M
14 93 74 84 1 0 19 0.00 0.0 0 7.0 15 140 M M 6 18 130
15 93 76 85 2 0 20 0.00 0.0 0 7.3 17 170 M M 4 22 180
16 96 77 87 4 0 22 0.00 0.0 0 5.8 14 100 M M 5 17 70
17 95 77 86 3 0 21 0.00 0.0 0 6.5 13 140 M M 6 16 140
18 93 73 83 0 0 18 0.00 0.0 0 5.8 14 170 M M 4 18 180
19 95 75 85 2 0 20 0.00 0.0 0 5.3 13 170 M M 2 3 18 170
20 95 75 85 2 0 20 0.00 0.0 0 3.9 18 150 M M 4 18 23 160
21 93 73 83 0 0 18 T 0.0 0 5.4 16 210 M M 5 M M
22 83 75 79 -4 0 14 0.01 0.0 0 2.7 8 140 M M 8 1 14 130
23 92 74 83 0 0 18 0.18 0.0 0 5.8 16 80 M M 5 1 20 80
24 91 75 83 0 0 18 0.00 0.0 0 7.7 16 130 M M 4 22 130
25 90 74 82 -1 0 17 0.00 0.0 0 6.3 14 120 M M 5 18 120
26 91 73 82 -1 0 17 0.00 0.0 0 4.6 16 180 M M 4 24 170
27 90 71 81 -2 0 16 0.00 0.0 0 4.9 10 220 M M 5 8 15 250
28 92 73 83 0 0 18 0.00 0.0 0 5.3 13 180 M M 6 15 190
29 89 74 82 -1 0 17 0.34 0.0 0 5.0 25 220 M M 7 38 31 220
30 92 76 84 1 0 19 0.00 0.0 0 11.5 22 300 M M 8 28 220
31 82 72 77 -6 0 12 0.38 0.0 0 9.2 20 230 M M 8 18 28 230
================================================================================
SM 2829 2278 0 546 2.43 0.0 184.1 M 173
================================================================================
AV 91.3 73.5 5.9 FASTST M M 6 MAX(MPH)
MISC ----> # 30 280 # 40 290
================================================================================
NOTES:
# LAST OF SEVERAL OCCURRENCES
COLUMN 17 PEAK WIND IN M.P.H.
PRELIMINARY LOCAL CLIMATOLOGICAL DATA (WS FORM: F-6) , PAGE 2
STATION: Little Rock Adams Field
MONTH: JULY
YEAR: 2020
LATITUDE: 34 43 N
LONGITUDE: 92 14 W
[TEMPERATURE DATA] [PRECIPITATION DATA] SYMBOLS USED IN COLUMN 16
AVERAGE MONTHLY: 82.4 TOTAL FOR MONTH: 2.43 1 = FOG OR MIST
DPTR FM NORMAL: -0.4 DPTR FM NORMAL: -0.84 2 = FOG REDUCING VISIBILITY
HIGHEST: 96 ON 16 GRTST 24HR 1.16 ON 9- 9 TO 1/4 MILE OR LESS
LOWEST: 70 ON 3 3 = THUNDER
SNOW, ICE PELLETS, HAIL 4 = ICE PELLETS
TOTAL MONTH: 0.0 INCH 5 = HAIL
GRTST 24HR 0.0 6 = FREEZING RAIN OR DRIZZLE
GRTST DEPTH: 0 7 = DUSTSTORM OR SANDSTORM:
VSBY 1/2 MILE OR LESS
8 = SMOKE OR HAZE
[NO. OF DAYS WITH] [WEATHER - DAYS WITH] 9 = BLOWING SNOW
X = TORNADO
MAX 32 OR BELOW: 0 0.01 INCH OR MORE: 6
MAX 90 OR ABOVE: 25 0.10 INCH OR MORE: 5
MIN 32 OR BELOW: 0 0.50 INCH OR MORE: 1
MIN 0 OR BELOW: 0 1.00 INCH OR MORE: 1
[HDD (BASE 65) ]
TOTAL THIS MO. 0 CLEAR (SCALE 0-3) 1
DPTR FM NORMAL 0 PTCLDY (SCALE 4-7) 30
TOTAL FM JUL 1 0 CLOUDY (SCALE 8-10) 0
DPTR FM NORMAL 0
[CDD (BASE 65) ]
TOTAL THIS MO. 546
DPTR FM NORMAL -7 [PRESSURE DATA]
TOTAL FM JAN 1 1123 HIGHEST SLP 30.14 ON 17
DPTR FM NORMAL -136 LOWEST SLP 29.79 ON 31
[REMARKS]
#FINAL-07-20#