000
CXUS55 KPIH 031341
CF6LLJ
PRELIMINARY LOCAL CLIMATOLOGICAL DATA (WS FORM: F-6)
STATION: CHALLIS
MONTH: AUGUST
YEAR: 2022
LATITUDE: 44 31 N
LONGITUDE: 114 13 W
TEMPERATURE IN F: :PCPN: SNOW: WIND :SUNSHINE: SKY :PK WND
================================================================================
1 2 3 4 5 6A 6B 7 8 9 10 11 12 13 14 15 16 17 18
12Z AVG MX 2MIN
DY MAX MIN AVG DEP HDD CDD WTR SNW DPTH SPD SPD DIR MIN PSBL S-S WX SPD DR
================================================================================
1 95 57 76 5 0 11 0.01 M M 2.5 17 340 M M 2 25 340
2 84 61 73 3 0 8 T M M 5.8 22 250 M M 5 30 250
3 90 52 71 1 0 6 0.00 M M 4.5 23 300 M M 0 31 310
4 92 55 74 4 0 9 0.00 M M 7.1 28 220 M M 1 36 220
5 88 58 73 3 0 8 0.00 M M 6.7 22 210 M M 0 38 190
6 86 60 73 3 0 8 0.01 M M 6.8 16 320 M M 4 23 340
7 89 47 68 -2 0 3 0.00 M M 2.7 12 280 M M 0 13 290
8 94 48 71 1 0 6 0.00 M M 3.2 17 310 M M 0 26 310
9 94 55 75 6 0 10 0.00 M M 2.1 9 150 M M 0 11 150
10 84 56 70 1 0 5 0.10 M M 2.7 18 150 M M 3 1 30 170
11 88 55 72 3 0 7 0.01 M M 4.6 25 160 M M 2 3 36 160
12 87 55 71 2 0 6 0.01 M M 4.6 25 190 M M 2 3 32 190
13 94 53 74 6 0 9 0.00 M M 3.3 15 280 M M 0 22 140
14 93 53 73 5 0 8 0.00 M M 3.5 16 300 M M 0 22 300
15 92 51 72 4 0 7 0.00 M M 3.3 12 320 M M 0 17 320
16 94 52 73 5 0 8 0.00 M M 2.6 12 310 M M 1 13 310
17 96 50 73 6 0 8 0.00 M M 3.0 10 310 M M 1 17 320
18 98 54 76 9 0 11 0.00 M M 3.1 16 210 M M 0 23 210
19 91 55 73 6 0 8 T M M 4.3 18 240 M M 1 3 26 180
20 87 56 72 6 0 7 T M M 5.6 20 130 M M 2 28 160
21 90 53 72 6 0 7 0.00 M M 3.2 12 190 M M 1 16 190
22 84 53 69 3 0 4 0.01 M M 4.1 21 210 M M 2 3 32 210
23 89 48 69 3 0 4 0.00 M M 2.6 6 310 M M 1 M M
24 91 52 72 7 0 7 T M M 3.3 28 150 M M 0 3 38 140
25 90 54 72 7 0 7 T M M 4.7 20 300 M M 0 3 27 300
26 89 52 71 6 0 6 0.00 M M 4.7 21 290 M M 1 27 290
27 84 52 68 4 0 3 0.00 M M 6.9 32 210 M M 3 47 210
28 85 49 67 3 0 2 0.00 M M 3.8 12 350 M M 0 17 250
29 91 47 69 5 0 4 0.00 M M 3.0 9 330 M M 0 11 150
30 94 47 71 7 0 6 0.00 M M 3.4 13 360 M M 0 20 40
31 94 49 72 9 0 7 0.00 M M 2.0 7 170 M M 0 10 350
================================================================================
SM 2797 1639 0 210 0.15 M 123.7 M 32
================================================================================
AV 90.2 52.9 4.0 FASTST M M 1 MAX(MPH)
MISC ----> 32 210 47 210
================================================================================
NOTES:
# LAST OF SEVERAL OCCURRENCES
COLUMN 17 PEAK WIND IN M.P.H.
PRELIMINARY LOCAL CLIMATOLOGICAL DATA (WS FORM: F-6) , PAGE 2
STATION: CHALLIS
MONTH: AUGUST
YEAR: 2022
LATITUDE: 44 31 N
LONGITUDE: 114 13 W
[TEMPERATURE DATA] [PRECIPITATION DATA] SYMBOLS USED IN COLUMN 16
AVERAGE MONTHLY: 71.5 TOTAL FOR MONTH: 0.15 1 = FOG OR MIST
DPTR FM NORMAL: 4.1 DPTR FM NORMAL: -0.30 2 = FOG REDUCING VISIBILITY
HIGHEST: 98 ON 18 GRTST 24HR 0.10 ON 10-10 TO 1/4 MILE OR LESS
LOWEST: 47 ON 30,29 3 = THUNDER
SNOW, ICE PELLETS, HAIL 4 = ICE PELLETS
TOTAL MONTH: M 5 = HAIL
GRTST 24HR M ON M 6 = FREEZING RAIN OR DRIZZLE
GRTST DEPTH: M ON M 7 = DUSTSTORM OR SANDSTORM:
VSBY 1/2 MILE OR LESS
8 = SMOKE OR HAZE
[NO. OF DAYS WITH] [WEATHER - DAYS WITH] 9 = BLOWING SNOW
X = TORNADO
MAX 32 OR BELOW: 0 0.01 INCH OR MORE: 6
MAX 90 OR ABOVE: 18 0.10 INCH OR MORE: 1
MIN 32 OR BELOW: 0 0.50 INCH OR MORE: 0
MIN 0 OR BELOW: 0 1.00 INCH OR MORE: 0
[HDD (BASE 65) ]
TOTAL THIS MO. 0 CLEAR (SCALE 0-3) 29
DPTR FM NORMAL -36 PTCLDY (SCALE 4-7) 2
TOTAL FM JUL 1 0 CLOUDY (SCALE 8-10) 0
DPTR FM NORMAL -52
[CDD (BASE 65) ]
TOTAL THIS MO. 210
DPTR FM NORMAL 100 [PRESSURE DATA]
TOTAL FM JAN 1 455 HIGHEST SLP 30.18 ON 11
DPTR FM NORMAL 157 LOWEST SLP 29.61 ON 27
[REMARKS]
18TH: HIGH OF 98 BREAKS PREVIOUS RECORD OF 97 SET IN 1932.
30TH: HIGH OF 94 BREAKS PREVIOUS RECORD OF 92 SET IN 1954.
31ST: HIGH OF 94 BREAKS PREVIOUS RECORD OF 93 SET IN 1955.
#FINAL-08-22#