000
CXUS56 KMFR 011710
CF6LMT
PRELIMINARY LOCAL CLIMATOLOGICAL DATA (WS FORM: F-6)
STATION: KLAMATH FALLS OR
MONTH: DECEMBER
YEAR: 2020
LATITUDE: 42 9 N
LONGITUDE: 121 44 W
TEMPERATURE IN F: :PCPN: SNOW: WIND :SUNSHINE: SKY :PK WND
================================================================================
1 2 3 4 5 6A 6B 7 8 9 10 11 12 13 14 15 16 17 18
12Z AVG MX 2MIN
DY MAX MIN AVG DEP HDD CDD WTR SNW DPTH SPD SPD DIR MIN PSBL S-S WX SPD DR
================================================================================
1 43 15 29 -2 36 0 0.00 M M 5.5 13 330 M M 0 14 330
2 44 21 33 2 32 0 0.00 M M 7.5 15 330 M M 0 18 330
3 49 21 35 4 30 0 0.00 M M 2.6 9 10 M M 1 10 360
4 50 18 34 4 31 0 0.00 M M 2.7 9 340 M M 0 8 11 330
5 48 15 32 2 33 0 0.01 M M 3.6 14 200 M M 3 16 190
6 46 22 34 4 31 0 0.00 M M 3.8 15 270 M M 1 25 270
7 48 18 33 3 32 0 0.00 M M 3.5 14 340 M M 1 12 16 340
8 52 21 37 7 28 0 0.00 M M 1.4 8 330 M M 0 1 9 350
9 47 20 34 4 31 0 0.00 M M 4.3 13 340 M M 1 1 14 340
10 44 11 28 -2 37 0 0.00 M M 4.8 22 270 M M 2 1 28 280
11 35 18 27 -3 38 0 0.15 M M 2.4 10 180 M M 7 12 12 170
12 29 16 23 -7 42 0 T M M 2.2 9 80 M M 7 128 12 70
13 38 27 33 4 32 0 0.05 M M 3.9 10 260 M M 10 1 10 260
14 37 16 27 -2 38 0 0.00 M M 1.2 7 170 M M 3 1 7 150
15 36 28 32 3 33 0 0.01 M M 4.8 13 190 M M 9 1 14 190
16 41 27 34 5 31 0 0.29 M M 6.1 18 160 M M 8 1 22 160
17 39 22 31 2 34 0 0.04 M M 6.6 21 320 M M 6 1 24 330
18 38 20 29 0 36 0 0.00 M M 3.3 12 160 M M 2 1 13 160
19 43 27 35 6 30 0 0.00 M M 3.7 13 170 M M 6 15 160
20 48 34 41 12 24 0 0.00 M M 2.9 10 150 M M 10 12 150
21 51 25 38 9 27 0 T M M 6.0 30 280 M M 3 12 37 290
22 36 17 27 -2 38 0 0.00 M M 6.0 16 280 M M 2 20 280
23 38 11 25 -4 40 0 0.00 M M 2.5 8 130 M M 0 10 130
24 40 11 26 -3 39 0 0.00 0.0 0 3.9 17 150 M M 0 22 140
25 42 34 38 9 27 0 T M M 17.5 44 180 M M 7 8 54 180
26 39 21 30 1 35 0 0.08 M M 6.6 21 260 M M 5 1 25 260
27 37 20 29 0 36 0 0.00 M M 5.4 12 60 M M 2 13 60
28 39 18 29 0 36 0 0.00 M M 8.2 18 340 M M 1 21 340
29 36 9 23 -6 42 0 0.00 M M 2.4 8 90 M M 3 11 130
30 44 28 36 7 29 0 0.18 M M 5.2 16 300 M M 8 1 21 300
31 34 21 28 -1 37 0 T M M 5.2 13 160 M M 9 12 15 150
================================================================================
SM 1291 632 1045 0 0.81 0.0 145.7 M 117
================================================================================
AV 41.6 20.4 4.7 FASTST M M 4 MAX(MPH)
MISC ----> 44 180 54 180
================================================================================
NOTES:
# LAST OF SEVERAL OCCURRENCES
COLUMN 17 PEAK WIND IN M.P.H.
PRELIMINARY LOCAL CLIMATOLOGICAL DATA (WS FORM: F-6) , PAGE 2
STATION: KLAMATH FALLS OR
MONTH: DECEMBER
YEAR: 2020
LATITUDE: 42 9 N
LONGITUDE: 121 44 W
[TEMPERATURE DATA] [PRECIPITATION DATA] SYMBOLS USED IN COLUMN 16
AVERAGE MONTHLY: 31.0 TOTAL FOR MONTH: 0.81 1 = FOG OR MIST
DPTR FM NORMAL: 1.4 DPTR FM NORMAL: -0.64 2 = FOG REDUCING VISIBILITY
HIGHEST: 52 ON 8 GRTST 24HR 0.33 ON 16-17 TO 1/4 MILE OR LESS
LOWEST: 9 ON 29 3 = THUNDER
SNOW, ICE PELLETS, HAIL 4 = ICE PELLETS
TOTAL MONTH: 0.0 INCH 5 = HAIL
GRTST 24HR 0.0 6 = FREEZING RAIN OR DRIZZLE
GRTST DEPTH: 0 7 = DUSTSTORM OR SANDSTORM:
VSBY 1/2 MILE OR LESS
8 = SMOKE OR HAZE
[NO. OF DAYS WITH] [WEATHER - DAYS WITH] 9 = BLOWING SNOW
X = TORNADO
MAX 32 OR BELOW: 1 0.01 INCH OR MORE: 8
MAX 90 OR ABOVE: 0 0.10 INCH OR MORE: 3
MIN 32 OR BELOW: 29 0.50 INCH OR MORE: 0
MIN 0 OR BELOW: 0 1.00 INCH OR MORE: 0
[HDD (BASE 65) ]
TOTAL THIS MO. 1045 CLEAR (SCALE 0-3) 18
DPTR FM NORMAL -54 PTCLDY (SCALE 4-7) 9
TOTAL FM JUL 1 2556 CLOUDY (SCALE 8-10) 4
DPTR FM NORMAL -348
[CDD (BASE 65) ]
TOTAL THIS MO. 0
DPTR FM NORMAL 0 [PRESSURE DATA]
TOTAL FM JAN 1 304 HIGHEST SLP 30.61 ON 23
DPTR FM NORMAL 135 LOWEST SLP 29.81 ON 25
[REMARKS]
#FINAL-12-20#