000
CXUS53 KOAX 031343 CCA
CF6LNK
PRELIMINARY LOCAL CLIMATOLOGICAL DATA (WS FORM: F-6)
STATION: LINCOLN NE
MONTH: APRIL
YEAR: 2022
LATITUDE: 40 50 N
LONGITUDE: 96 45 W
TEMPERATURE IN F: :PCPN: SNOW: WIND :SUNSHINE: SKY :PK WND
================================================================================
1 2 3 4 5 6A 6B 7 8 9 10 11 12 13 14 15 16 17 18
12Z AVG MX 2MIN
DY MAX MIN AVG DEP HDD CDD WTR SNW DPTH SPD SPD DIR MIN PSBL S-S WX SPD DR
================================================================================
1 66 18 42 -5 23 0 0.04 0.0 0 7.8 29 220 M M 3 38 230
2 63 37 50 2 15 0 0.00 0.0 0 8.1 21 310 M M 1 28 310
3 64 36 50 2 15 0 0.00 0.0 0 7.9 20 230 M M 3 27 190
4 61 27 44 -4 21 0 0.00 0.0 0 9.6 20 160 M M 1 27 160
5 59 41 50 1 15 0 0.01 0.0 0 11.8 32 190 M M 5 1 42 190
6 54 40 47 -2 18 0 T 0.0 0 19.6 35 330 M M 4 48 320
7 46 38 42 -7 23 0 T T 0 24.6 40 330 M M 7 56 340
8 55 26 41 -9 24 0 0.00 0.0 0 16.7 32 340 M M 2 44 340
9 69 20 45 -5 20 0 0.00 0.0 0 11.7 29 150 M M 0 8 40 140
10 68 37 53 3 12 0 0.00 0.0 0 11.5 26 330 M M 0 37 330
11 67 34 51 0 14 0 0.00 0.0 0 7.6 20 140 M M 0 27 130
12 91 46 69 18 0 4 0.32 0.0 0 25.1 44 180 M M 3 138 63 170
13 53 31 42 -9 23 0 0.00 0.0 0 17.2 30 330 M M 3 42 330
14 59 28 44 -8 21 0 0.00 0.0 0 15.0 33 260 M M 2 47 280
15 53 24 39 -13 26 0 0.00 0.0 0 11.6 21 20 M M 0 30 10
16 52 27 40 -12 25 0 0.00 0.0 0 12.3 22 360 M M 0 29 10
17 48 29 39 -13 26 0 T 0.0 0 10.2 23 120 M M 7 30 120
18 56 27 42 -11 23 0 0.00 0.0 0 13.8 26 340 M M 1 36 330
19 58 24 41 -12 24 0 0.00 0.0 0 15.7 33 160 M M 7 45 170
20 64 38 51 -2 14 0 0.04 0.0 0 8.4 24 160 M M 6 18 34 140
21 72 34 53 -1 12 0 T 0.0 0 10.6 24 120 M M 6 1238 35 130
22 85 61 73 19 0 8 0.00 0.0 0 25.6 44 180 M M 7 3 58 180
23 83 49 66 12 0 1 T 0.0 0 28.1 46 200 M M 2 60 200
24 59 41 50 -5 15 0 0.00 0.0 0 17.7 33 290 M M 5 46 300
25 58 29 44 -11 21 0 0.00 0.0 0 13.0 26 320 M M 4 37 340
26 73 25 49 -6 16 0 0.00 0.0 0 9.3 25 190 M M 0 35 220
27 84 51 68 12 0 3 0.00 0.0 0 15.0 26 200 M M 0 35 190
28 84 57 71 15 0 6 1.65 0.0 0 13.3 24 260 M M 2 13 34 160
29 69 54 62 6 3 0 0.96 0.0 0 13.6 35 300 M M 8 13 47 120
30 56 47 52 -5 13 0 0.03 0.0 0 23.2 38 310 M M 10 1 52 310
================================================================================
SM 1929 1076 462 22 3.05 T 435.6 M 99
================================================================================
AV 64.3 35.9 14.5 FASTST M M 3 MAX(MPH)
MISC ----> 46 200 63 170
================================================================================
NOTES:
# LAST OF SEVERAL OCCURRENCES
COLUMN 17 PEAK WIND IN M.P.H.
PRELIMINARY LOCAL CLIMATOLOGICAL DATA (WS FORM: F-6) , PAGE 2
STATION: LINCOLN NE
MONTH: APRIL
YEAR: 2022
LATITUDE: 40 50 N
LONGITUDE: 96 45 W
[TEMPERATURE DATA] [PRECIPITATION DATA] SYMBOLS USED IN COLUMN 16
AVERAGE MONTHLY: 50.1 TOTAL FOR MONTH: 3.05 1 = FOG OR MIST
DPTR FM NORMAL: -1.9 DPTR FM NORMAL: 0.36 2 = FOG REDUCING VISIBILITY
HIGHEST: 91 ON 12 GRTST 24HR 2.54 ON 28-29 TO 1/4 MILE OR LESS
LOWEST: 18 ON 1 3 = THUNDER
SNOW, ICE PELLETS, HAIL 4 = ICE PELLETS
TOTAL MONTH: T 5 = HAIL
GRTST 24HR T ON 7- 7 6 = FREEZING RAIN OR DRIZZLE
GRTST DEPTH: 0 7 = DUSTSTORM OR SANDSTORM:
VSBY 1/2 MILE OR LESS
8 = SMOKE OR HAZE
[NO. OF DAYS WITH] [WEATHER - DAYS WITH] 9 = BLOWING SNOW
X = TORNADO
MAX 32 OR BELOW: 0 0.01 INCH OR MORE: 7
MAX 90 OR ABOVE: 1 0.10 INCH OR MORE: 3
MIN 32 OR BELOW: 13 0.50 INCH OR MORE: 2
MIN 0 OR BELOW: 0 1.00 INCH OR MORE: 1
[HDD (BASE 65) ]
TOTAL THIS MO. 462 CLEAR (SCALE 0-3) 17
DPTR FM NORMAL 61 PTCLDY (SCALE 4-7) 12
TOTAL FM JUL 1 5236 CLOUDY (SCALE 8-10) 1
DPTR FM NORMAL -465
[CDD (BASE 65) ]
TOTAL THIS MO. 22
DPTR FM NORMAL 11 [PRESSURE DATA]
TOTAL FM JAN 1 22 HIGHEST SLP 30.46 ON 18
DPTR FM NORMAL 9 LOWEST SLP 29.03 ON 12
[REMARKS]
#FINAL-04-22#