000
CXUS53 KLMK 010810
CF6LOU
PRELIMINARY LOCAL CLIMATOLOGICAL DATA (WS FORM: F-6)
STATION: LOUISVILLE BOWMAN KY
MONTH: FEBRUARY
YEAR: 2021
LATITUDE: 38 13 N
LONGITUDE: 85 39 W
TEMPERATURE IN F: :PCPN: SNOW: WIND :SUNSHINE: SKY :PK WND
================================================================================
1 2 3 4 5 6A 6B 7 8 9 10 11 12 13 14 15 16 17 18
12Z AVG MX 2MIN
DY MAX MIN AVG DEP HDD CDD WTR SNW DPTH SPD SPD DIR MIN PSBL S-S WX SPD DR
================================================================================
1 35 30 33 -2 32 0 0.03 M M 9.1 16 310 M M 10 18 27 310
2 38 24 31 -4 34 0 0.00 M M 8.6 17 310 M M 4 29 10
3 43 28 36 0 29 0 0.00 M M 3.9 10 290 M M 4 17 350
4 44 28 36 0 29 0 0.33 M M 8.0 25 270 M M 5 14 39 290
5 44 29 37 1 28 0 0.00 M M 12.4 24 220 M M 5 37 230
6 43 28 36 0 29 0 T M M 4.9 12 290 M M 4 18 240
7 29 20 25 -11 40 0 0.02 M M 7.3 15 340 M M 4 1 26 340
8 39 18 29 -7 36 0 T M M 3.6 9 30 M M 5 14 280
9 36 30 33 -4 32 0 0.03 M M 5.2 13 350 M M 10 18 17 340
10 32 26 29 -8 36 0 0.76 M M 8.6 15 20 M M 10 1468 21 10
11 29 23 26 -11 39 0 0.06 M M 9.1 16 40 M M 9 168 26 40
12 30 22 26 -11 39 0 T M M 5.9 12 330 M M 10 8 16 360
13 31 26 29 -9 36 0 0.00 M M 5.9 12 20 M M 10 8 16 10
14 28 20 24 -14 41 0 0.00 M M 8.2 14 10 M M 10 8 21 320
15 24 17 21 -17 44 0 0.33 M M 9.6 16 30 M M 10 168 25 40
16 17 7 12 -26 53 0 T M M 7.3 15 230 M M 8 8 19 210
17 26 7 17 -22 48 0 0.03 M M 6.1 14 90 M M 5 18 90
18 32 23 28 -11 37 0 0.05 M M 6.0 10 350 M M 10 8 17 360
19 32 15 24 -15 41 0 0.00 M M 4.7 14 290 M M 4 18 20 280
20 34 11 23 -16 42 0 0.00 M M 5.0 10 140 M M 2 18 13 140
21 48 20 34 -6 31 0 0.00 M M 6.2 18 150 M M 2 29 170
22 49 35 42 2 23 0 0.02 M M 11.2 31 220 M M 7 18 42 210
23 62 38 50 10 15 0 0.00 M M 8.1 17 270 M M 1 25 280
24 67 40 54 13 11 0 T M M 9.8 23 220 M M 4 32 210
25 52 32 42 1 23 0 0.00 M M 6.3 13 20 M M 0 18 19 360
26 45 36 41 0 24 0 0.04 M M 8.2 15 90 M M 5 18 22 90
27 57 44 51 9 14 0 0.14 M M 4.9 13 80 M M 8 1 19 270
28 67 54 61 19 4 0 3.47 M M 7.1 17 260 M M 9 13 24 260
================================================================================
SM 1113 731 890 0 5.31 M 201.2 M 175
================================================================================
AV 39.8 26.1 7.2 FASTST M M 6 MAX(MPH)
MISC ----> 31 220 42 210
================================================================================
NOTES:
# LAST OF SEVERAL OCCURRENCES
COLUMN 17 PEAK WIND IN M.P.H.
PRELIMINARY LOCAL CLIMATOLOGICAL DATA (WS FORM: F-6) , PAGE 2
STATION: LOUISVILLE BOWMAN KY
MONTH: FEBRUARY
YEAR: 2021
LATITUDE: 38 13 N
LONGITUDE: 85 39 W
[TEMPERATURE DATA] [PRECIPITATION DATA] SYMBOLS USED IN COLUMN 16
AVERAGE MONTHLY: 32.9 TOTAL FOR MONTH: 5.31 1 = FOG OR MIST
DPTR FM NORMAL: -5.2 DPTR FM NORMAL: 2.13 2 = FOG REDUCING VISIBILITY
HIGHEST: 67 ON 28,24 GRTST 24HR 3.52 ON 27-28 TO 1/4 MILE OR LESS
LOWEST: 7 ON 17,16 3 = THUNDER
SNOW, ICE PELLETS, HAIL 4 = ICE PELLETS
TOTAL MONTH: M 5 = HAIL
GRTST 24HR M ON M 6 = FREEZING RAIN OR DRIZZLE
GRTST DEPTH: M ON M 7 = DUSTSTORM OR SANDSTORM:
VSBY 1/2 MILE OR LESS
8 = SMOKE OR HAZE
[NO. OF DAYS WITH] [WEATHER - DAYS WITH] 9 = BLOWING SNOW
X = TORNADO
MAX 32 OR BELOW: 11 0.01 INCH OR MORE: 13
MAX 90 OR ABOVE: 0 0.10 INCH OR MORE: 5
MIN 32 OR BELOW: 22 0.50 INCH OR MORE: 2
MIN 0 OR BELOW: 0 1.00 INCH OR MORE: 1
[HDD (BASE 65) ]
TOTAL THIS MO. 890 CLEAR (SCALE 0-3) 4
DPTR FM NORMAL 138 PTCLDY (SCALE 4-7) 13
TOTAL FM JUL 1 3264 CLOUDY (SCALE 8-10) 11
DPTR FM NORMAL -96
[CDD (BASE 65) ]
TOTAL THIS MO. 0
DPTR FM NORMAL 0 [PRESSURE DATA]
TOTAL FM JAN 1 0 HIGHEST SLP 30.48 ON 20
DPTR FM NORMAL 0 LOWEST SLP 29.55 ON 4
[REMARKS]
#FINAL-02-21#