000
CXUS53 KJKL 021434 CCA
CLSLOZ
CLIMATE REPORT...CORRECTION
NATIONAL WEATHER SERVICE JACKSON KY
920 AM EST WED MAR 02 2022
...................................
...THE LONDON KY CLIMATE SUMMARY FOR THE SEASON, FROM
12/1/2021 TO 2/28/2022...
CLIMATE NORMAL PERIOD 1991 TO 2020
CLIMATE RECORD PERIOD 1954 TO 2022
WEATHER OBSERVED NORMAL DEPART LAST YEAR`S
VALUE DATE(S) VALUE FROM VALUE DATE(S)
NORMAL
................................................................
TEMPERATURE (F)
RECORD
HIGH 81 02/26/1977
LOW -25 01/19/1994
HIGHEST 74 01/01 MM MM 71 02/24
LOWEST 9 01/08 MM MM 10 12/26
01/29
AVG. MAXIMUM 51.3* 47.8 3.5* 44.7
AVG. MINIMUM 29.3* 28.9 0.4* 28.2
MEAN 40.3* 38.4 1.9* 36.5
DAYS MAX >= 90 0 0.0 0.0 0
DAYS MAX <= 32 7 10.2 -3.2 10
DAYS MIN <= 32 62 58.0 4.0 71
DAYS MIN <= 0 0 0.6 -0.6 0
PRECIPITATION (INCHES)
RECORD
MAXIMUM 25.70 1979
MINIMUM 5.06 1977
TOTALS 11.78 12.45 -0.67 16.29
DAILY AVG. 0.17 0.14 0.03 0.18
DAYS >= .01 26 35.8 -9.8 35
DAYS >= .10 21 22.5 -1.5 23
DAYS >= .50 10 9.4 0.6 8
DAYS >= 1.00 6 3.5 2.5 5
GREATEST
24 HR. TOTAL 1.85 02/17 TO 02/17 3.23
SNOWFALL (INCHES)
RECORDS
TOTAL 36.7 1979
TOTALS MM MM MM MM
SINCE 7/1 MM MM MM MM
SNOWDEPTH AVG. MM MM
DAYS >= 1.0 MM MM MM MM
GREATEST
24 HR TOTAL MM MM
DEGREE DAYS
HEATING TOTAL 2127 2403 -276 2540
SINCE 7/1 2965 3251 -286 3236
COOLING TOTAL 0 0 0 0
SINCE 1/1 0 0 0 0
................................................................
WIND (MPH)
AVERAGE WIND SPEED 5.7
RESULTANT WIND SPEED/DIRECTION 2/240
HIGHEST WIND SPEED/DIRECTION 39/240 DATE 02/22
HIGHEST GUST SPEED/DIRECTION 55/250 DATE 02/22
SKY COVER
POSSIBLE SUNSHINE (PERCENT) MM
NUMBER OF DAYS FAIR 38
NUMBER OF DAYS PC 22
NUMBER OF DAYS CLOUDY 30
AVERAGE RH (PERCENT) 70
WEATHER CONDITIONS. NUMBER OF DAYS WITH
THUNDERSTORM 5 MIXED PRECIP 0
HEAVY RAIN 11 RAIN 21
LIGHT RAIN 28 FREEZING RAIN 0
LT FREEZING RAIN 2 HAIL 0
HEAVY SNOW 1 SNOW 2
LIGHT SNOW 13 SLEET 0
FOG 38 FOG W/VIS <= 1/4 MILE 6
HAZE 3
- INDICATES NEGATIVE NUMBERS.
R INDICATES RECORD WAS SET OR TIED.
MM INDICATES DATA IS MISSING.
T INDICATES TRACE AMOUNT.
$$
CARICO
&&
...*TEMPERATURE AVERAGES AND DEPARTURES FROM NORMAL ARE AN 88 DAY
CALCULATION AND NOT A TRUE SEASONAL AVERAGE/DEPARTURE BECAUSE OF A
TEMPERATURE SENSOR ERROR ON JANUARY 27TH & 28TH, 2022...