000
CXUS54 KCRP 011210
CF6LRD
PRELIMINARY LOCAL CLIMATOLOGICAL DATA (WS FORM: F-6)
STATION: LAREDO
MONTH: SEPTEMBER
YEAR: 2023
LATITUDE: 27 31 N
LONGITUDE: 99 28 W
TEMPERATURE IN F: :PCPN: SNOW: WIND :SUNSHINE: SKY :PK WND
================================================================================
1 2 3 4 5 6A 6B 7 8 9 10 11 12 13 14 15 16 17 18
12Z AVG MX 2MIN
DY MAX MIN AVG DEP HDD CDD WTR SNW DPTH SPD SPD DIR MIN PSBL S-S WX SPD DR
================================================================================
1 102 77 90 4 0 25 0.00 0.0 0 M M M M M 1 M M
2 100 75 88 2 0 23 0.00 0.0 0 M M M M M 1 M M
3 101 76 89 4 0 24 0.00 0.0 0 M M M M M 0 M M
4 105 79 92 7 0 27 0.00 0.0 0 M M M M M 0 M M
5 106 81 94 9 0 29 0.00 0.0 0 M M M M M 0 M M
6 103 79 91 6 0 26 0.00 0.0 0 M M M M M 1 M M
7 104 79 92 8 0 27 0.00 0.0 0 M M M M M 0 M M
8 106 77 92 8 0 27 0.00 0.0 0 M M M M M 0 M M
9 104 77 91 7 0 26 0.00 0.0 0 M M M M M 0 M M
10 105 79 92 8 0 27 0.00 0.0 0 M M M M M 0 M M
11 102 79 91 7 0 26 0.00 0.0 0 M M M M M 0 M M
12 102 78 90 7 0 25 0.00 0.0 0 M M M M M 1 M M
13 103 79 91 8 0 26 0.00 0.0 0 M M M M M 0 M M
14 104 79 92 9 0 27 0.00 0.0 0 M M M M M 0 M M
15 104 72 88 5 0 23 3.09 0.0 0 M M M M M 2 13 M M
16 93 73 83 0 0 18 0.24 0.0 0 M M M M M 1 M M
17 94 74 84 1 0 19 0.00 0.0 0 M M M M M 2 M M
18 96 76 86 4 0 21 0.00 0.0 0 M M M M M 0 8 M M
19 97 75 86 4 0 21 0.00 0.0 0 M M M M M 0 M M
20 100 75 88 6 0 23 0.00 0.0 0 M M M M M 0 1 M M
21 99 76 88 6 0 23 0.00 0.0 0 M M M M M 0 M M
22 100 78 89 7 0 24 0.00 0.0 0 M M M M M 1 M M
23 102 79 91 9 0 26 0.00 0.0 0 M M M M M 0 M M
24 103 79 91 9 0 26 0.00 0.0 0 M M M M M 0 M M
25 102 79 91 10 0 26 0.00 0.0 0 M M M M M 1 M M
26 98 79 89 8 0 24 0.00 0.0 0 M M M M M 2 M M
27 98 78 88 7 0 23 T 0.0 0 M M M M M 3 M M
28 97 73 85 4 0 20 0.00 0.0 0 M M M M M 0 8 M M
29 96 74 85 4 0 20 0.00 0.0 0 M M M M M 0 M M
30 96 74 85 5 0 20 0.00 0.0 0 M M M M M 2 M M
================================================================================
SM 3022 2308 0 722 3.33 0.0 M M 18
================================================================================
AV100.7 76.9 M FASTST M M 1 MAX(MPH)
MISC ----> M M M M
================================================================================
NOTES:
# LAST OF SEVERAL OCCURRENCES
COLUMN 17 PEAK WIND IN M.P.H.
PRELIMINARY LOCAL CLIMATOLOGICAL DATA (WS FORM: F-6) , PAGE 2
STATION: LAREDO
MONTH: SEPTEMBER
YEAR: 2023
LATITUDE: 27 31 N
LONGITUDE: 99 28 W
[TEMPERATURE DATA] [PRECIPITATION DATA] SYMBOLS USED IN COLUMN 16
AVERAGE MONTHLY: 88.8 TOTAL FOR MONTH: 3.33 1 = FOG OR MIST
DPTR FM NORMAL: 5.8 DPTR FM NORMAL: -0.31 2 = FOG REDUCING VISIBILITY
HIGHEST: 106 ON 8, 5 GRTST 24HR 3.09 ON 15-15 TO 1/4 MILE OR LESS
LOWEST: 72 ON 15 3 = THUNDER
SNOW, ICE PELLETS, HAIL 4 = ICE PELLETS
TOTAL MONTH: 0.0 INCH 5 = HAIL
GRTST 24HR 0.0 6 = FREEZING RAIN OR DRIZZLE
GRTST DEPTH: 0 7 = DUSTSTORM OR SANDSTORM:
VSBY 1/2 MILE OR LESS
8 = SMOKE OR HAZE
[NO. OF DAYS WITH] [WEATHER - DAYS WITH] 9 = BLOWING SNOW
X = TORNADO
MAX 32 OR BELOW: 0 0.01 INCH OR MORE: 2
MAX 90 OR ABOVE: 30 0.10 INCH OR MORE: 2
MIN 32 OR BELOW: 0 0.50 INCH OR MORE: 1
MIN 0 OR BELOW: 0 1.00 INCH OR MORE: 1
[HDD (BASE 65) ]
TOTAL THIS MO. 0 CLEAR (SCALE 0-3) 30
DPTR FM NORMAL 0 PTCLDY (SCALE 4-7) 0
TOTAL FM JUL 1 0 CLOUDY (SCALE 8-10) 0
DPTR FM NORMAL 0
[CDD (BASE 65) ]
TOTAL THIS MO. 722
DPTR FM NORMAL 183 [PRESSURE DATA]
TOTAL FM JAN 1 4626 HIGHEST SLP 30.06 ON 17
DPTR FM NORMAL 815 LOWEST SLP 29.68 ON 4
[REMARKS]
#FINAL-09-23#