000
CXUS54 KLZK 011130
CF6LRF
PRELIMINARY LOCAL CLIMATOLOGICAL DATA (WS FORM: F-6)
STATION: JACKSONVILLE/LITTLE ROCK AFB
MONTH: JUNE
YEAR: 2022
LATITUDE: 34 55 N
LONGITUDE: 92 9 W
TEMPERATURE IN F: :PCPN: SNOW: WIND :SUNSHINE: SKY :PK WND
================================================================================
1 2 3 4 5 6A 6B 7 8 9 10 11 12 13 14 15 16 17 18
12Z AVG MX 2MIN
DY MAX MIN AVG DEP HDD CDD WTR SNW DPTH SPD SPD DIR MIN PSBL S-S WX SPD DR
================================================================================
1 92 67 80 6 0 15 0.15 0.0 0 3.2 20 300 M M 2 38 30 280
2 73 62 68 -6 0 3 0.45 0.0 M 3.4 13 50 M M 5 13 M M
3 81 57 69 -6 0 4 0.00 0.0 0 2.6 8 40 M M 2 1 M M
4 84 57 71 -4 0 6 0.00 0.0 M 2.6 8 10 M M 0 M M
5 88 59 74 -1 0 9 0.06 0.0 M 1.5 7 140 M M 3 M M
6 85 67 76 0 0 11 1.11 0.0 M 4.7 14 290 M M 7 3 20 220
7 84 69 77 1 0 12 0.78 0.0 M 3.6 20 220 M M 7 3 26 220
8 76 65 71 -5 0 6 0.38 0.0 0 5.2 23 50 M M 6 123 30 270
9 85 62 74 -2 0 9 T 0.0 0 2.9 8 70 M M 2 1 M M
10 80 65 73 -4 0 8 0.83 0.0 M 2.0 9 240 M M 5 3 31 140
11 87 63 75 -2 0 10 0.00 0.0 M 2.9 8 170 M M 1 1 M M
12 96 75 86 9 0 21 0.00 0.0 0 6.3 12 200 M M 2 M M
13 96 77 87 10 0 22 0.00 0.0 0 6.3 17 220 M M 0 23 220
14 94 77 86 9 0 21 0.00 0.0 0 7.7 16 240 M M 0 21 240
15 94 75 85 7 0 20 0.00 0.0 0 5.6 10 200 M M 1 M M
16 96 73 85 7 0 20 0.00 0.0 0 3.3 10 260 M M 2 8 M M
17 96 74 85 7 0 20 0.00 0.0 0 1.9 6 350 M M 1 18 M M
18 97 73 85 7 0 20 T 0.0 0 4.9 12 60 M M 1 1 M M
19 88 64 76 -3 0 11 0.00 0.0 0 4.5 9 70 M M 0 M M
20 95 61 78 -1 0 13 0.00 0.0 0 2.6 9 110 M M 0 M M
21 97 67 82 3 0 17 0.00 0.0 M 2.3 7 300 M M 0 M M
22 98 71 85 6 0 20 0.00 0.0 M 2.4 7 30 M M 0 M M
23 96 74 85 6 0 20 0.00 0.0 M 2.5 8 340 M M 1 M M
24 96 72 84 4 0 19 0.00 0.0 M 2.7 8 110 M M 1 M M
25 99 70 85 5 0 20 T 0.0 M 2.5 7 200 M M 0 M M
26 96 76 86 6 0 21 0.00 0.0 M 4.5 15 50 M M 2 18 360
27 85 64 75 -5 0 10 0.00 0.0 0 7.6 15 70 M M 5 20 30
28 86 60 73 -7 0 8 0.00 0.0 0 3.8 9 50 M M 0 M M
29 90 56 73 -7 0 8 0.00 0.0 0 4.0 10 50 M M 0 M M
30 94 64 79 -2 0 14 0.00 0.0 0 3.2 8 150 M M 1 M M
================================================================================
SM 2704 2016 0 418 3.76 0.0 113.2 M 57
================================================================================
AV 90.1 67.2 3.8 FASTST M M 2 MAX(MPH)
MISC ----> 23 50 31 140
================================================================================
NOTES:
# LAST OF SEVERAL OCCURRENCES
COLUMN 17 PEAK WIND IN M.P.H.
PRELIMINARY LOCAL CLIMATOLOGICAL DATA (WS FORM: F-6) , PAGE 2
STATION: JACKSONVILLE/LITTLE ROCK AFB
MONTH: JUNE
YEAR: 2022
LATITUDE: 34 55 N
LONGITUDE: 92 9 W
[TEMPERATURE DATA] [PRECIPITATION DATA] SYMBOLS USED IN COLUMN 16
AVERAGE MONTHLY: 78.7 TOTAL FOR MONTH: 3.76 1 = FOG OR MIST
DPTR FM NORMAL: 1.0 DPTR FM NORMAL: M 2 = FOG REDUCING VISIBILITY
HIGHEST: 99 ON 25 GRTST 24HR 1.11 ON 6- 6 TO 1/4 MILE OR LESS
LOWEST: 56 ON 29 3 = THUNDER
SNOW, ICE PELLETS, HAIL 4 = ICE PELLETS
TOTAL MONTH: 0.0 INCH 5 = HAIL
GRTST 24HR 0.0 6 = FREEZING RAIN OR DRIZZLE
GRTST DEPTH: 0 7 = DUSTSTORM OR SANDSTORM:
VSBY 1/2 MILE OR LESS
8 = SMOKE OR HAZE
[NO. OF DAYS WITH] [WEATHER - DAYS WITH] 9 = BLOWING SNOW
X = TORNADO
MAX 32 OR BELOW: 0 0.01 INCH OR MORE: 7
MAX 90 OR ABOVE: 17 0.10 INCH OR MORE: 6
MIN 32 OR BELOW: 0 0.50 INCH OR MORE: 3
MIN 0 OR BELOW: 0 1.00 INCH OR MORE: 1
[HDD (BASE 65) ]
TOTAL THIS MO. 0 CLEAR (SCALE 0-3) 24
DPTR FM NORMAL -11 PTCLDY (SCALE 4-7) 6
TOTAL FM JUL 1 3004 CLOUDY (SCALE 8-10) 0
DPTR FM NORMAL -176
[CDD (BASE 65) ]
TOTAL THIS MO. 418
DPTR FM NORMAL 28 [PRESSURE DATA]
TOTAL FM JAN 1 711 HIGHEST SLP M ON M
DPTR FM NORMAL 67 LOWEST SLP M ON M
[REMARKS]
#FINAL-06-22#