000
CXUS54 KHGX 011410
CF6LVJ
PRELIMINARY LOCAL CLIMATOLOGICAL DATA (WS FORM: F-6)
STATION: HOUSTON/CLOVER_FIELD
MONTH: MARCH
YEAR: 2023
LATITUDE: 29 31 N
LONGITUDE: 95 14 W
TEMPERATURE IN F: :PCPN: SNOW: WIND :SUNSHINE: SKY :PK WND
================================================================================
1 2 3 4 5 6A 6B 7 8 9 10 11 12 13 14 15 16 17 18
12Z AVG MX 2MIN
DY MAX MIN AVG DEP HDD CDD WTR SNW DPTH SPD SPD DIR MIN PSBL S-S WX SPD DR
================================================================================
1 83 72 78 16 0 13 0.00 0.0 0 10.9 23 180 M M 9 18 34 160
2 78 70 74 12 0 9 T 0.0 0 12.5 25 150 M M 9 18 36 150
3 73 52 63 1 2 0 T 0.0 0 9.5 23 300 M M 1 38 300
4 78 47 63 1 2 0 0.00 0.0 0 3.2 13 140 M M 0 18 130
5 77 52 65 2 0 0 0.00 0.0 0 4.1 15 120 M M 0 18 23 140
6 82 59 71 8 0 6 0.00 0.0 M 4.6 14 170 M M 8 128 20 140
7 83 71 77 14 0 12 0.00 0.0 0 6.5 15 140 M M 9 18 21 150
8 83 66 75 12 0 10 0.00 0.0 0 6.2 17 140 M M 6 1 23 130
9 83 67 75 12 0 10 0.00 0.0 0 6.6 18 160 M M M 24 130
10 83 67 75 11 0 10 0.00 0.0 0 3.0 13 320 M M 5 128 18 340
11 83 66 75 11 0 10 0.00 0.0 0 9.4 20 180 M M 6 1 30 180
12 83 61 72 8 0 7 0.00 0.0 0 11.4 22 350 M M 5 1 31 30
13 69 54 62 -2 3 0 0.00 0.0 0 10.8 23 40 M M 0 33 40
14 65 50 58 -6 7 0 T 0.0 0 9.2 20 80 M M 3 8 27 110
15 68 48 58 -6 7 0 0.00 0.0 0 8.3 17 120 M M 2 8 26 140
16 74 62 68 3 0 3 0.02 0.0 0 13.1 23 170 M M 8 18 37 160
17 73 48 61 -4 4 0 1.20 0.0 0 14.5 26 330 M M 6 13 43 350
18 57 47 52 -13 13 0 T 0.0 0 8.5 22 30 M M 8 28 350
19 59 40 50 -15 15 0 0.00 0.0 0 7.6 20 20 M M 1 30 30
20 58 38 48 -18 17 0 0.00 0.0 0 8.2 18 110 M M 6 26 130
21 73 58 66 0 0 1 T 0.0 0 12.2 22 160 M M 10 1 38 140
22 81 69 75 9 0 10 0.00 0.0 0 11.3 22 190 M M 10 1 33 180
23 85 72 79 13 0 14 0.00 0.0 0 M M M M M M 1 M M
24 78 69 74 8 0 9 T 0.0 0 M M M M M M M M
25 89 67 78 12 0 13 0.11 0.0 0 M M M M M M M M
26 84 57 71 4 0 6 T 0.0 0 M M M M M M M M
27 80 68 74 7 0 9 0.00 0.0 0 M M M M M M M M
28 78 65 72 5 0 7 0.26 0.0 0 M M M M M M M M
29 67 62 65 -2 0 0 0.00 0.0 0 M M M M M M M M
30 78 67 73 6 0 8 0.00 0.0 0 M M M M M M M M
31 83 73 78 10 0 13 T 0.0 0 10.8 26 150 M M 8 18 37 150
================================================================================
SM 2368 1864 70 180 1.59 0.0 202.4 M 120
================================================================================
AV 76.4 60.1 8.8 FASTST M M 5 MAX(MPH)
MISC ----> # 26 330 43 350
================================================================================
NOTES:
# LAST OF SEVERAL OCCURRENCES
COLUMN 17 PEAK WIND IN M.P.H.
PRELIMINARY LOCAL CLIMATOLOGICAL DATA (WS FORM: F-6) , PAGE 2
STATION: HOUSTON/CLOVER_FIELD
MONTH: MARCH
YEAR: 2023
LATITUDE: 29 31 N
LONGITUDE: 95 14 W
[TEMPERATURE DATA] [PRECIPITATION DATA] SYMBOLS USED IN COLUMN 16
AVERAGE MONTHLY: 68.3 TOTAL FOR MONTH: 1.59 1 = FOG OR MIST
DPTR FM NORMAL: 3.6 DPTR FM NORMAL: -1.25 2 = FOG REDUCING VISIBILITY
HIGHEST: 89 ON 25 GRTST 24HR 1.22 ON 16-17 TO 1/4 MILE OR LESS
LOWEST: 38 ON 20 3 = THUNDER
SNOW, ICE PELLETS, HAIL 4 = ICE PELLETS
TOTAL MONTH: 0.0 INCH 5 = HAIL
GRTST 24HR 0.0 6 = FREEZING RAIN OR DRIZZLE
GRTST DEPTH: 0 7 = DUSTSTORM OR SANDSTORM:
VSBY 1/2 MILE OR LESS
8 = SMOKE OR HAZE
[NO. OF DAYS WITH] [WEATHER - DAYS WITH] 9 = BLOWING SNOW
X = TORNADO
MAX 32 OR BELOW: 0 0.01 INCH OR MORE: 4
MAX 90 OR ABOVE: 0 0.10 INCH OR MORE: 3
MIN 32 OR BELOW: 0 0.50 INCH OR MORE: 1
MIN 0 OR BELOW: 0 1.00 INCH OR MORE: 1
[HDD (BASE 65) ]
TOTAL THIS MO. 70 CLEAR (SCALE 0-3) 7
DPTR FM NORMAL -33 PTCLDY (SCALE 4-7) 9
TOTAL FM JUL 1 912 CLOUDY (SCALE 8-10) 15
DPTR FM NORMAL -135
[CDD (BASE 65) ]
TOTAL THIS MO. 180
DPTR FM NORMAL 86 [PRESSURE DATA]
TOTAL FM JAN 1 350 HIGHEST SLP 30.56 ON 19
DPTR FM NORMAL 196 LOWEST SLP 29.39 ON 2
[REMARKS]
#FINAL-03-23#