000
CXUS56 KMTR 010940
CLMLVK
CLIMATE REPORT
NATIONAL WEATHER SERVICE SAN FRANCISCO BAY AREA
240 AM PDT SAT JUL 01 2023
...................................
...THE LIVERMORE AIRPORT CLIMATE SUMMARY FOR THE MONTH OF JUNE 2023...
CLIMATE NORMAL PERIOD: 1991 TO 2020
CLIMATE RECORD PERIOD: 1930 TO 2023
WEATHER OBSERVED NORMAL DEPART LAST YEAR`S
VALUE DATE(S) VALUE FROM VALUE DATE(S)
NORMAL
................................................................
TEMPERATURE (F)
RECORD
HIGH 113 MM
LOW 43 06/03/2011
06/01/2011
06/01/1954
HIGHEST 102 06/30 102 06/21
LOWEST 46 06/20 50 06/19
AVG. MAXIMUM 78.4 82.6 -4.2 87.0
AVG. MINIMUM 53.3 56.3
MEAN 65.8 68.0 -2.2 71.7
DAYS MAX >= 90 3 14
DAYS MAX <= 32 0 0
DAYS MIN <= 32 0 0
DAYS MIN <= 0 0 0
PRECIPITATION (INCHES)
RECORD
MAXIMUM T 2022
MINIMUM 0.00 2021
TOTALS 0.01 0.14 -0.13 T
DAILY AVG. 0.00 T
DAYS >= .01 1 0
DAYS >= .10 0 0
DAYS >= .50 0 0
DAYS >= 1.00 0 0
GREATEST
24 HR. TOTAL 0.01 06/06 TO 06/06 T 06/17 TO 06/17
06/15 TO 06/15
06/17 TO 06/17
DEGREE DAYS
HEATING TOTAL 24 33 -9 8
SINCE 7/1 2919 2706 213 MM
COOLING TOTAL 54 125 -71 212
SINCE 1/1 101 177 -76 MM
................................................................
WIND (MPH)
AVERAGE WIND SPEED 9.3
RESULTANT WIND SPEED/DIRECTION 8/280
HIGHEST WIND SPEED/DIRECTION 22/240 DATE 06/19
22/290 06/22
22/290 06/26
HIGHEST GUST SPEED/DIRECTION 27/280 DATE 06/09
27/270 06/18
27/240 06/19
SKY COVER
POSSIBLE SUNSHINE (PERCENT) MM
AVERAGE SKY COVER 0.24
NUMBER OF DAYS FAIR 19
NUMBER OF DAYS PC 11
NUMBER OF DAYS CLOUDY 0
AVERAGE RH (PERCENT) 63
WEATHER CONDITIONS. NUMBER OF DAYS WITH
THUNDERSTORM 0 MIXED PRECIP 0
HEAVY RAIN 0 RAIN 0
LIGHT RAIN 1 FREEZING RAIN 0
LT FREEZING RAIN 0 HAIL 0
HEAVY SNOW 0 SNOW 0
LIGHT SNOW 0 SLEET 0
FOG 1 FOG W/VIS <= 1/4 MILE 0
HAZE 1
- INDICATES NEGATIVE NUMBERS.
R INDICATES RECORD WAS SET OR TIED.
MM INDICATES DATA IS MISSING.
T INDICATES TRACE AMOUNT.
$$