000
CXUS53 KTOP 010910
CF6LWC
PRELIMINARY LOCAL CLIMATOLOGICAL DATA (WS FORM: F-6)
STATION: LAWRENCE KS
MONTH: NOVEMBER
YEAR: 2021
LATITUDE: 39 0 N
LONGITUDE: 95 13 W
TEMPERATURE IN F: :PCPN: SNOW: WIND :SUNSHINE: SKY :PK WND
================================================================================
1 2 3 4 5 6A 6B 7 8 9 10 11 12 13 14 15 16 17 18
12Z AVG MX 2MIN
DY MAX MIN AVG DEP HDD CDD WTR SNW DPTH SPD SPD DIR MIN PSBL S-S WX SPD DR
================================================================================
1 45 38 42 -8 23 0 0.05 M M 4.3 18 10 M M 10 1 25 10
2 50 31 41 -8 24 0 0.00 M M 1.8 7 100 M M 3 12 11 170
3 52 25 39 -10 26 0 0.00 M M 2.1 14 110 M M 6 12 18 110
4 53 32 43 -5 22 0 0.00 M M 5.8 15 190 M M 8 20 170
5 60 34 47 -1 18 0 0.00 M M 8.3 22 190 M M 0 1 29 190
6 67 36 52 5 13 0 0.00 M M 6.7 15 200 M M 0 20 190
7 74 41 58 11 7 0 0.00 M M 10.5 24 180 M M 0 35 170
8 74 44 59 13 6 0 0.00 M M 5.5 14 170 M M 0 18 19 170
9 69 47 58 12 7 0 0.00 M M 6.3 13 20 M M 3 18 17 360
10 68 52 60 14 5 0 0.65 M M 11.7 31 200 M M 10 13 39 210
11 58 37 48 3 17 0 0.00 M M 13.7 26 330 M M 1 39 300
12 49 27 38 -7 27 0 T M M 19.2 33 310 M M 6 44 320
13 48 23 36 -8 29 0 T M M 5.9 16 330 M M 3 25 210
14 57 39 48 4 17 0 0.11 M M 9.2 22 340 M M 4 1 31 340
15 70 41 56 12 9 0 0.00 M M 6.7 15 230 M M 0 22 240
16 73 38 56 13 9 0 0.00 M M 7.2 17 170 M M 0 23 170
17 62 30 46 3 19 0 0.00 M M 13.5 28 360 M M 5 38 360
18 50 22 36 -6 29 0 0.00 M M 5.9 22 310 M M 0 8 27 320
19 52 21 37 -5 28 0 0.00 M M 11.4 30 170 M M 0 8 39 160
20 58 34 46 4 19 0 0.00 M M 5.4 13 200 M M 0 17 150
21 60 30 45 4 20 0 0.00 M M 10.0 25 350 M M 0 33 340
22 51 24 38 -3 27 0 0.00 M M 4.2 14 200 M M 1 18 17 200
23 69 25 47 7 18 0 0.00 M M 9.8 23 170 M M 0 18 30 190
24 63 38 51 11 14 0 0.00 M M 14.6 28 180 M M 2 8 46 190
25 40 19 30 -10 35 0 0.00 M M 10.4 25 340 M M 1 40 360
26 59 19 39 0 26 0 0.00 M M 7.8 18 220 M M 0 8 25 210
27 70 32 51 12 14 0 0.00 M M 7.3 20 320 M M 0 26 350
28 53 26 40 2 25 0 0.00 M M 5.2 10 320 M M 0 8 14 320
29 72 33 53 15 12 0 0.00 M M 4.8 12 240 M M 0 18 17 260
30 56 31 44 6 21 0 0.00 M M 1.8 13 30 M M 2 18 17 30
================================================================================
SM 1782 969 566 0 0.81 M 237.0 M 65
================================================================================
AV 59.4 32.3 7.9 FASTST M M 2 MAX(MPH)
MISC ----> 33 310 46 190
================================================================================
NOTES:
# LAST OF SEVERAL OCCURRENCES
COLUMN 17 PEAK WIND IN M.P.H.
PRELIMINARY LOCAL CLIMATOLOGICAL DATA (WS FORM: F-6) , PAGE 2
STATION: LAWRENCE KS
MONTH: NOVEMBER
YEAR: 2021
LATITUDE: 39 0 N
LONGITUDE: 95 13 W
[TEMPERATURE DATA] [PRECIPITATION DATA] SYMBOLS USED IN COLUMN 16
AVERAGE MONTHLY: 45.9 TOTAL FOR MONTH: 0.81 1 = FOG OR MIST
DPTR FM NORMAL: 2.4 DPTR FM NORMAL: -1.03 2 = FOG REDUCING VISIBILITY
HIGHEST: 74 ON 8, 7 GRTST 24HR 0.65 ON 10-10 TO 1/4 MILE OR LESS
LOWEST: 19 ON 26,25 3 = THUNDER
SNOW, ICE PELLETS, HAIL 4 = ICE PELLETS
TOTAL MONTH: M 5 = HAIL
GRTST 24HR M ON M 6 = FREEZING RAIN OR DRIZZLE
GRTST DEPTH: M ON M 7 = DUSTSTORM OR SANDSTORM:
VSBY 1/2 MILE OR LESS
8 = SMOKE OR HAZE
[NO. OF DAYS WITH] [WEATHER - DAYS WITH] 9 = BLOWING SNOW
X = TORNADO
MAX 32 OR BELOW: 0 0.01 INCH OR MORE: 3
MAX 90 OR ABOVE: 0 0.10 INCH OR MORE: 2
MIN 32 OR BELOW: 16 0.50 INCH OR MORE: 1
MIN 0 OR BELOW: 0 1.00 INCH OR MORE: 0
[HDD (BASE 65) ]
TOTAL THIS MO. 566 CLEAR (SCALE 0-3) 21
DPTR FM NORMAL -82 PTCLDY (SCALE 4-7) 6
TOTAL FM JUL 1 779 CLOUDY (SCALE 8-10) 3
DPTR FM NORMAL -222
[CDD (BASE 65) ]
TOTAL THIS MO. 0
DPTR FM NORMAL -2 [PRESSURE DATA]
TOTAL FM JAN 1 1644 HIGHEST SLP 30.54 ON 18
DPTR FM NORMAL 181 LOWEST SLP 29.60 ON 16
[REMARKS]
#FINAL-11-21#