000
CXUS56 KOTX 011010
CF6LWS
PRELIMINARY LOCAL CLIMATOLOGICAL DATA (WS FORM: F-6)
STATION: LEWISTON ID AIRPORT
MONTH: FEBRUARY
YEAR: 2023
LATITUDE: 46 22 N
LONGITUDE: 117 1 W
TEMPERATURE IN F: :PCPN: SNOW: WIND :SUNSHINE: SKY :PK WND
================================================================================
1 2 3 4 5 6A 6B 7 8 9 10 11 12 13 14 15 16 17 18
12Z AVG MX 2MIN
DY MAX MIN AVG DEP HDD CDD WTR SNW DPTH SPD SPD DIR MIN PSBL S-S WX SPD DR
================================================================================
1 41 34 38 0 27 0 0.00 0.0 0 14.0 23 170 M M 2 31 180
2 48 33 41 3 24 0 0.00 0.0 0 16.1 28 140 M M 0 35 130
3 51 36 44 6 21 0 T 0.0 0 8.4 24 120 M M 5 29 120
4 55 36 46 8 19 0 0.00 0.0 0 5.0 13 150 M M 7 15 150
5 48 39 44 6 21 0 0.17 0.0 0 4.9 10 180 M M 10 14 160
6 51 36 44 6 21 0 0.00 0.0 0 4.2 12 190 M M 7 13 190
7 50 32 41 3 24 0 0.05 0.0 0 6.9 26 190 M M 5 35 190
8 50 30 40 2 25 0 0.00 0.0 0 5.3 15 310 M M 4 20 180
9 50 30 40 2 25 0 0.00 0.0 0 10.8 24 150 M M 0 30 160
10 55 34 45 7 20 0 0.00 0.0 0 7.4 16 120 M M 1 19 150
11 50 28 39 0 26 0 0.00 0.0 0 2.1 8 230 M M 0 11 30
12 50 27 39 0 26 0 0.00 0.0 0 2.8 7 190 M M 0 1 10 40
13 51 36 44 5 21 0 T 0.0 0 8.8 26 280 M M 8 33 300
14 42 33 38 -1 27 0 0.00 0.0 0 4.6 17 330 M M 10 21 330
15 46 25 36 -3 29 0 0.00 0.0 0 2.9 7 160 M M 1 8 11 360
16 51 27 39 0 26 0 0.00 0.0 0 9.4 16 170 M M 0 20 210
17 50 40 45 5 20 0 0.00 0.0 0 11.7 25 180 M M 7 30 170
18 48 36 42 2 23 0 0.01 0.0 0 4.1 20 210 M M 10 25 210
19 52 33 43 3 22 0 T 0.0 0 5.2 15 190 M M 9 18 200
20 58 46 52 12 13 0 0.02 0.0 0 13.1 35 260 M M 8 42 250
21 55 32 44 4 21 0 0.00 0.0 0 14.9 37 260 M M 6 47 270
22 34 18 26 -14 39 0 0.12 1.5 2 13.1 25 60 M M 9 1 34 60
23 28 14 21 -20 44 0 T 0.0 2 8.4 16 60 M M 8 18 21 60
24 33 18 26 -15 39 0 0.00 0.0 2 3.6 10 290 M M 5 13 300
25 39 17 28 -13 37 0 0.00 0.0 T 2.6 8 140 M M 2 18 12 300
26 46 27 37 -4 28 0 0.00 0.0 0 5.0 24 280 M M 6 32 280
27 48 27 38 -4 27 0 0.00 0.0 0 5.8 14 160 M M 4 18 90
28 50 30 40 -2 25 0 T T 0 6.3 21 190 M M 7 8 26 210
================================================================================
SM 1330 854 720 0 0.37 1.5 207.4 M 141
================================================================================
AV 47.5 30.5 7.4 FASTST M M 5 MAX(MPH)
MISC ----> 37 260 47 270
================================================================================
NOTES:
# LAST OF SEVERAL OCCURRENCES
COLUMN 17 PEAK WIND IN M.P.H.
PRELIMINARY LOCAL CLIMATOLOGICAL DATA (WS FORM: F-6) , PAGE 2
STATION: LEWISTON ID AIRPORT
MONTH: FEBRUARY
YEAR: 2023
LATITUDE: 46 22 N
LONGITUDE: 117 1 W
[TEMPERATURE DATA] [PRECIPITATION DATA] SYMBOLS USED IN COLUMN 16
AVERAGE MONTHLY: 39.0 TOTAL FOR MONTH: 0.37 1 = FOG OR MIST
DPTR FM NORMAL: -0.3 DPTR FM NORMAL: -0.67 2 = FOG REDUCING VISIBILITY
HIGHEST: 58 ON 20 GRTST 24HR 0.17 ON 5- 5 TO 1/4 MILE OR LESS
LOWEST: 14 ON 23 3 = THUNDER
SNOW, ICE PELLETS, HAIL 4 = ICE PELLETS
TOTAL MONTH: 1.5 INCHES 5 = HAIL
GRTST 24HR 1.5 ON 22-22 6 = FREEZING RAIN OR DRIZZLE
GRTST DEPTH: 2 ON 24,23 7 = DUSTSTORM OR SANDSTORM:
VSBY 1/2 MILE OR LESS
8 = SMOKE OR HAZE
[NO. OF DAYS WITH] [WEATHER - DAYS WITH] 9 = BLOWING SNOW
X = TORNADO
MAX 32 OR BELOW: 1 0.01 INCH OR MORE: 5
MAX 90 OR ABOVE: 0 0.10 INCH OR MORE: 2
MIN 32 OR BELOW: 15 0.50 INCH OR MORE: 0
MIN 0 OR BELOW: 0 1.00 INCH OR MORE: 0
[HDD (BASE 65) ]
TOTAL THIS MO. 720 CLEAR (SCALE 0-3) 9
DPTR FM NORMAL 2 PTCLDY (SCALE 4-7) 12
TOTAL FM JUL 1 3730 CLOUDY (SCALE 8-10) 7
DPTR FM NORMAL 12
[CDD (BASE 65) ]
TOTAL THIS MO. 0
DPTR FM NORMAL 0 [PRESSURE DATA]
TOTAL FM JAN 1 0 HIGHEST SLP M ON M
DPTR FM NORMAL 0 LOWEST SLP 29.41 ON 21
[REMARKS]
#FINAL-02-23#