000
CXUS56 KTFX 011110
CF6LWT
PRELIMINARY LOCAL CLIMATOLOGICAL DATA (WS FORM: F-6)
STATION: LEWISTOWN MT
MONTH: APRIL
YEAR: 2022
LATITUDE: 47 2 N
LONGITUDE: 109 28 W
TEMPERATURE IN F: :PCPN: SNOW: WIND :SUNSHINE: SKY :PK WND
================================================================================
1 2 3 4 5 6A 6B 7 8 9 10 11 12 13 14 15 16 17 18
12Z AVG MX 2MIN
DY MAX MIN AVG DEP HDD CDD WTR SNW DPTH SPD SPD DIR MIN PSBL S-S WX SPD DR
================================================================================
1 42 25 34 -4 31 0 T M M 7.4 20 300 M M 6 25 290
2 57 24 41 3 24 0 0.01 M M 11.1 29 270 M M 5 45 300
3 52 28 40 2 25 0 0.00 M M 7.8 23 280 M M 4 35 280
4 53 28 41 3 24 0 0.03 M M 15.6 37 240 M M 6 57 290
5 45 27 36 -3 29 0 T M M 26.8 43 280 M M M 66 280
6 47 26 37 -2 28 0 T M M 15.6 30 310 M M M 8 48 320
7 56 19 38 -1 27 0 0.00 M M 6.0 14 110 M M M 19 110
8 78 30 54 15 11 0 T M M 10.2 33 240 M M 3 48 250
9 50 31 41 2 24 0 0.08 M M 15.7 31 290 M M 6 1 47 310
10 37 20 29 -11 36 0 T M M 9.7 23 290 M M 7 31 300
11 36 19 28 -12 37 0 T M M 11.0 28 80 M M 9 1 37 80
12 22 10 16 -24 49 0 0.36 M M 11.0 18 360 M M 10 12 28 350
13 17 9 13 -27 52 0 0.01 M M 12.7 26 300 M M 10 1 39 300
14 19 11 15 -25 50 0 T M M 8.8 17 300 M M 10 1 22 290
15 21 7 14 -27 51 0 T M M 6.5 12 220 M M 4 1 16 260
16 32 5 19 -22 46 0 0.01 M M 15.0 31 100 M M 6 12 43 110
17 34 22 28 -13 37 0 0.00 M M 10.0 23 280 M M 5 33 290
18 48 17 33 -8 32 0 0.00 M M 9.0 20 110 M M 0 28 90
19 52 30 41 -1 24 0 0.00 M M 15.3 33 300 M M 1 50 310
20 43 26 35 -7 30 0 0.00 M M 11.5 24 300 M M 3 42 310
21 54 25 40 -2 25 0 0.00 M M 11.3 24 100 M M 4 33 90
22 41 29 35 -7 30 0 0.68 M M 5.7 14 300 M M 8 12 21 300
23 39 31 35 -7 30 0 0.07 M M 13.8 23 310 M M 10 1 37 320
24 51 30 41 -2 24 0 0.00 M M 6.4 12 100 M M 4 18 300
25 63 29 46 3 19 0 0.00 M M 8.1 22 210 M M 0 33 210
26 66 33 50 7 15 0 0.00 M M 9.7 30 200 M M 3 41 210
27 61 31 46 2 19 0 0.14 M M 8.3 25 270 M M 3 33 300
28 55 28 42 -2 23 0 T M M 8.6 20 110 M M 4 26 130
29 43 31 37 -7 28 0 0.70 M M 8.1 18 300 M M 8 1 27 310
30 55 26 41 -3 24 0 0.00 M M 6.0 17 90 M M 2 22 90
================================================================================
SM 1369 707 904 0 2.09 M 322.7 M 141
================================================================================
AV 45.6 23.6 10.8 FASTST M M 5 MAX(MPH)
MISC ----> 43 280 66 280
================================================================================
NOTES:
# LAST OF SEVERAL OCCURRENCES
COLUMN 17 PEAK WIND IN M.P.H.
PRELIMINARY LOCAL CLIMATOLOGICAL DATA (WS FORM: F-6) , PAGE 2
STATION: LEWISTOWN MT
MONTH: APRIL
YEAR: 2022
LATITUDE: 47 2 N
LONGITUDE: 109 28 W
[TEMPERATURE DATA] [PRECIPITATION DATA] SYMBOLS USED IN COLUMN 16
AVERAGE MONTHLY: 34.6 TOTAL FOR MONTH: 2.09 1 = FOG OR MIST
DPTR FM NORMAL: -6.3 DPTR FM NORMAL: 0.38 2 = FOG REDUCING VISIBILITY
HIGHEST: 78 ON 8 GRTST 24HR 0.75 ON 22-23 TO 1/4 MILE OR LESS
LOWEST: 5 ON 16 3 = THUNDER
SNOW, ICE PELLETS, HAIL 4 = ICE PELLETS
TOTAL MONTH: M 5 = HAIL
GRTST 24HR M ON M 6 = FREEZING RAIN OR DRIZZLE
GRTST DEPTH: M ON M 7 = DUSTSTORM OR SANDSTORM:
VSBY 1/2 MILE OR LESS
8 = SMOKE OR HAZE
[NO. OF DAYS WITH] [WEATHER - DAYS WITH] 9 = BLOWING SNOW
X = TORNADO
MAX 32 OR BELOW: 5 0.01 INCH OR MORE: 10
MAX 90 OR ABOVE: 0 0.10 INCH OR MORE: 4
MIN 32 OR BELOW: 29 0.50 INCH OR MORE: 2
MIN 0 OR BELOW: 0 1.00 INCH OR MORE: 0
[HDD (BASE 65) ]
TOTAL THIS MO. 904 CLEAR (SCALE 0-3) 7
DPTR FM NORMAL 181 PTCLDY (SCALE 4-7) 14
TOTAL FM JUL 1 7290 CLOUDY (SCALE 8-10) 9
DPTR FM NORMAL -195
[CDD (BASE 65) ]
TOTAL THIS MO. 0
DPTR FM NORMAL 0 [PRESSURE DATA]
TOTAL FM JAN 1 0 HIGHEST SLP 30.57 ON 7
DPTR FM NORMAL 0 LOWEST SLP 29.23 ON 4
[REMARKS]
#FINAL-04-22#