000
CXUS55 KPUB 011210
CF6LXV
PRELIMINARY LOCAL CLIMATOLOGICAL DATA (WS FORM: F-6)
STATION: LEADVILLE CO
MONTH: JUNE
YEAR: 2023
LATITUDE: 39 15 N
LONGITUDE: 106 18 W
TEMPERATURE IN F: :PCPN: SNOW: WIND :SUNSHINE: SKY :PK WND
================================================================================
1 2 3 4 5 6A 6B 7 8 9 10 11 12 13 14 15 16 17 18
12Z AVG MX 2MIN
DY MAX MIN AVG DEP HDD CDD WTR SNW DPTH SPD SPD DIR MIN PSBL S-S WX SPD DR
================================================================================
1 56 30 43 -3 22 0 0.11 M M 6.3 21 220 M M 7 1 27 220
2 50 34 42 -5 23 0 0.05 M M 6.1 21 290 M M 9 1 30 330
3 57 32 45 -2 20 0 0.00 M M 7.3 18 290 M M 7 26 300
4 60 35 48 1 17 0 0.14 M M 4.3 18 10 M M 8 123 25 360
5 63 34 49 1 16 0 0.03 M M 4.0 21 10 M M 6 13 30 10
6 67 32 50 2 15 0 T M M 5.0 17 340 M M 3 3 29 340
7 59 33 46 -2 19 0 0.15 M M 4.7 13 10 M M 6 13 24 320
8 67 36 52 4 13 0 0.00 M M 3.4 26 180 M M 2 37 200
9 62 31 47 -2 18 0 T M M 5.1 22 180 M M 2 3 34 180
10 66 31 49 0 16 0 0.00 M M 5.2 26 280 M M 2 38 290
11 66 33 50 1 15 0 0.05 M M 5.7 31 190 M M 4 3 40 160
12 57 33 45 -4 20 0 0.02 M M 6.0 24 310 M M 5 3 36 270
13 58 30 44 -6 21 0 0.00 M M 8.2 25 300 M M 4 36 300
14 66 37 52 2 13 0 T M M 8.3 22 160 M M 7 3 32 170
15 64 38 51 1 14 0 0.04 M M 5.7 20 310 M M 7 31 260
16 58 34 46 -4 19 0 0.31 M M 4.9 26 190 M M 7 3 35 210
17 53 34 44 -7 21 0 0.15 M M 5.5 22 300 M M 5 13 30 320
18 67 33 50 -1 15 0 0.00 M M 6.5 18 270 M M 2 28 250
19 75 38 57 6 8 0 0.00 M M 6.8 22 200 M M 0 30 210
20 72 38 55 4 10 0 0.00 M M 7.2 20 230 M M 0 30 250
21 75 33 54 2 11 0 0.00 M M 6.8 21 180 M M 2 31 170
22 73 37 55 3 10 0 T M M 7.4 24 190 M M 2 3 31 190
23 72 38 55 3 10 0 0.00 M M 9.0 28 210 M M 2 43 260
24 69 37 53 1 12 0 0.00 M M 8.2 21 310 M M 0 31 300
25 74 30 52 0 13 0 0.00 M M 7.6 24 270 M M 0 37 280
26 76 35 56 4 9 0 0.00 M M 7.3 25 270 M M 0 37 210
27 75 42 59 6 6 0 T M M 9.6 32 210 M M 3 55 190
28 75 37 56 3 9 0 0.00 M M 7.3 26 200 M M 0 39 210
29 74 34 54 1 11 0 0.00 M M 6.8 30 180 M M 1 43 180
30 66 38 52 -1 13 0 0.01 M M 7.6 28 10 M M 4 3 42 360
================================================================================
SM 1972 1037 439 0 1.06 M 193.8 M 107
================================================================================
AV 65.7 34.6 6.5 FASTST M M 4 MAX(MPH)
MISC ----> 32 210 55 190
================================================================================
NOTES:
# LAST OF SEVERAL OCCURRENCES
COLUMN 17 PEAK WIND IN M.P.H.
PRELIMINARY LOCAL CLIMATOLOGICAL DATA (WS FORM: F-6) , PAGE 2
STATION: LEADVILLE CO
MONTH: JUNE
YEAR: 2023
LATITUDE: 39 15 N
LONGITUDE: 106 18 W
[TEMPERATURE DATA] [PRECIPITATION DATA] SYMBOLS USED IN COLUMN 16
AVERAGE MONTHLY: 50.1 TOTAL FOR MONTH: 1.06 1 = FOG OR MIST
DPTR FM NORMAL: 0.0 DPTR FM NORMAL: 0.24 2 = FOG REDUCING VISIBILITY
HIGHEST: 76 ON 26 GRTST 24HR 0.45 ON 16-17 TO 1/4 MILE OR LESS
LOWEST: 30 ON 25,13 3 = THUNDER
SNOW, ICE PELLETS, HAIL 4 = ICE PELLETS
TOTAL MONTH: M 5 = HAIL
GRTST 24HR M ON M 6 = FREEZING RAIN OR DRIZZLE
GRTST DEPTH: M ON M 7 = DUSTSTORM OR SANDSTORM:
VSBY 1/2 MILE OR LESS
8 = SMOKE OR HAZE
[NO. OF DAYS WITH] [WEATHER - DAYS WITH] 9 = BLOWING SNOW
X = TORNADO
MAX 32 OR BELOW: 0 0.01 INCH OR MORE: 11
MAX 90 OR ABOVE: 0 0.10 INCH OR MORE: 5
MIN 32 OR BELOW: 7 0.50 INCH OR MORE: 0
MIN 0 OR BELOW: 0 1.00 INCH OR MORE: 0
[HDD (BASE 65) ]
TOTAL THIS MO. 439 CLEAR (SCALE 0-3) 16
DPTR FM NORMAL -8 PTCLDY (SCALE 4-7) 12
TOTAL FM JUL 1 11198 CLOUDY (SCALE 8-10) 2
DPTR FM NORMAL 137
[CDD (BASE 65) ]
TOTAL THIS MO. 0
DPTR FM NORMAL 0 [PRESSURE DATA]
TOTAL FM JAN 1 0 HIGHEST SLP 30.10 ON 30
DPTR FM NORMAL 0 LOWEST SLP 29.59 ON 27
[REMARKS]
#FINAL-06-23#