000
CXUS51 KRNK 011832
CLSLYH
CLIMATE REPORT
NATIONAL WEATHER SERVICE BLACKSBURG, VA
232 PM EDT WED JUN 01 2022
...................................
...THE LYNCHBURG VA CLIMATE SUMMARY FOR THE SEASON, FROM
3/1/2022 TO 5/31/2022...
CLIMATE NORMAL PERIOD: 1991 TO 2020
CLIMATE RECORD PERIOD: 1893 TO 2022
WEATHER OBSERVED NORMAL DEPART LAST YEAR`S
VALUE DATE(S) VALUE FROM VALUE
NORMAL
..............................................................
TEMPERATURE (F)
RECORD
HIGH 100 05/22/1941
LOW 5 03/03/2009
HIGHEST 94 05/20 93
LOWEST 18 03/13 22
AVG. MAXIMUM 71.4 67.6 3.8 70.3
AVG. MINIMUM 46.4 43.5 2.9 44.2
MEAN 58.9 55.6 3.3 57.3
DAYS MAX >= 90 5 0.9 4.1 2
DAYS MAX <= 32 0 0.2 -0.2 0
DAYS MIN <= 32 12 15.6 -3.6 13
DAYS MIN <= 0 0 0.0 0.0 0
PRECIPITATION (INCHES)
RECORD
MAXIMUM 18.09 1975
MINIMUM 3.94 1915
TOTALS 11.86 11.19 0.67 7.60
DAYS >= .01 27 33.4 -6.4 28
DAYS >= .10 18 21.5 -3.5 17
DAYS >= .50 8 7.5 0.5 5
DAYS >= 1.00 5 2.5 2.5 1
GREATEST
24 HR. TOTAL 2.56 1.30
SNOWFALL (INCHES)
TOTALS T 2.5 -2.5 T
DAYS >= TRACE 2 1.3 0.7 1
DAYS >= 1.0 0 0.6 -0.6 0
GREATEST
24 HR TOTAL 0.0 0.0
DEGREE DAYS
HEATING TOTAL 721 968 -247 812
COOLING TOTAL 187 101 86 123
..............................................................
WIND (MPH)
AVERAGE WIND SPEED 5.8
RESULTANT WIND SPEED/DIRECTION 1/190
HIGHEST WIND SPEED/DIRECTION 33/170 DATE 03/31
HIGHEST GUST SPEED/DIRECTION 47/170 DATE 03/31
SKY COVER
AVERAGE SKY COVER 0.36
AVERAGE RH (PERCENT) 60
WEATHER CONDITIONS. NUMBER OF DAYS WITH
THUNDERSTORM 9 MIXED PRECIP 0
HEAVY RAIN 9 RAIN 15
LIGHT RAIN 41 FREEZING RAIN 0
LT FREEZING RAIN 0 HAIL 0
HEAVY SNOW 0 SNOW 0
LIGHT SNOW 1 SLEET 1
FOG 37 FOG W/VIS <= 1/4 MILE 11
HAZE 0
- INDICATES NEGATIVE NUMBERS.
R INDICATES RECORD WAS SET OR TIED.
MM INDICATES DATA IS MISSING.
T INDICATES TRACE AMOUNT.
$$
RCS